046
CDUS44 KMRX 202115
CLITYS


CLIMATE REPORT
NATIONAL WEATHER SERVICE MORRISTOWN TN
515 PM EDT SUN AUG 20 2017


...................................

...THE KNOXVILLE    ASOS CLIMATE SUMMARY FOR AUGUST 20 2017...
VALID TODAY AS OF 0500 PM LOCAL TIME.

CLIMATE NORMAL PERIOD 1981 TO 2010
CLIMATE RECORD PERIOD 1871 TO 2017


WEATHER ITEM   OBSERVED TIME   RECORD YEAR NORMAL DEPARTURE LAST
                VALUE   (LST)  VALUE       VALUE  FROM      YEAR
                                                  NORMAL
..................................................................
TEMPERATURE (F)
 TODAY
  MAXIMUM         90    359 PM  99    1936  88      2       87
  MINIMUM         66    637 AM  56    1943  68     -2       72
  AVERAGE         78                        78      0       80

PRECIPITATION (IN)
  TODAY            0.00          1.77 1931   0.10  -0.10     0.18
  MONTH TO DATE    5.00                      2.27   2.73     2.13
  SINCE JUN 1     12.44                     11.16   1.28    11.36
  SINCE JAN 1     36.57                     32.60   3.97    30.62

SNOWFALL (IN)
  TODAY            0.0                       0.0    0.0      0.0
  MONTH TO DATE    0.0                       0.0    0.0      0.0
  SINCE JUN 1      0.0                       0.0    0.0      0.0
  SINCE JUL 1      0.0                       0.0    0.0      0.0
  SNOW DEPTH       0

DEGREE DAYS
 HEATING
  TODAY            0                         0      0        0
  MONTH TO DATE    0                         0      0        0
  SINCE JUN 1      0                         4     -4        0
  SINCE JUL 1      0                         0      0        0

 COOLING
  TODAY           13                        13      0       15
  MONTH TO DATE  240                       260    -20      347
  SINCE JUN 1    929                       982    -53     1271
  SINCE JAN 1   1177                      1144     33     1482
..................................................................


WIND (MPH)
  HIGHEST WIND SPEED     9   HIGHEST WIND DIRECTION    NW (310)
  HIGHEST GUST SPEED    13   HIGHEST GUST DIRECTION    NW (310)
  AVERAGE WIND SPEED     1.2


SKY COVER
  POSSIBLE SUNSHINE  MM
  AVERAGE SKY COVER 0.1


WEATHER CONDITIONS
 THE FOLLOWING WEATHER WAS RECORDED TODAY.
  FOG


RELATIVE HUMIDITY (PERCENT)
 HIGHEST    93           500 AM
 LOWEST     38           400 PM
 AVERAGE    66

..........................................................


THE KNOXVILLE    ASOS CLIMATE NORMALS FOR TOMORROW
                         NORMAL    RECORD    YEAR
 MAXIMUM TEMPERATURE (F)   88       101      1983
 MINIMUM TEMPERATURE (F)   68        57      1893
                                             1875


SUNRISE AND SUNSET
AUGUST 20 2017........SUNRISE   659 AM EDT   SUNSET   819 PM EDT
AUGUST 21 2017........SUNRISE   700 AM EDT   SUNSET   818 PM EDT


-  INDICATES NEGATIVE NUMBERS.
R  INDICATES RECORD WAS SET OR TIED.
MM INDICATES DATA IS MISSING.
T  INDICATES TRACE AMOUNT.




$$
