000
CDUS44 KMRX 221231
CLITYS

CLIMATE REPORT NATIONAL WEATHER SERVICE MORRISTOWN TN
831 AM EDT FRI AUG 22 2014

...................................

...THE KNOXVILLE  CLIMATE SUMMARY FOR AUGUST 21 2014...

CLIMATE NORMAL PERIOD 1981 TO 2010
CLIMATE RECORD PERIOD 1871 TO 2014


WEATHER ITEM   OBSERVED TIME   RECORD YEAR NORMAL DEPARTURE LAST
                VALUE   (LST)  VALUE       VALUE  FROM      YEAR
                                                  NORMAL
..................................................................
TEMPERATURE (F)
 YESTERDAY
  MAXIMUM         88    500 PM 101    1983  88      0       81
  MINIMUM         64    432 AM  57    1893  68     -4       70
                                      1875
  AVERAGE         76                        78     -2       76

PRECIPITATION (IN)
  YESTERDAY        0.00          1.36 1908   0.10  -0.10     0.03
  MONTH TO DATE    3.28                      2.37   0.91     2.74
  SINCE JUN 1     12.50                     11.26   1.24    19.49
  SINCE JAN 1     28.53                     32.70  -4.17    50.91

SNOWFALL (IN)
  YESTERDAY        0.0                       0.0    0.0      0.0
  MONTH TO DATE    0.0                       0.0    0.0      0.0
  SINCE JUN 1      0.0                       0.0    0.0      0.0
  SINCE JUL 1      0.0                       0.0    0.0      0.0
  SNOW DEPTH       0

DEGREE DAYS
 HEATING
  YESTERDAY        0                         0      0        0
  MONTH TO DATE    0                         0      0        0
  SINCE JUN 1      0                         4     -4        0
  SINCE JUL 1      0                         0      0        0

 COOLING
  YESTERDAY       11                        13     -2       11
  MONTH TO DATE  214                       273    -59      235
  SINCE JUN 1    861                       995   -134      905
  SINCE JAN 1   1066                      1157    -91     1061
..................................................................


WIND (MPH)
  HIGHEST WIND SPEED    12   HIGHEST WIND DIRECTION    SW (230)
  HIGHEST GUST SPEED    22   HIGHEST GUST DIRECTION    SW (210)
  AVERAGE WIND SPEED     3.2


SKY COVER
  POSSIBLE SUNSHINE  MM
  AVERAGE SKY COVER  MM


WEATHER CONDITIONS
 THE FOLLOWING WEATHER WAS RECORDED YESTERDAY.
  FOG
  FOG W/VISIBILITY <= 1/4 MILE


RELATIVE HUMIDITY (PERCENT)
 HIGHEST   100           100 AM
 LOWEST     59           200 PM
 AVERAGE    80

..........................................................


THE KNOXVILLE    ASOS CLIMATE NORMALS FOR TODAY
                         NORMAL    RECORD    YEAR
 MAXIMUM TEMPERATURE (F)   88        99      2007
                                             1983
                                             1968
 MINIMUM TEMPERATURE (F)   67        53      1956


SUNRISE AND SUNSET
AUGUST 22 2014........SUNRISE   700 AM EDT   SUNSET   817 PM EDT
AUGUST 23 2014........SUNRISE   701 AM EDT   SUNSET   816 PM EDT


-  INDICATES NEGATIVE NUMBERS.
R  INDICATES RECORD WAS SET OR TIED.
MM INDICATES DATA IS MISSING.
T  INDICATES TRACE AMOUNT.

&&

THE LOW TEMPERATURE THIS MORNING WAS 71.
THERE HAS BEEN NO PRECIPITATION SINCE MIDNIGHT.


$$
