000
CDUS44 KMRX 022122
CLITYS

CLIMATE REPORT NATIONAL WEATHER SERVICE MORRISTOWN TN
522 PM EDT TUE JUN 2 2015

...................................

...THE KNOXVILLE  CLIMATE SUMMARY FOR JUNE 2 2015... VALID TODAY AS
OF 0500 PM LOCAL TIME.

CLIMATE NORMAL PERIOD 1981 TO 2010
CLIMATE RECORD PERIOD 1871 TO 2015


WEATHER ITEM   OBSERVED TIME   RECORD YEAR NORMAL DEPARTURE LAST
                VALUE   (LST)  VALUE       VALUE  FROM      YEAR
                                                  NORMAL
..................................................................
TEMPERATURE (F)
 TODAY
  MAXIMUM         80    226 PM  98    1951  82     -2       85
  MINIMUM         63    615 AM  46    1983  61      2       61
                                      1889
  AVERAGE         72                        72      0       73

PRECIPITATION (IN)
  TODAY            T             2.50 2013   0.12  -0.12     0.00
  MONTH TO DATE    T                         0.25  -0.25     0.00
  SINCE JUN 1      T                         0.25  -0.25     0.00
  SINCE JAN 1     17.48                     21.69  -4.21    16.03

SNOWFALL (IN)
  TODAY            0.0                       0.0    0.0      0.0
  MONTH TO DATE    0.0                       0.0    0.0      0.0
  SINCE JUN 1      0.0                       0.0    0.0      0.0
  SINCE JUL 1      9.3                       6.5    2.8     12.4
  SNOW DEPTH       0

DEGREE DAYS
 HEATING
  TODAY            0                         0      0        0
  MONTH TO DATE    0                         0      0        0
  SINCE JUN 1      0                         0      0        0
  SINCE JUL 1   3845                      3633    212     3797

 COOLING
  TODAY            7                         7      0        8
  MONTH TO DATE   15                        14      1       20
  SINCE JUN 1     15                        14      1       20
  SINCE JAN 1    249                       176     73      225
..................................................................


WIND (MPH)
  HIGHEST WIND SPEED    15   HIGHEST WIND DIRECTION    NW (330)
  HIGHEST GUST SPEED    21   HIGHEST GUST DIRECTION     W (290)
  AVERAGE WIND SPEED     3.7


SKY COVER
  POSSIBLE SUNSHINE  MM
  AVERAGE SKY COVER 0.7


WEATHER CONDITIONS
 THE FOLLOWING WEATHER WAS RECORDED TODAY.
  THUNDERSTORM
  LIGHT RAIN


RELATIVE HUMIDITY (PERCENT)
 HIGHEST    93           500 AM
 LOWEST     52           100 PM
 AVERAGE    73

..........................................................


THE KNOXVILLE    ASOS CLIMATE NORMALS FOR TOMORROW
                         NORMAL    RECORD    YEAR
 MAXIMUM TEMPERATURE (F)   83        96      1951
                                             1895
 MINIMUM TEMPERATURE (F)   61        43      1956


SUNRISE AND SUNSET
JUNE  2 2015..........SUNRISE   621 AM EDT   SUNSET   847 PM EDT
JUNE  3 2015..........SUNRISE   621 AM EDT   SUNSET   848 PM EDT


-  INDICATES NEGATIVE NUMBERS.
R  INDICATES RECORD WAS SET OR TIED.
MM INDICATES DATA IS MISSING.
T  INDICATES TRACE AMOUNT.




$$
