000
CDUS44 KMRX 192218
CLITYS

CLIMATE REPORT NATIONAL WEATHER SERVICE MORRISTOWN TN
517 PM EST FRI DEC 19 2014

...................................

...THE KNOXVILLE  CLIMATE SUMMARY FOR DECEMBER 19 2014... VALID
TODAY AS OF 500 PM LOCAL TIME.

CLIMATE NORMAL PERIOD 1981 TO 2010
CLIMATE RECORD PERIOD 1871 TO 2014


WEATHER ITEM   OBSERVED TIME   RECORD YEAR NORMAL DEPARTURE LAST
                VALUE   (LST)  VALUE       VALUE  FROM      YEAR
                                                  NORMAL
..................................................................
TEMPERATURE (F)
 TODAY
  MAXIMUM         46    256 PM  69    1967  49     -3       58
                                      1889
  MINIMUM         31    808 AM   5    1884  31      0       26
  AVERAGE         39                        40     -1       42

PRECIPITATION (IN)
  TODAY            0.00          2.52 1872   0.14  -0.14     0.00
  MONTH TO DATE    1.79                      2.86  -1.07     4.76
  SINCE DEC 1      1.79                      2.86  -1.07     4.76
  SINCE JAN 1     39.22                     46.22  -7.00    65.88

SNOWFALL (IN)
  TODAY            0.0                       0.0    0.0      0.0
  MONTH TO DATE    0.0                       0.3   -0.3      0.0
  SINCE DEC 1      0.0                       0.3   -0.3      0.0
  SINCE JUL 1      T                         0.3   -0.3      0.8
  SNOW DEPTH       0

DEGREE DAYS
 HEATING
  TODAY           26                        25      1       23
  MONTH TO DATE  413                       440    -27      396
  SINCE DEC 1    413                       440    -27      396
  SINCE JUL 1   1239                      1121    118     1086

 COOLING
  TODAY            0                         0      0        0
  MONTH TO DATE    0                         0      0        4
  SINCE DEC 1      0                         0      0        4
  SINCE JAN 1   1486                      1526    -40     1449
..................................................................


WIND (MPH)
  HIGHEST WIND SPEED    12   HIGHEST WIND DIRECTION     N (350)
  HIGHEST GUST SPEED    14   HIGHEST GUST DIRECTION     N (10)
  AVERAGE WIND SPEED     3.7


SKY COVER
  POSSIBLE SUNSHINE  MM
  AVERAGE SKY COVER  MM


WEATHER CONDITIONS
 THE FOLLOWING WEATHER WAS RECORDED TODAY.
  NO SIGNIFICANT WEATHER WAS OBSERVED.


RELATIVE HUMIDITY (PERCENT)
 HIGHEST    82           500 AM
 LOWEST     45           300 PM
 AVERAGE    64

..........................................................


THE KNOXVILLE    ASOS CLIMATE NORMALS FOR TOMORROW
                         NORMAL    RECORD    YEAR
 MAXIMUM TEMPERATURE (F)   49        71      1978
                                             1967
 MINIMUM TEMPERATURE (F)   31         5      1901


SUNRISE AND SUNSET
DECEMBER 19 2014......SUNRISE   741 AM EST   SUNSET   525 PM EST
DECEMBER 20 2014......SUNRISE   742 AM EST   SUNSET   525 PM EST


-  INDICATES NEGATIVE NUMBERS.
R  INDICATES RECORD WAS SET OR TIED.
MM INDICATES DATA IS MISSING.
T  INDICATES TRACE AMOUNT.




$$
