000
CDUS44 KMRX 302124
CLITYS

CLIMATE REPORT NATIONAL WEATHER SERVICE MORRISTOWN TN
524 PM EDT THU OCT 30 2014

...................................

...THE KNOXVILLE  CLIMATE SUMMARY FOR OCTOBER 30 2014... VALID TODAY
AS OF 0500 PM LOCAL TIME.

CLIMATE NORMAL PERIOD 1981 TO 2010
CLIMATE RECORD PERIOD 1871 TO 2014


WEATHER ITEM   OBSERVED TIME   RECORD YEAR NORMAL DEPARTURE LAST
                VALUE   (LST)  VALUE       VALUE  FROM      YEAR
                                                  NORMAL
..................................................................
TEMPERATURE (F)
 TODAY
  MAXIMUM         62    343 PM  83    1950  67     -5       80
  MINIMUM         38    537 AM  24    1910  44     -6       60
  AVERAGE         50                        55     -5       70

PRECIPITATION (IN)
  TODAY            0.00          2.09 1949   0.09  -0.09     0.00
  MONTH TO DATE    5.65                      2.42   3.23     0.91
  SINCE SEP 1      5.84                      5.66   0.18     5.33
  SINCE JAN 1     35.10                     39.26  -4.16    56.71

SNOWFALL (IN)
  TODAY            0.0                       0.0    0.0      0.0
  MONTH TO DATE    0.0                       0.0    0.0      0.0
  SINCE SEP 1      0.0                       0.0    0.0      0.0
  SINCE JUL 1      0.0                       0.0    0.0      0.0
  SNOW DEPTH       0

DEGREE DAYS
 HEATING
  TODAY           15                        10      5        0
  MONTH TO DATE  156                       184    -28      154
  SINCE SEP 1    157                       207    -50      155
  SINCE JUL 1    157                       207    -50      155

 COOLING
  TODAY            0                         0      0        5
  MONTH TO DATE   36                        37     -1       56
  SINCE SEP 1    287                       243     44      254
  SINCE JAN 1   1486                      1524    -38     1441
..................................................................


WIND (MPH)
  HIGHEST WIND SPEED     7   HIGHEST WIND DIRECTION     W (250)
  HIGHEST GUST SPEED    10   HIGHEST GUST DIRECTION     W (250)
  AVERAGE WIND SPEED     1.1


SKY COVER
  POSSIBLE SUNSHINE  MM
  AVERAGE SKY COVER  MM


WEATHER CONDITIONS
 THE FOLLOWING WEATHER WAS RECORDED TODAY.
  FOG


RELATIVE HUMIDITY (PERCENT)
 HIGHEST    93           400 AM
 LOWEST     46           200 PM
 AVERAGE    70

..........................................................


THE KNOXVILLE    ASOS CLIMATE NORMALS FOR TOMORROW
                         NORMAL    RECORD    YEAR
 MAXIMUM TEMPERATURE (F)   66        84      1950
 MINIMUM TEMPERATURE (F)   44        28      1954
                                             1917
                                             1910


SUNRISE AND SUNSET
OCTOBER 30 2014.......SUNRISE   756 AM EDT   SUNSET   642 PM EDT
OCTOBER 31 2014.......SUNRISE   757 AM EDT   SUNSET   641 PM EDT


-  INDICATES NEGATIVE NUMBERS.
R  INDICATES RECORD WAS SET OR TIED.
MM INDICATES DATA IS MISSING.
T  INDICATES TRACE AMOUNT.




$$
