000
CDUS44 KMRX 270814
CLITYS


CLIMATE REPORT
NATIONAL WEATHER SERVICE MORRISTOWN TN
414 AM EDT TUE JUN 27 2017


...................................

...THE KNOXVILLE    ASOS CLIMATE SUMMARY FOR JUNE 26 2017...

CLIMATE NORMAL PERIOD 1981 TO 2010
CLIMATE RECORD PERIOD 1871 TO 2017


WEATHER ITEM   OBSERVED TIME   RECORD YEAR NORMAL DEPARTURE LAST
                VALUE   (LST)  VALUE       VALUE  FROM      YEAR
                                                  NORMAL
..................................................................
TEMPERATURE (F)
 YESTERDAY
  MAXIMUM         78   1223 PM 101    1988  87     -9       94
  MINIMUM         56    546 AM  50    1974  67    -11       69
  AVERAGE         67                        77    -10       82

PRECIPITATION (IN)
  YESTERDAY        T             1.45 1994   0.14  -0.14     0.00
  MONTH TO DATE    4.05                      3.23   0.82     4.17
  SINCE JUN 1      4.05                      3.23   0.82     4.17
  SINCE JAN 1     28.18                     24.67   3.51    23.43

SNOWFALL (IN)
  YESTERDAY        0.0                       0.0    0.0      0.0
  MONTH TO DATE    0.0                       0.0    0.0      0.0
  SINCE JUN 1      0.0                       0.0    0.0      0.0
  SINCE JUL 1      2.3                       6.5   -4.2      5.2
  SNOW DEPTH       0

DEGREE DAYS
 HEATING
  YESTERDAY        0                         0      0        0
  MONTH TO DATE    0                         0      0        0
  SINCE JUN 1      0                         0      0        0
  SINCE JUL 1   2591                      3633  -1042     2955

 COOLING
  YESTERDAY        2                        12    -10       17
  MONTH TO DATE  232                       254    -22      338
  SINCE JUN 1    232                       254    -22      338
  SINCE JAN 1    480                       416     64      549
..................................................................


WIND (MPH)
  HIGHEST WIND SPEED    13   HIGHEST WIND DIRECTION    SW (240)
  HIGHEST GUST SPEED    16   HIGHEST GUST DIRECTION    SW (230)
  AVERAGE WIND SPEED     4.1


SKY COVER
  POSSIBLE SUNSHINE  MM
  AVERAGE SKY COVER 0.4


WEATHER CONDITIONS
 THE FOLLOWING WEATHER WAS RECORDED YESTERDAY.
  NO SIGNIFICANT WEATHER WAS OBSERVED.


RELATIVE HUMIDITY (PERCENT)
 HIGHEST    84           700 AM
 LOWEST     43          1200 PM
 AVERAGE    64

..........................................................


THE KNOXVILLE    ASOS CLIMATE NORMALS FOR TODAY
                         NORMAL    RECORD    YEAR
 MAXIMUM TEMPERATURE (F)   88       101      1952
                                             1931
 MINIMUM TEMPERATURE (F)   67        54      1961


SUNRISE AND SUNSET
JUNE 27 2017..........SUNRISE   622 AM EDT   SUNSET   856 PM EDT
JUNE 28 2017..........SUNRISE   622 AM EDT   SUNSET   856 PM EDT


-  INDICATES NEGATIVE NUMBERS.
R  INDICATES RECORD WAS SET OR TIED.
MM INDICATES DATA IS MISSING.
T  INDICATES TRACE AMOUNT.




$$
