000
CDUS43 KLOT 170634
CLIUGN


CLIMATE REPORT
NATIONAL WEATHER SERVICE CHICAGO IL
133 AM CDT TUE OCT 17 2017


...................................

...THE WAUKEGAN   CLIMATE SUMMARY FOR OCTOBER 16 2017...

CLIMATE NORMAL PERIOD 1981 TO 2010
CLIMATE RECORD PERIOD 2000 TO 2017


WEATHER ITEM   OBSERVED TIME   RECORD YEAR NORMAL DEPARTURE LAST
                VALUE   (LST)  VALUE       VALUE  FROM      YEAR
                                                  NORMAL
..................................................................
TEMPERATURE (F)
 YESTERDAY
  MAXIMUM         62    255 PM  72    2016  60      2       72
  MINIMUM         41   1227 AM  29    2002  42     -1       62
  AVERAGE         52                        51      1       67

PRECIPITATION (IN)
  YESTERDAY        0.00          0.48 2007   0.08  -0.08     0.44
  MONTH TO DATE    4.39                      1.56   2.83     1.33
  SINCE SEP 1      4.82                      5.02  -0.20     3.44
  SINCE JAN 1     33.66                     29.47   4.19    22.75

DEGREE DAYS
 HEATING
  YESTERDAY       13                        14     -1        0
  MONTH TO DATE   74                       195   -121      103
  SINCE SEP 1    177                       333   -156      135
  SINCE JUL 1    199                       361   -162      146

 COOLING
  YESTERDAY        0                         0      0        2
  MONTH TO DATE   18                         7     11        4
  SINCE SEP 1    121                        62     59      129
  SINCE JAN 1    567                       564      3      844
..................................................................


WIND (MPH)
  RESULTANT WIND SPEED   3   RESULTANT WIND DIRECTION  SW (220)
  HIGHEST WIND SPEED    14   HIGHEST WIND DIRECTION    SW (230)
  HIGHEST GUST SPEED    18   HIGHEST GUST DIRECTION    SW (230)
  AVERAGE WIND SPEED     4.4


SKY COVER
  POSSIBLE SUNSHINE  MM
  AVERAGE SKY COVER 0.2


WEATHER CONDITIONS
 THE FOLLOWING WEATHER WAS RECORDED YESTERDAY.
  NO SIGNIFICANT WEATHER WAS OBSERVED.


RELATIVE HUMIDITY (PERCENT)
 HIGHEST    92
 LOWEST     39
 AVERAGE    66

..........................................................


THE WAUKEGAN   CLIMATE NORMALS FOR TODAY
                         NORMAL    RECORD    YEAR
 MAXIMUM TEMPERATURE (F)   60        81      2016
 MINIMUM TEMPERATURE (F)   42        29      2015


SUNRISE AND SUNSET
OCTOBER 17 2017.......SUNRISE   707 AM CDT   SUNSET   606 PM CDT
OCTOBER 18 2017.......SUNRISE   708 AM CDT   SUNSET   604 PM CDT


-  INDICATES NEGATIVE NUMBERS.
R  INDICATES RECORD WAS SET OR TIED.
MM INDICATES DATA IS MISSING.
T  INDICATES TRACE AMOUNT.




$$
