000
CDUS43 KLOT 190632
CLIUGN


CLIMATE REPORT
NATIONAL WEATHER SERVICE CHICAGO IL
132 AM CDT SAT APR 19 2014


...................................

...THE WAUKEGAN   CLIMATE SUMMARY FOR APRIL 18 2014...

CLIMATE NORMAL PERIOD 1981 TO 2010
CLIMATE RECORD PERIOD 2000 TO 2014


WEATHER ITEM   OBSERVED TIME   RECORD YEAR NORMAL DEPARTURE LAST
                VALUE   (LST)  VALUE       VALUE  FROM      YEAR
                                                  NORMAL
..................................................................
TEMPERATURE (F)
 YESTERDAY
  MAXIMUM         45   1013 AM  89    2002  56    -11       63
  MINIMUM         34    828 PM  24    2001  38     -4       39
  AVERAGE         40

PRECIPITATION (IN)
  YESTERDAY        0.00          1.93 2013   0.12  -0.12     1.93
  MONTH TO DATE    1.48                      1.91  -0.43     6.87
  SINCE MAR 1      2.24                      4.23  -1.99     8.13
  SINCE JAN 1      4.26                      7.28  -3.02    10.29

DEGREE DAYS
 HEATING
  YESTERDAY       25                        18      7       14
  MONTH TO DATE  420                       384     36      419
  SINCE MAR 1   1559                      1308    251     1498
  SINCE JUL 1   7428                      6254   1174     6099

 COOLING
  YESTERDAY        0                         0      0        0
  MONTH TO DATE    0                         0      0        0
  SINCE MAR 1      0                         0      0        0
  SINCE JAN 1      0                         0      0        0
..................................................................


WIND (MPH)
  RESULTANT WIND SPEED   8   RESULTANT WIND DIRECTION   N (20)
  HIGHEST WIND SPEED    17   HIGHEST WIND DIRECTION     N (20)
  HIGHEST GUST SPEED    21   HIGHEST GUST DIRECTION     N (20)
  AVERAGE WIND SPEED     8.9


SKY COVER
  POSSIBLE SUNSHINE  MM
  AVERAGE SKY COVER 0.1


WEATHER CONDITIONS
 THE FOLLOWING WEATHER WAS RECORDED YESTERDAY.
  FOG
  HAZE


RELATIVE HUMIDITY (PERCENT)
 HIGHEST    89
 LOWEST     62
 AVERAGE    76

..........................................................


THE WAUKEGAN   CLIMATE NORMALS FOR TODAY
                         NORMAL    RECORD    YEAR
 MAXIMUM TEMPERATURE (F)   57        80      2005
 MINIMUM TEMPERATURE (F)   38        31      2010


SUNRISE AND SUNSET
APRIL 19 2014.........SUNRISE   604 AM CDT   SUNSET   738 PM CDT
APRIL 20 2014.........SUNRISE   603 AM CDT   SUNSET   739 PM CDT


-  INDICATES NEGATIVE NUMBERS.
R  INDICATES RECORD WAS SET OR TIED.
MM INDICATES DATA IS MISSING.
T  INDICATES TRACE AMOUNT.




$$
