000
CDUS46 KSEW 040826
CLIUIL


CLIMATE REPORT
NATIONAL WEATHER SERVICE SEATTLE WA
125 AM PDT SAT JUL 4 2015


...................................

...THE QUILLAYUTE WA AIRPORT CLIMATE SUMMARY FOR JULY 3 2015...

CLIMATE NORMAL PERIOD 1981 TO 2010
CLIMATE RECORD PERIOD 1966 TO 2015


WEATHER ITEM   OBSERVED TIME   RECORD YEAR NORMAL DEPARTURE LAST
                VALUE   (LST)  VALUE       VALUE  FROM      YEAR
                                                  NORMAL
..................................................................
TEMPERATURE (F)
 YESTERDAY
  MAXIMUM         74    208 PM  88    1972  66      8       66
  MINIMUM         50    230 AM  39    1988  50      0       49
  AVERAGE         62                        58      4       58

PRECIPITATION (IN)
  YESTERDAY        0.00          2.57 1980   0.08  -0.08     0.02
  MONTH TO DATE    0.00                      0.24  -0.24     0.02
  SINCE OCT 1     86.35                     91.49  -5.14    71.59
  SINCE JAN 1     41.60                     52.49 -10.89    54.36

DEGREE DAYS
 HEATING
  YESTERDAY        3                         8     -5        7
  MONTH TO DATE    3                        24    -21       10
  SINCE JUN 1    193                       318   -125      259
  SINCE JUL 1      3                        24    -21       10

 COOLING
  YESTERDAY        0                         0      0        0
  MONTH TO DATE    2                         0      2        6
  SINCE JUN 1     15                         3     12        6
  SINCE JAN 1     15                         4     11       10
..................................................................


WIND (MPH)
  RESULTANT WIND SPEED   3   RESULTANT WIND DIRECTION  SW (230)
  HIGHEST WIND SPEED    12   HIGHEST WIND DIRECTION    SW (220)
  HIGHEST GUST SPEED    16   HIGHEST GUST DIRECTION    SW (210)
  AVERAGE WIND SPEED     4.3


SKY COVER
  AVERAGE SKY COVER 0.6


WEATHER CONDITIONS
 THE FOLLOWING WEATHER WAS RECORDED YESTERDAY.
  FOG
  FOG W/VISIBILITY <= 1/4 MILE


RELATIVE HUMIDITY (PERCENT)
 HIGHEST   100          1200 AM
 LOWEST     57          1200 PM
 AVERAGE    79

..........................................................


THE QUILLAYUTE WA AIRPORT CLIMATE NORMALS FOR TODAY
                         NORMAL    RECORD    YEAR
 MAXIMUM TEMPERATURE (F)   66        92      1975
 MINIMUM TEMPERATURE (F)   50        40      2011
                                             1988
                                             1986


SUNRISE AND SUNSET
JULY  4 2015..........SUNRISE   525 AM PDT   SUNSET   920 PM PDT
JULY  5 2015..........SUNRISE   526 AM PDT   SUNSET   920 PM PDT


-  INDICATES NEGATIVE NUMBERS.
R  INDICATES RECORD WAS SET OR TIED.
MM INDICATES DATA IS MISSING.
T  INDICATES TRACE AMOUNT.




$$
