000
CDUS46 KSEW 220833
CLIUIL


CLIMATE REPORT
NATIONAL WEATHER SERVICE SEATTLE WA
1232 AM PST SUN JAN 22 2017


...................................

...THE QUILLAYUTE WA AIRPORT CLIMATE SUMMARY FOR JANUARY 21 2017...

CLIMATE NORMAL PERIOD 1981 TO 2010
CLIMATE RECORD PERIOD 1966 TO 2017


WEATHER ITEM   OBSERVED TIME   RECORD YEAR NORMAL DEPARTURE LAST
                VALUE   (LST)  VALUE       VALUE  FROM      YEAR
                                                  NORMAL
..................................................................
TEMPERATURE (F)
 YESTERDAY
  MAXIMUM         47    359 PM  69    2005  48     -1       54
  MINIMUM         39   1159 PM  17    1969  36      3       49
  AVERAGE         43                        42      1       52

PRECIPITATION (IN)
  YESTERDAY        0.01          2.50 2016   0.48  -0.47     2.50
  MONTH TO DATE    7.33                     10.20  -2.87     8.50
  SINCE OCT 1     67.26                     49.20  18.06    52.48
  SINCE JAN 1      7.33                     10.20  -2.87     8.50

DEGREE DAYS
 HEATING
  YESTERDAY       22                        23     -1       13
  MONTH TO DATE  594                       495     99      461
  SINCE DEC 1   1455                      1259    196     1129
  SINCE JUL 1   2882                      2973    -91     2440

 COOLING
  YESTERDAY        0                         0      0        0
  MONTH TO DATE    0                         0      0        0
  SINCE DEC 1      0                         0      0        0
  SINCE JAN 1      0                         0      0        0
..................................................................


WIND (MPH)
  RESULTANT WIND SPEED   5   RESULTANT WIND DIRECTION   E (90)
  HIGHEST WIND SPEED    13   HIGHEST WIND DIRECTION    SE (150)
  HIGHEST GUST SPEED    18   HIGHEST GUST DIRECTION    SE (140)
  AVERAGE WIND SPEED     6.2


SKY COVER
  AVERAGE SKY COVER 0.9


WEATHER CONDITIONS
 THE FOLLOWING WEATHER WAS RECORDED YESTERDAY.
  LIGHT RAIN


RELATIVE HUMIDITY (PERCENT)
 HIGHEST   100           200 AM
 LOWEST     83           600 PM
 AVERAGE    92

..........................................................


THE QUILLAYUTE WA AIRPORT CLIMATE NORMALS FOR TODAY
                         NORMAL    RECORD    YEAR
 MAXIMUM TEMPERATURE (F)   48        63      1981
 MINIMUM TEMPERATURE (F)   36        12      1969


SUNRISE AND SUNSET
JANUARY 22 2017.......SUNRISE   757 AM PST   SUNSET   504 PM PST
JANUARY 23 2017.......SUNRISE   756 AM PST   SUNSET   505 PM PST


-  INDICATES NEGATIVE NUMBERS.
R  INDICATES RECORD WAS SET OR TIED.
MM INDICATES DATA IS MISSING.
T  INDICATES TRACE AMOUNT.




$$
