000
CDUS46 KSEW 200838
CLIUIL


CLIMATE REPORT
NATIONAL WEATHER SERVICE SEATTLE WA
138 AM PDT THU JUL 20 2017


...................................

...THE QUILLAYUTE WA AIRPORT CLIMATE SUMMARY FOR JULY 19 2017...

CLIMATE NORMAL PERIOD 1981 TO 2010
CLIMATE RECORD PERIOD 1966 TO 2017


WEATHER ITEM   OBSERVED TIME   RECORD YEAR NORMAL DEPARTURE LAST
                VALUE   (LST)  VALUE       VALUE  FROM      YEAR
                                                  NORMAL
..................................................................
TEMPERATURE (F)
 YESTERDAY
  MAXIMUM         71   1212 PM  97    1988  68      3       69
  MINIMUM         46    436 AM  40    1974  51     -5       54
  AVERAGE         59                        59      0       62

PRECIPITATION (IN)
  YESTERDAY        0.00          0.67 1967   0.06  -0.06      T
  MONTH TO DATE    0.05                      1.32  -1.27     2.13
  SINCE OCT 1    126.88                     92.57  34.31   101.46
  SINCE JAN 1     66.95                     53.57  13.38    57.48

DEGREE DAYS
 HEATING
  YESTERDAY        6                         6      0        3
  MONTH TO DATE  130                       128      2      114
  SINCE JUN 1    398                       422    -24      363
  SINCE JUL 1    130                       128      2      114

 COOLING
  YESTERDAY        0                         0      0        0
  MONTH TO DATE    0                         0      0        0
  SINCE JUN 1     11                         3      8       11
  SINCE JAN 1     11                         4      7       11
..................................................................


WIND (MPH)
  RESULTANT WIND SPEED   2   RESULTANT WIND DIRECTION   W (260)
  HIGHEST WIND SPEED    15   HIGHEST WIND DIRECTION     W (250)
  HIGHEST GUST SPEED    20   HIGHEST GUST DIRECTION     W (270)
  AVERAGE WIND SPEED     3.6


SKY COVER
  AVERAGE SKY COVER 0.6


WEATHER CONDITIONS
 THE FOLLOWING WEATHER WAS RECORDED YESTERDAY.
  NO SIGNIFICANT WEATHER WAS OBSERVED.


RELATIVE HUMIDITY (PERCENT)
 HIGHEST    93           100 AM
 LOWEST     53          1200 PM
 AVERAGE    73

..........................................................


THE QUILLAYUTE WA AIRPORT CLIMATE NORMALS FOR TODAY
                         NORMAL    RECORD    YEAR
 MAXIMUM TEMPERATURE (F)   68        88      1972
 MINIMUM TEMPERATURE (F)   51        41      1974


SUNRISE AND SUNSET
JULY 20 2017..........SUNRISE   540 AM PDT   SUNSET   908 PM PDT
JULY 21 2017..........SUNRISE   542 AM PDT   SUNSET   907 PM PDT


-  INDICATES NEGATIVE NUMBERS.
R  INDICATES RECORD WAS SET OR TIED.
MM INDICATES DATA IS MISSING.
T  INDICATES TRACE AMOUNT.




$$
