000
CDUS46 KSEW 200123
CLIUIL


CLIMATE REPORT
NATIONAL WEATHER SERVICE SEATTLE WA
623 PM PDT TUE SEP 19 2017


...................................

...THE QUILLAYUTE WA AIRPORT CLIMATE SUMMARY FOR SEPTEMBER 19 2017...
VALID TODAY AS OF 0600 PM LOCAL TIME.

CLIMATE NORMAL PERIOD 1981 TO 2010
CLIMATE RECORD PERIOD 1966 TO 2017


WEATHER ITEM   OBSERVED TIME   RECORD YEAR NORMAL DEPARTURE LAST
                VALUE   (LST)  VALUE       VALUE  FROM      YEAR
                                                  NORMAL
..................................................................
TEMPERATURE (F)
 TODAY
  MAXIMUM         60    249 PM  86    1974  66     -6       65
  MINIMUM         47    614 AM  35    1983  46      1       51
  AVERAGE         54                        56     -2       58

PRECIPITATION (IN)
  TODAY            0.09          1.52 1977   0.13  -0.04     0.12
  MONTH TO DATE    2.94                      2.11   0.83     3.43
  SINCE OCT 1    130.47                     97.83  32.64   105.60
  SINCE JAN 1     70.54                     58.83  11.71    61.62

DEGREE DAYS
 HEATING
  TODAY           11                         9      2        7
  MONTH TO DATE  106                       144    -38      155
  SINCE SEP 1    106                       144    -38      155
  SINCE JUL 1    412                       513   -101      431

 COOLING
  TODAY            0                         0      0        0
  MONTH TO DATE   20                         0     20        0
  SINCE SEP 1     20                         0     20        0
  SINCE JAN 1     73                        17     56       54
..................................................................


WIND (MPH)
  RESULTANT WIND SPEED   3   RESULTANT WIND DIRECTION  NW (300)
  HIGHEST WIND SPEED    12   HIGHEST WIND DIRECTION     W (280)
  HIGHEST GUST SPEED    17   HIGHEST GUST DIRECTION     W (280)
  AVERAGE WIND SPEED     5.6


SKY COVER
  AVERAGE SKY COVER 0.7


WEATHER CONDITIONS
 THE FOLLOWING WEATHER WAS RECORDED TODAY.
  THUNDERSTORM
  RAIN
  LIGHT RAIN
  FOG


RELATIVE HUMIDITY (PERCENT)
 HIGHEST   100           700 AM
 LOWEST     64           200 PM
 AVERAGE    82

..........................................................


THE QUILLAYUTE WA AIRPORT CLIMATE NORMALS FOR TOMORROW
                         NORMAL    RECORD    YEAR
 MAXIMUM TEMPERATURE (F)   66        88      1974
 MINIMUM TEMPERATURE (F)   46        36      1968


SUNRISE AND SUNSET
SEPTEMBER 19 2017.....SUNRISE   701 AM PDT   SUNSET   721 PM PDT
SEPTEMBER 20 2017.....SUNRISE   703 AM PDT   SUNSET   719 PM PDT


-  INDICATES NEGATIVE NUMBERS.
R  INDICATES RECORD WAS SET OR TIED.
MM INDICATES DATA IS MISSING.
T  INDICATES TRACE AMOUNT.




$$
