000
CDUS43 KLSX 240728
CLIUIN


CLIMATE REPORT
NATIONAL WEATHER SERVICE ST LOUIS MO
227 AM CDT SUN SEP 24 2017


...................................

...THE QUINCY IL CLIMATE SUMMARY FOR SEPTEMBER 23 2017...

CLIMATE NORMAL PERIOD 1981 TO 2010
CLIMATE RECORD PERIOD 1901 TO 2017


WEATHER ITEM   OBSERVED TIME   RECORD YEAR NORMAL DEPARTURE LAST
                VALUE   (LST)  VALUE       VALUE  FROM      YEAR
                                                  NORMAL
..................................................................
TEMPERATURE (F)
 YESTERDAY
  MAXIMUM         92    334 PM  95    1937  74     18       90
  MINIMUM         68    456 AM  33    1995  52     16       67
  AVERAGE         80                        63     17

PRECIPITATION (IN)
  YESTERDAY        0.00          2.16 1970   0.12  -0.12     0.00
  MONTH TO DATE    0.67                      2.53  -1.86     3.09
  SINCE SEP 1      0.67                      2.53  -1.86     3.09
  SINCE JAN 1     26.82                     28.28  -1.46    26.78

DEGREE DAYS
 HEATING
  YESTERDAY        0                         4     -4
  MONTH TO DATE   19                        44    -25
  SINCE SEP 1     19                        44    -25
  SINCE JUL 1     19                        49    -30

 COOLING
  YESTERDAY       15                         2     13
  MONTH TO DATE  143                       109     34
  SINCE SEP 1    143                       109     34
  SINCE JAN 1   1138                      1062     76
..................................................................


WIND (MPH)
  HIGHEST WIND SPEED    13   HIGHEST WIND DIRECTION    SE (140)
  HIGHEST GUST SPEED    17   HIGHEST GUST DIRECTION     S (160)
  AVERAGE WIND SPEED     5.7


SKY COVER
  AVERAGE SKY COVER 0.0



RELATIVE HUMIDITY (PERCENT)
 HIGHEST    81           500 AM
 LOWEST     36           100 PM
 AVERAGE    59

..........................................................


THE QUINCY IL CLIMATE NORMALS FOR TODAY
                         NORMAL    RECORD    YEAR
 MAXIMUM TEMPERATURE (F)   74        94      1935
 MINIMUM TEMPERATURE (F)   52        33      1989


SUNRISE AND SUNSET
SEPTEMBER 24 2017.....SUNRISE   655 AM CDT   SUNSET   658 PM CDT
SEPTEMBER 25 2017.....SUNRISE   656 AM CDT   SUNSET   656 PM CDT


-  INDICATES NEGATIVE NUMBERS.
R  INDICATES RECORD WAS SET OR TIED.
MM INDICATES DATA IS MISSING.
T  INDICATES TRACE AMOUNT.




$$
