000
CDUS43 KLSX 042232
CLIUIN


CLIMATE REPORT
NATIONAL WEATHER SERVICE ST LOUIS MO
531 PM CDT SAT JUL 4 2015


...................................

...THE QUINCY IL CLIMATE SUMMARY FOR JULY 4 2015...
VALID TODAY AS OF 0500 PM LOCAL TIME.

CLIMATE NORMAL PERIOD 1981 TO 2010
CLIMATE RECORD PERIOD 1901 TO 2015


WEATHER ITEM   OBSERVED TIME   RECORD YEAR NORMAL DEPARTURE LAST
                VALUE   (LST)  VALUE       VALUE  FROM      YEAR
                                                  NORMAL
..................................................................
TEMPERATURE (F)
 TODAY
  MAXIMUM         82    259 PM 103    1936  86     -4       79
                                      1911
  MINIMUM         61    540 AM  48    1940  66     -5       58
  AVERAGE         72                        76     -4       69

PRECIPITATION (IN)
  TODAY            0.00          2.60 1981   0.13  -0.13     0.00
  MONTH TO DATE    0.12                      0.51  -0.39     0.01
  SINCE JUN 1      8.65                      4.50   4.15     8.16
  SINCE JAN 1     17.33                     18.59  -1.26    16.57

DEGREE DAYS
 HEATING
  TODAY            0                         0      0
  MONTH TO DATE    0                         0      0
  SINCE JUN 1      8                        16     -8
  SINCE JUL 1      0                         0      0

 COOLING
  TODAY            7                        11     -4
  MONTH TO DATE   27                        44    -17
  SINCE JUN 1    274                       271      3
  SINCE JAN 1    388                       357     31
..................................................................


WIND (MPH)
  HIGHEST WIND SPEED     9   HIGHEST WIND DIRECTION     S (200)
  HIGHEST GUST SPEED    12   HIGHEST GUST DIRECTION    SE (140)
  AVERAGE WIND SPEED     3.3


SKY COVER
  AVERAGE SKY COVER 0.0



RELATIVE HUMIDITY (PERCENT)
 HIGHEST    93           600 AM
 LOWEST     45           200 PM
 AVERAGE    69

..........................................................


THE QUINCY IL CLIMATE NORMALS FOR TOMORROW
                         NORMAL    RECORD    YEAR
 MAXIMUM TEMPERATURE (F)   86       104      1911
 MINIMUM TEMPERATURE (F)   66        50      1997
                                             1972
                                             1940


SUNRISE AND SUNSET
JULY  4 2015..........SUNRISE   541 AM CDT   SUNSET   837 PM CDT
JULY  5 2015..........SUNRISE   542 AM CDT   SUNSET   837 PM CDT


-  INDICATES NEGATIVE NUMBERS.
R  INDICATES RECORD WAS SET OR TIED.
MM INDICATES DATA IS MISSING.
T  INDICATES TRACE AMOUNT.




$$
