000
CDUS43 KLSX 020730
CLIUIN


CLIMATE REPORT
NATIONAL WEATHER SERVICE ST LOUIS MO
229 AM CDT WED SEP 2 2015


...................................

...THE QUINCY IL CLIMATE SUMMARY FOR SEPTEMBER 1 2015...

CLIMATE NORMAL PERIOD 1981 TO 2010
CLIMATE RECORD PERIOD 1901 TO 2015


WEATHER ITEM   OBSERVED TIME   RECORD YEAR NORMAL DEPARTURE LAST
                VALUE   (LST)  VALUE       VALUE  FROM      YEAR
                                                  NORMAL
..................................................................
TEMPERATURE (F)
 YESTERDAY
  MAXIMUM         91    353 PM 104    2011  82      9       81
  MINIMUM         71    544 AM  41    1949  62      9       67
  AVERAGE         81                        72      9

PRECIPITATION (IN)
  YESTERDAY        0.00          1.97 1931   0.11  -0.11     0.03
  MONTH TO DATE    0.00                      0.11  -0.11     0.03
  SINCE SEP 1      0.00                      0.11  -0.11     0.03
  SINCE JAN 1     28.76                     25.86   2.90    25.65

DEGREE DAYS
 HEATING
  YESTERDAY        0                         0      0
  MONTH TO DATE    0                         0      0
  SINCE SEP 1      0                         0      0
  SINCE JUL 1      4                         5     -1

 COOLING
  YESTERDAY       16                         7      9
  MONTH TO DATE   16                         7      9
  SINCE SEP 1     16                         7      9
  SINCE JAN 1    970                       960     10
..................................................................


WIND (MPH)
  HIGHEST WIND SPEED    13   HIGHEST WIND DIRECTION     S (180)
  HIGHEST GUST SPEED    17   HIGHEST GUST DIRECTION     S (170)
  AVERAGE WIND SPEED     6.9


SKY COVER
  AVERAGE SKY COVER 0.1



RELATIVE HUMIDITY (PERCENT)
 HIGHEST    93           200 AM
 LOWEST     47          1200 PM
 AVERAGE    70

..........................................................


THE QUINCY IL CLIMATE NORMALS FOR TODAY
                         NORMAL    RECORD    YEAR
 MAXIMUM TEMPERATURE (F)   82       103      1913
 MINIMUM TEMPERATURE (F)   61        45      1952
                                             1949
                                             1946


SUNRISE AND SUNSET
SEPTEMBER  2 2015.....SUNRISE   633 AM CDT   SUNSET   735 PM CDT
SEPTEMBER  3 2015.....SUNRISE   634 AM CDT   SUNSET   733 PM CDT


-  INDICATES NEGATIVE NUMBERS.
R  INDICATES RECORD WAS SET OR TIED.
MM INDICATES DATA IS MISSING.
T  INDICATES TRACE AMOUNT.




$$
