000
CDUS43 KLSX 232228
CLIUIN


CLIMATE REPORT
NATIONAL WEATHER SERVICE ST LOUIS MO
527 PM CDT MON MAY 23 2016


...................................

...THE QUINCY IL CLIMATE SUMMARY FOR MAY 23 2016...
VALID TODAY AS OF 0500 PM LOCAL TIME.

CLIMATE NORMAL PERIOD 1981 TO 2010
CLIMATE RECORD PERIOD 1901 TO 2016


WEATHER ITEM   OBSERVED TIME   RECORD YEAR NORMAL DEPARTURE LAST
                VALUE   (LST)  VALUE       VALUE  FROM      YEAR
                                                  NORMAL
..................................................................
TEMPERATURE (F)
 TODAY
  MAXIMUM         83    232 PM  93    1921  75      8       77
  MINIMUM         55    425 AM  40    1963  55      0       54
                                      1917
  AVERAGE         69                        65      4       66

PRECIPITATION (IN)
  TODAY            0.00          1.16 1966   0.15  -0.15     0.00
  MONTH TO DATE    1.87                      3.29  -1.42     2.23
  SINCE MAR 1      6.29                      9.44  -3.15     4.88
  SINCE JAN 1      6.91                     12.84  -5.93     6.92

DEGREE DAYS
 HEATING
  TODAY            0                         3     -3
  MONTH TO DATE  148                       117     31
  SINCE MAR 1    995                      1205   -210
  SINCE JUL 1   4592                      5547   -955

 COOLING
  TODAY            4                         3      1
  MONTH TO DATE   16                        39    -23
  SINCE MAR 1     37                        57    -20
  SINCE JAN 1     37                        57    -20
..................................................................


WIND (MPH)
  HIGHEST WIND SPEED    18   HIGHEST WIND DIRECTION     S (200)
  HIGHEST GUST SPEED    25   HIGHEST GUST DIRECTION    SE (140)
  AVERAGE WIND SPEED     8.6


SKY COVER
  AVERAGE SKY COVER 0.0



RELATIVE HUMIDITY (PERCENT)
 HIGHEST    77           400 AM
 LOWEST     30           400 PM
 AVERAGE    54

..........................................................


THE QUINCY IL CLIMATE NORMALS FOR TOMORROW
                         NORMAL    RECORD    YEAR
 MAXIMUM TEMPERATURE (F)   75        94      1921
 MINIMUM TEMPERATURE (F)   55        40      1917


SUNRISE AND SUNSET
MAY 23 2016...........SUNRISE   543 AM CDT   SUNSET   821 PM CDT
MAY 24 2016...........SUNRISE   542 AM CDT   SUNSET   822 PM CDT


-  INDICATES NEGATIVE NUMBERS.
R  INDICATES RECORD WAS SET OR TIED.
MM INDICATES DATA IS MISSING.
T  INDICATES TRACE AMOUNT.




$$
