000
CDUS43 KLSX 180730
CLIUIN


CLIMATE REPORT
NATIONAL WEATHER SERVICE ST LOUIS MO
128 AM CST SAT NOV 18 2017


...................................

...THE QUINCY IL CLIMATE SUMMARY FOR NOVEMBER 17 2017...

CLIMATE NORMAL PERIOD 1981 TO 2010
CLIMATE RECORD PERIOD 1901 TO 2017


WEATHER ITEM   OBSERVED TIME   RECORD YEAR NORMAL DEPARTURE LAST
                VALUE   (LST)  VALUE       VALUE  FROM      YEAR
                                                  NORMAL
..................................................................
TEMPERATURE (F)
 YESTERDAY
  MAXIMUM         58   1028 PM  78    2016  51      7       78
                                      1952
  MINIMUM         32   1225 AM   3    1959  33     -1       60
  AVERAGE         45                        42      3

PRECIPITATION (IN)
  YESTERDAY        0.00          2.47 1928   0.10  -0.10     0.00
  MONTH TO DATE    0.40                      1.74  -1.34     0.81
  SINCE SEP 1      5.55                      8.05  -2.50     5.81
  SINCE JAN 1     31.70                     33.80  -2.10    29.50

DEGREE DAYS
 HEATING
  YESTERDAY       20                        23     -3
  MONTH TO DATE  386                       329     57
  SINCE SEP 1    667                       748    -81
  SINCE JUL 1    667                       753    -86

 COOLING
  YESTERDAY        0                         0      0
  MONTH TO DATE    0                         0      0
  SINCE SEP 1    234                       140     94
  SINCE JAN 1   1229                      1093    136
..................................................................


WIND (MPH)
  HIGHEST WIND SPEED    21   HIGHEST WIND DIRECTION    SE (140)
  HIGHEST GUST SPEED    25   HIGHEST GUST DIRECTION    SE (140)
  AVERAGE WIND SPEED    13.2


SKY COVER
  AVERAGE SKY COVER 0.9



RELATIVE HUMIDITY (PERCENT)
 HIGHEST    92          1200 AM
 LOWEST     71           300 PM
 AVERAGE    82

..........................................................


THE QUINCY IL CLIMATE NORMALS FOR TODAY
                         NORMAL    RECORD    YEAR
 MAXIMUM TEMPERATURE (F)   50        74      1999
                                             1953
 MINIMUM TEMPERATURE (F)   33         7      1903


SUNRISE AND SUNSET
NOVEMBER 18 2017......SUNRISE   654 AM CST   SUNSET   446 PM CST
NOVEMBER 19 2017......SUNRISE   655 AM CST   SUNSET   445 PM CST


-  INDICATES NEGATIVE NUMBERS.
R  INDICATES RECORD WAS SET OR TIED.
MM INDICATES DATA IS MISSING.
T  INDICATES TRACE AMOUNT.




$$
