000
CDUS43 KLSX 212328
CLIUIN


CLIMATE REPORT
NATIONAL WEATHER SERVICE ST LOUIS MO
528 PM CST SUN DEC 21 2014


...................................

...THE QUINCY IL CLIMATE SUMMARY FOR DECEMBER 21 2014...
VALID TODAY AS OF 0500 PM LOCAL TIME.

CLIMATE NORMAL PERIOD 1981 TO 2010
CLIMATE RECORD PERIOD 1901 TO 2014


WEATHER ITEM   OBSERVED TIME   RECORD YEAR NORMAL DEPARTURE LAST
                VALUE   (LST)  VALUE       VALUE  FROM      YEAR
                                                  NORMAL
..................................................................
TEMPERATURE (F)
 TODAY
  MAXIMUM         44    246 PM  64    1941  36      8       31
  MINIMUM         37    642 AM -18    1989  21     16       28
  AVERAGE         41                        28     13       30

PRECIPITATION (IN)
  TODAY            0.00          2.05 1949   0.07  -0.07     0.12
  MONTH TO DATE    0.87                      1.64  -0.77     0.96
  SINCE DEC 1      0.87                      1.64  -0.77     0.96
  SINCE JAN 1     39.68                     36.72   2.96    35.55

DEGREE DAYS
 HEATING
  TODAY           24                        37    -13
  MONTH TO DATE  650                       714    -64
  SINCE DEC 1    650                       714    -64
  SINCE JUL 1   1927                      1814    113

 COOLING
  TODAY            0                         0      0
  MONTH TO DATE    0                         0      0
  SINCE DEC 1      0                         0      0
  SINCE JAN 1   1021                      1094    -73
..................................................................


WIND (MPH)
  HIGHEST WIND SPEED    17   HIGHEST WIND DIRECTION    SE (150)
  HIGHEST GUST SPEED    24   HIGHEST GUST DIRECTION     S (160)
  AVERAGE WIND SPEED     9.7


SKY COVER
  AVERAGE SKY COVER 1.0



RELATIVE HUMIDITY (PERCENT)
 HIGHEST    85          1200 AM
 LOWEST     70          1200 PM
 AVERAGE    78

..........................................................


THE QUINCY IL CLIMATE NORMALS FOR TOMORROW
                         NORMAL    RECORD    YEAR
 MAXIMUM TEMPERATURE (F)   36        61      1957
                                             1933
 MINIMUM TEMPERATURE (F)   20       -22      1989


SUNRISE AND SUNSET
DECEMBER 21 2014......SUNRISE   723 AM CST   SUNSET   443 PM CST
DECEMBER 22 2014......SUNRISE   723 AM CST   SUNSET   443 PM CST


-  INDICATES NEGATIVE NUMBERS.
R  INDICATES RECORD WAS SET OR TIED.
MM INDICATES DATA IS MISSING.
T  INDICATES TRACE AMOUNT.




$$
