000
CDUS46 KEKA 051210
CLIUKI


CLIMATE REPORT
NATIONAL WEATHER SERVICE EUREKA CA
509 AM PDT THU MAY 5 2016


...................................

...THE UKIAH CA CLIMATE SUMMARY FOR MAY 4 2016...

CLIMATE NORMAL PERIOD 1981 TO 2010
CLIMATE RECORD PERIOD 1903 TO 2016


WEATHER ITEM   OBSERVED TIME   RECORD YEAR NORMAL DEPARTURE LAST
                VALUE   (LST)  VALUE       VALUE  FROM      YEAR
                                                  NORMAL
..................................................................
TEMPERATURE (F)
 YESTERDAY
  MAXIMUM         76    303 PM  97    1987  74      2       81
  MINIMUM         54   1153 PM  34    1920  45      9       50
  AVERAGE         65                        60      5       66

PRECIPITATION (IN)
  YESTERDAY        T             1.13 2009   0.08  -0.08     0.00
  MONTH TO DATE    T                         0.28  -0.28     0.00
  SINCE OCT 1     35.71                     35.28   0.43    25.44
  SINCE JAN 1     23.50                     21.90   1.60     7.67

SNOWFALL (IN)
  YESTERDAY        0.0          MM      MM  MM     MM        0.0
  MONTH TO DATE    0.0                      MM     MM        0.0
  SINCE MAR 1      0.0                      MM     MM        0.0
  SINCE JUL 1      0.0                      MM     MM        0.0
  SNOW DEPTH       0

DEGREE DAYS
 HEATING
  YESTERDAY        0                         6     -6        0
  MONTH TO DATE    5                        25    -20        1
  SINCE MAR 1    529                       738   -209      404
  SINCE JUL 1   2468                      2971   -503     1918

 COOLING
  YESTERDAY        0                         1     -1        1
  MONTH TO DATE    0                         4     -4        7
  SINCE MAR 1      7                        12     -5       21
  SINCE JAN 1      7                        12     -5       21
..................................................................


WIND (MPH)
  HIGHEST WIND SPEED    13   HIGHEST WIND DIRECTION     S (160)
  HIGHEST GUST SPEED    17   HIGHEST GUST DIRECTION    SE (150)
  AVERAGE WIND SPEED     4.3


SKY COVER
  AVERAGE SKY COVER 0.4


WEATHER CONDITIONS
 THE FOLLOWING WEATHER WAS RECORDED YESTERDAY.
  NO SIGNIFICANT WEATHER WAS OBSERVED.


RELATIVE HUMIDITY (PERCENT)
 HIGHEST    86
 LOWEST     38
 AVERAGE    62

..........................................................


THE UKIAH CA CLIMATE NORMALS FOR TODAY
                         NORMAL    RECORD    YEAR
 MAXIMUM TEMPERATURE (F)   75        98      1987
 MINIMUM TEMPERATURE (F)   46        32      1924


SUNRISE AND SUNSET
MAY  5 2016...........SUNRISE   609 AM PDT   SUNSET   810 PM PDT
MAY  6 2016...........SUNRISE   608 AM PDT   SUNSET   811 PM PDT


-  INDICATES NEGATIVE NUMBERS.
R  INDICATES RECORD WAS SET OR TIED.
MM INDICATES DATA IS MISSING.
T  INDICATES TRACE AMOUNT.




$$
