000
CDUS46 KEKA 010012
CLIUKI


CLIMATE REPORT
NATIONAL WEATHER SERVICE EUREKA CA
512 PM PDT TUE JUN 30 2015


...................................

...THE UKIAH CA CLIMATE SUMMARY FOR JUNE 30 2015...
VALID TODAY AS OF 0500 PM LOCAL TIME.

CLIMATE NORMAL PERIOD 1981 TO 2010
CLIMATE RECORD PERIOD 1903 TO 2015


WEATHER ITEM   OBSERVED RECORD YEAR NORMAL DEPARTURE LAST
                VALUE   VALUE       VALUE  FROM      YEAR
                                           NORMAL
...........................................................
TEMPERATURE (F)
 TODAY
  MAXIMUM        108    110    1934  88     20      108
  MINIMUM         57     39    1909  55      2       58
  AVERAGE         83                 72     11       83

PRECIPITATION (IN)
  TODAY            0.00   0.29 1916   0.01  -0.01     0.00
  MONTH TO DATE    0.03               0.34  -0.31     0.00
  SINCE OCT 1     25.87              36.76 -10.89    17.97
  SINCE JAN 1      8.10              23.38 -15.28    16.63

SNOWFALL (IN)
  TODAY            0.0   MM          MM     MM        0.0
  MONTH TO DATE    0.0               MM     MM        0.0
  SINCE JUN 1      0.0               MM     MM        0.0
  SINCE JUL 1      0.0               MM     MM        0.0
  SNOW DEPTH      MM

...........................................................


WIND (MPH)
  HIGHEST WIND SPEED    14   HIGHEST WIND DIRECTION    NW (320)
  HIGHEST GUST SPEED    17   HIGHEST GUST DIRECTION    NW (310)
  AVERAGE WIND SPEED     2.2


SKY COVER
  AVERAGE SKY COVER 0.0


WEATHER CONDITIONS
 THE FOLLOWING WEATHER WAS RECORDED TODAY.
  NO SIGNIFICANT WEATHER WAS OBSERVED.


RELATIVE HUMIDITY (PERCENT)
 HIGHEST    77
 LOWEST     13
 AVERAGE    45

..........................................................


THE UKIAH CA CLIMATE NORMALS FOR TOMORROW
                         NORMAL    RECORD    YEAR
 MAXIMUM TEMPERATURE (F)   88       111      1924
 MINIMUM TEMPERATURE (F)   56        42      1955


SUNRISE AND SUNSET
JUNE 30 2015..........SUNRISE   550 AM PDT   SUNSET   843 PM PDT
JULY  1 2015..........SUNRISE   550 AM PDT   SUNSET   843 PM PDT


-  INDICATES NEGATIVE NUMBERS.
R  INDICATES RECORD WAS SET OR TIED.
MM INDICATES DATA IS MISSING.
T  INDICATES TRACE AMOUNT.




$$
