000
CDUS46 KEKA 261210
CLIUKI


CLIMATE REPORT
NATIONAL WEATHER SERVICE EUREKA CA
509 AM PDT MON SEP 26 2016


...................................

...THE UKIAH CA CLIMATE SUMMARY FOR SEPTEMBER 25 2016...

CLIMATE NORMAL PERIOD 1981 TO 2010
CLIMATE RECORD PERIOD 1903 TO 2016


WEATHER ITEM   OBSERVED TIME   RECORD YEAR NORMAL DEPARTURE LAST
                VALUE   (LST)  VALUE       VALUE  FROM      YEAR
                                                  NORMAL
..................................................................
TEMPERATURE (F)
 YESTERDAY
  MAXIMUM        101    356 PM 104    2009  85     16       93
                                      1952
  MINIMUM         49    622 AM  36    1948  48      1       49
  AVERAGE         75                        66      9       71

PRECIPITATION (IN)
  YESTERDAY        0.00          1.19 1990   0.02  -0.02     0.00
  MONTH TO DATE    0.00                      0.37  -0.37     0.74
  SINCE OCT 1     36.52                     37.27  -0.75    26.75
  SINCE JAN 1     24.31                     23.89   0.42     8.98

SNOWFALL (IN)
  YESTERDAY        0.0          MM      MM  MM     MM        0.0
  MONTH TO DATE    0.0                      MM     MM        0.0
  SINCE SEP 1      0.0                      MM     MM        0.0
  SINCE JUL 1      0.0                      MM     MM        0.0
  SNOW DEPTH       0

DEGREE DAYS
 HEATING
  YESTERDAY        0                         2     -2        0
  MONTH TO DATE    8                        17     -9       22
  SINCE SEP 1      8                        17     -9       22
  SINCE JUL 1      8                        20    -12       25

 COOLING
  YESTERDAY       10                         3      7        6
  MONTH TO DATE  130                       117     13      153
  SINCE SEP 1    130                       117     13      153
  SINCE JAN 1    958                       800    158     1083
..................................................................


WIND (MPH)
  HIGHEST WIND SPEED    10   HIGHEST WIND DIRECTION    NW (310)
  HIGHEST GUST SPEED    15   HIGHEST GUST DIRECTION     N (340)
  AVERAGE WIND SPEED     1.7


SKY COVER
  AVERAGE SKY COVER 0.0


WEATHER CONDITIONS
 THE FOLLOWING WEATHER WAS RECORDED YESTERDAY.
  NO SIGNIFICANT WEATHER WAS OBSERVED.


RELATIVE HUMIDITY (PERCENT)
 HIGHEST    83
 LOWEST      9
 AVERAGE    46

..........................................................


THE UKIAH CA CLIMATE NORMALS FOR TODAY
                         NORMAL    RECORD    YEAR
 MAXIMUM TEMPERATURE (F)   85       109      2009
 MINIMUM TEMPERATURE (F)   47        34      1924


SUNRISE AND SUNSET
SEPTEMBER 26 2016.....SUNRISE   705 AM PDT   SUNSET   702 PM PDT
SEPTEMBER 27 2016.....SUNRISE   706 AM PDT   SUNSET   701 PM PDT


-  INDICATES NEGATIVE NUMBERS.
R  INDICATES RECORD WAS SET OR TIED.
MM INDICATES DATA IS MISSING.
T  INDICATES TRACE AMOUNT.




$$
