000
CDUS46 KEKA 240011
CLIUKI


CLIMATE REPORT
NATIONAL WEATHER SERVICE EUREKA CA
411 PM PST FRI FEB 23 2018


...................................

...THE UKIAH CA CLIMATE SUMMARY FOR FEBRUARY 23 2018...
VALID TODAY AS OF 0400 PM LOCAL TIME.

CLIMATE NORMAL PERIOD 1981 TO 2010
CLIMATE RECORD PERIOD 1903 TO 2018


WEATHER ITEM   OBSERVED RECORD YEAR NORMAL DEPARTURE LAST
                VALUE   VALUE       VALUE  FROM      YEAR
                                           NORMAL
...........................................................
TEMPERATURE (F)
 TODAY
  MAXIMUM         55     80    1954  62     -7       51
  MINIMUM         28     20    1913  40    -12       30
  AVERAGE         42                 50     -8       41

PRECIPITATION (IN)
  TODAY            0.00   2.14 1957   0.26  -0.26     0.00
  MONTH TO DATE    0.11               5.29  -5.18    12.16
  SINCE OCT 1     12.11              25.68 -13.57    44.19
  SINCE JAN 1      6.53              12.30  -5.77    27.08

SNOWFALL (IN)
  TODAY            0.0   MM          MM     MM        0.0
  MONTH TO DATE    0.0               MM     MM        0.0
  SINCE DEC 1      0.0               MM     MM        0.0
  SINCE JUL 1      0.0               MM     MM        0.0
  SNOW DEPTH       0

...........................................................


WIND (MPH)
  HIGHEST WIND SPEED    17   HIGHEST WIND DIRECTION    NW (310)
  HIGHEST GUST SPEED    26   HIGHEST GUST DIRECTION    NW (300)
  AVERAGE WIND SPEED     4.8


SKY COVER
  AVERAGE SKY COVER 0.0


WEATHER CONDITIONS
 THE FOLLOWING WEATHER WAS RECORDED TODAY.
  NO SIGNIFICANT WEATHER WAS OBSERVED.


RELATIVE HUMIDITY (PERCENT)
 HIGHEST    78
 LOWEST     22
 AVERAGE    50

..........................................................


THE UKIAH CA CLIMATE NORMALS FOR TOMORROW
                         NORMAL    RECORD    YEAR
 MAXIMUM TEMPERATURE (F)   62        82      1947
 MINIMUM TEMPERATURE (F)   40        23      1920


SUNRISE AND SUNSET
FEBRUARY 23 2018......SUNRISE   654 AM PST   SUNSET   559 PM PST
FEBRUARY 24 2018......SUNRISE   652 AM PST   SUNSET   600 PM PST


-  INDICATES NEGATIVE NUMBERS.
R  INDICATES RECORD WAS SET OR TIED.
MM INDICATES DATA IS MISSING.
T  INDICATES TRACE AMOUNT.




$$
