000
CDUS46 KEKA 041212
CLIUKI


CLIMATE REPORT
NATIONAL WEATHER SERVICE EUREKA CA
411 AM PST SUN DEC 4 2016


...................................

...THE UKIAH CA CLIMATE SUMMARY FOR DECEMBER 3 2016...

CLIMATE NORMAL PERIOD 1981 TO 2010
CLIMATE RECORD PERIOD 1903 TO 2016


WEATHER ITEM   OBSERVED TIME   RECORD YEAR NORMAL DEPARTURE LAST
                VALUE   (LST)  VALUE       VALUE  FROM      YEAR
                                                  NORMAL
..................................................................
TEMPERATURE (F)
 YESTERDAY
  MAXIMUM         66    215 PM  84    2006  56     10       56
  MINIMUM         35    733 AM  21    1925  36     -1       44
  AVERAGE         51                        46      5       50

PRECIPITATION (IN)
  YESTERDAY        0.00          4.04 1950   0.15  -0.15     0.74
  MONTH TO DATE    0.00                      0.44  -0.44     0.78
  SINCE OCT 1      9.57                      6.87   2.70     3.15
  SINCE JAN 1     33.88                     30.84   3.04    12.13

SNOWFALL (IN)
  YESTERDAY        0.0          MM      MM  MM     MM       MM
  MONTH TO DATE    0.0                      MM     MM       MM
  SINCE DEC 1      0.0                      MM     MM       MM
  SINCE JUL 1      0.0                      MM     MM        0.0
  SNOW DEPTH       0

DEGREE DAYS
 HEATING
  YESTERDAY       14                        19     -5       15
  MONTH TO DATE   54                        55     -1       49
  SINCE DEC 1     54                        55     -1       49
  SINCE JUL 1    591                       678    -87      572

 COOLING
  YESTERDAY        0                         0      0        0
  MONTH TO DATE    0                         0      0        0
  SINCE DEC 1      0                         0      0        0
  SINCE JAN 1   1004                       835    169     1179
..................................................................


WIND (MPH)
  HIGHEST WIND SPEED    10   HIGHEST WIND DIRECTION     N (340)
  HIGHEST GUST SPEED    13   HIGHEST GUST DIRECTION     N (350)
  AVERAGE WIND SPEED     1.1


SKY COVER
  AVERAGE SKY COVER 0.0


WEATHER CONDITIONS
 THE FOLLOWING WEATHER WAS RECORDED YESTERDAY.
  FOG


RELATIVE HUMIDITY (PERCENT)
 HIGHEST   100
 LOWEST     43
 AVERAGE    72

..........................................................


THE UKIAH CA CLIMATE NORMALS FOR TODAY
                         NORMAL    RECORD    YEAR
 MAXIMUM TEMPERATURE (F)   56        77      1958
 MINIMUM TEMPERATURE (F)   36        22      1936


SUNRISE AND SUNSET
DECEMBER  4 2016......SUNRISE   716 AM PST   SUNSET   450 PM PST
DECEMBER  5 2016......SUNRISE   717 AM PST   SUNSET   450 PM PST


-  INDICATES NEGATIVE NUMBERS.
R  INDICATES RECORD WAS SET OR TIED.
MM INDICATES DATA IS MISSING.
T  INDICATES TRACE AMOUNT.




$$
