000
CDUS46 KEKA 021211
CLIUKI


CLIMATE REPORT
NATIONAL WEATHER SERVICE EUREKA CA
411 AM PST MON MAR 2 2015


...................................

...THE UKIAH CA CLIMATE SUMMARY FOR MARCH 1 2015...

CLIMATE NORMAL PERIOD 1981 TO 2010
CLIMATE RECORD PERIOD 1903 TO 2015


WEATHER ITEM   OBSERVED TIME   RECORD YEAR NORMAL DEPARTURE LAST
                VALUE   (LST)  VALUE       VALUE  FROM      YEAR
                                                  NORMAL
..................................................................
TEMPERATURE (F)
 YESTERDAY
  MAXIMUM         68    403 PM  83    1936  62      6       62
  MINIMUM         32    634 AM  24    1922  40     -8       49
  AVERAGE         50                        51     -1       56

PRECIPITATION (IN)
  YESTERDAY        0.00          1.37 1941   0.27  -0.27     0.03
  MONTH TO DATE    0.00                      0.27  -0.27     0.03
  SINCE OCT 1     22.95                     27.20  -4.25    10.54
  SINCE JAN 1      5.18                     13.82  -8.64     9.20

SNOWFALL (IN)
  YESTERDAY        0.0          MM      MM  MM     MM       MM
  MONTH TO DATE    0.0                      MM     MM       MM
  SINCE MAR 1      0.0                      MM     MM       MM
  SINCE JUL 1      0.0                      MM     MM        0.0
  SNOW DEPTH       0

DEGREE DAYS
 HEATING
  YESTERDAY       15                        14      1        9
  MONTH TO DATE   15                        14      1        9
  SINCE MAR 1     15                        14      1        9
  SINCE JUL 1   1529                      2247   -718     2016

 COOLING
  YESTERDAY        0                         0      0        0
  MONTH TO DATE    0                         0      0        0
  SINCE MAR 1      0                         0      0        0
  SINCE JAN 1      0                         0      0        0
..................................................................


WIND (MPH)
  HIGHEST WIND SPEED    13   HIGHEST WIND DIRECTION    NW (300)
  HIGHEST GUST SPEED    17   HIGHEST GUST DIRECTION     W (280)
  AVERAGE WIND SPEED     1.0


SKY COVER
  AVERAGE SKY COVER 0.0


WEATHER CONDITIONS
 THE FOLLOWING WEATHER WAS RECORDED YESTERDAY.
  FOG


RELATIVE HUMIDITY (PERCENT)
 HIGHEST    96
 LOWEST     22
 AVERAGE    59

..........................................................


THE UKIAH CA CLIMATE NORMALS FOR TODAY
                         NORMAL    RECORD    YEAR
 MAXIMUM TEMPERATURE (F)   62        83      1936
 MINIMUM TEMPERATURE (F)   40        24      1953


SUNRISE AND SUNSET
MARCH  2 2015.........SUNRISE   644 AM PST   SUNSET   606 PM PST
MARCH  3 2015.........SUNRISE   643 AM PST   SUNSET   607 PM PST


-  INDICATES NEGATIVE NUMBERS.
R  INDICATES RECORD WAS SET OR TIED.
MM INDICATES DATA IS MISSING.
T  INDICATES TRACE AMOUNT.




$$
