000
CDUS43 KSGF 210631
CLIUNO


CLIMATE REPORT
NATIONAL WEATHER SERVICE SPRINGFIELD MO
1231 AM CST WED FEB 21 2018


...................................

...THE WEST PLAINS MO CLIMATE SUMMARY FOR FEBRUARY 20 2018...

CLIMATE NORMAL PERIOD 1981 TO 2010
CLIMATE RECORD PERIOD 1947 TO 2018


WEATHER ITEM   OBSERVED TIME   RECORD YEAR NORMAL DEPARTURE LAST
                VALUE   (LST)  VALUE       VALUE  FROM      YEAR
                                                  NORMAL
..................................................................
TEMPERATURE (F)
 YESTERDAY
  MAXIMUM         70    218 PM  76    2016  51     19       75
  MINIMUM         36   1159 PM   8    1958  28      8       55
  AVERAGE         53                        39     14       65

PRECIPITATION (IN)
  YESTERDAY        2.82R         1.31 2017   0.10   2.72     1.31
  MONTH TO DATE    4.10                      2.01   2.09     1.92
  SINCE DEC 1      8.15                      8.37  -0.22     4.98
  SINCE JAN 1      6.12                      4.73   1.39     3.96

DEGREE DAYS
 HEATING
  YESTERDAY       12                        26    -14        0
  MONTH TO DATE  532                       564    -32      367
  SINCE DEC 1   2422                      2416      6     2026
  SINCE JUL 1   3085                      3268   -183     2546

 COOLING
  YESTERDAY        0                         0      0        0
  MONTH TO DATE    6                         0      6        0
  SINCE DEC 1      6                         0      6        0
  SINCE JAN 1      6                         0      6        0
..................................................................


WIND (MPH)
  HIGHEST WIND SPEED    25   HIGHEST WIND DIRECTION     S (180)
  HIGHEST GUST SPEED    37   HIGHEST GUST DIRECTION     S (180)
  AVERAGE WIND SPEED    12.5


SKY COVER
  AVERAGE SKY COVER 0.9


WEATHER CONDITIONS
 THE FOLLOWING WEATHER WAS RECORDED YESTERDAY.
  THUNDERSTORM
  HEAVY RAIN
  RAIN
  LIGHT RAIN
  FOG


RELATIVE HUMIDITY (PERCENT)
 HIGHEST    93           600 PM
 LOWEST     63           200 AM
 AVERAGE    78

..........................................................


THE WEST PLAINS MO CLIMATE NORMALS FOR TODAY
                         NORMAL    RECORD    YEAR
 MAXIMUM TEMPERATURE (F)   51        74      1996
 MINIMUM TEMPERATURE (F)   28         2      1963


SUNRISE AND SUNSET
FEBRUARY 21 2018......SUNRISE   649 AM CST   SUNSET   554 PM CST
FEBRUARY 22 2018......SUNRISE   648 AM CST   SUNSET   555 PM CST


-  INDICATES NEGATIVE NUMBERS.
R  INDICATES RECORD WAS SET OR TIED.
MM INDICATES DATA IS MISSING.
T  INDICATES TRACE AMOUNT.




$$
