000
CDUS43 KSGF 210628
CLIUNO


CLIMATE REPORT
NATIONAL WEATHER SERVICE SPRINGFIELD MO
1228 AM CST SUN DEC 21 2014


...................................

...THE WEST PLAINS MO CLIMATE SUMMARY FOR DECEMBER 20 2014...

CLIMATE NORMAL PERIOD 1981 TO 2010
CLIMATE RECORD PERIOD 1947 TO 2014


WEATHER ITEM   OBSERVED TIME   RECORD YEAR NORMAL DEPARTURE LAST
                VALUE   (LST)  VALUE       VALUE  FROM      YEAR
                                                  NORMAL
..................................................................
TEMPERATURE (F)
 YESTERDAY
  MAXIMUM         45    119 PM  68    1967  45      0       65
  MINIMUM         33    434 AM   3    2000  25      8       41
  AVERAGE         39                        35      4       53

PRECIPITATION (IN)
  YESTERDAY        T             1.05 1962   0.10  -0.10     0.20
  MONTH TO DATE    2.30                      2.71  -0.41     0.90
  SINCE DEC 1      2.30                      2.71  -0.41     0.90
  SINCE JAN 1     35.73                     45.29  -9.56    52.79

DEGREE DAYS
 HEATING
  YESTERDAY       26                        30     -4       12
  MONTH TO DATE  515                       557    -42      483
  SINCE DEC 1    515                       557    -42      483
  SINCE JUL 1   1527                      1409    118     1395

 COOLING
  YESTERDAY        0                         0      0        0
  MONTH TO DATE    0                         0      0        0
  SINCE DEC 1      0                         0      0        0
  SINCE JAN 1   1231                      1354   -123     1073
..................................................................


WIND (MPH)
  HIGHEST WIND SPEED     9   HIGHEST WIND DIRECTION     S (160)
  HIGHEST GUST SPEED    13   HIGHEST GUST DIRECTION    SE (150)
  AVERAGE WIND SPEED     2.8


SKY COVER
  AVERAGE SKY COVER 1.0


WEATHER CONDITIONS
 THE FOLLOWING WEATHER WAS RECORDED YESTERDAY.
  LIGHT SNOW
  FOG
  HAZE


RELATIVE HUMIDITY (PERCENT)
 HIGHEST    92          1000 AM
 LOWEST     70           200 PM
 AVERAGE    81

..........................................................


THE WEST PLAINS MO CLIMATE NORMALS FOR TODAY
                         NORMAL    RECORD    YEAR
 MAXIMUM TEMPERATURE (F)   45        68      1967
 MINIMUM TEMPERATURE (F)   25         2      1960


SUNRISE AND SUNSET
DECEMBER 21 2014......SUNRISE   717 AM CST   SUNSET   455 PM CST
DECEMBER 22 2014......SUNRISE   717 AM CST   SUNSET   455 PM CST


-  INDICATES NEGATIVE NUMBERS.
R  INDICATES RECORD WAS SET OR TIED.
MM INDICATES DATA IS MISSING.
T  INDICATES TRACE AMOUNT.




$$
