000
CDUS43 KSGF 100655
CLIUNO


CLIMATE REPORT
NATIONAL WEATHER SERVICE SPRINGFIELD MO
154 AM CDT THU JUL 10 2014


...................................

...THE WEST PLAINS MO CLIMATE SUMMARY FOR JULY 9 2014...

CLIMATE NORMAL PERIOD 1981 TO 2010
CLIMATE RECORD PERIOD 1947 TO 2014


WEATHER ITEM   OBSERVED TIME   RECORD YEAR NORMAL DEPARTURE LAST
                VALUE   (LST)  VALUE       VALUE  FROM      YEAR
                                                  NORMAL
..................................................................
TEMPERATURE (F)
 YESTERDAY
  MAXIMUM         83    458 PM  99    1966  89     -6       94
  MINIMUM         62    525 AM  54    1961  67     -5       74
  AVERAGE         73                        78     -5       84

PRECIPITATION (IN)
  YESTERDAY        0.00          0.92 1979   0.12  -0.12     0.00
  MONTH TO DATE    0.88                      1.02  -0.14     0.00
  SINCE JUN 1      6.11                      5.04   1.07     3.67
  SINCE JAN 1     18.09                     24.31  -6.22    25.49

DEGREE DAYS
 HEATING
  YESTERDAY        0                         0      0        0
  MONTH TO DATE    0                         0      0        0
  SINCE JUN 1      2                         5     -3        9
  SINCE JUL 1      0                         0      0        0

 COOLING
  YESTERDAY        8                        13     -5       19
  MONTH TO DATE   68                       113    -45       72
  SINCE JUN 1    333                       379    -46      220
  SINCE JAN 1    483                       501    -18      332
..................................................................


WIND (MPH)
  HIGHEST WIND SPEED    12   HIGHEST WIND DIRECTION    NW (310)
  HIGHEST GUST SPEED    16   HIGHEST GUST DIRECTION    NW (300)
  AVERAGE WIND SPEED     2.2


SKY COVER
  AVERAGE SKY COVER 0.1


WEATHER CONDITIONS
 THE FOLLOWING WEATHER WAS RECORDED YESTERDAY.
  NO SIGNIFICANT WEATHER WAS OBSERVED.


RELATIVE HUMIDITY (PERCENT)
 HIGHEST    93           600 AM
 LOWEST     40          1200 PM
 AVERAGE    67

..........................................................


THE WEST PLAINS MO CLIMATE NORMALS FOR TODAY
                         NORMAL    RECORD    YEAR
 MAXIMUM TEMPERATURE (F)   89       102      1966
 MINIMUM TEMPERATURE (F)   67        51      1961


SUNRISE AND SUNSET
JULY 10 2014..........SUNRISE   557 AM CDT   SUNSET   829 PM CDT
JULY 11 2014..........SUNRISE   558 AM CDT   SUNSET   828 PM CDT


-  INDICATES NEGATIVE NUMBERS.
R  INDICATES RECORD WAS SET OR TIED.
MM INDICATES DATA IS MISSING.
T  INDICATES TRACE AMOUNT.




$$
