000
CDUS43 KSGF 260653
CLIUNO


CLIMATE REPORT
NATIONAL WEATHER SERVICE SPRINGFIELD MO
1252 AM CST WED NOV 26 2014


...................................

...THE WEST PLAINS MO CLIMATE SUMMARY FOR NOVEMBER 25 2014...

CLIMATE NORMAL PERIOD 1981 TO 2010
CLIMATE RECORD PERIOD 1947 TO 2014


WEATHER ITEM   OBSERVED TIME   RECORD YEAR NORMAL DEPARTURE LAST
                VALUE   (LST)  VALUE       VALUE  FROM      YEAR
                                                  NORMAL
..................................................................
TEMPERATURE (F)
 YESTERDAY
  MAXIMUM         45    339 PM  75    1990  53     -8       33
  MINIMUM         24   1107 PM   5    1950  33     -9       27
  AVERAGE         35                        43     -8       30

PRECIPITATION (IN)
  YESTERDAY        0.00          2.46 1952   0.17  -0.17     0.01
  MONTH TO DATE    2.24                      3.80  -1.56     4.50
  SINCE SEP 1     11.73                     11.73   0.00     9.66
  SINCE JAN 1     33.35                     41.80  -8.45    51.89

DEGREE DAYS
 HEATING
  YESTERDAY       30                        22      8       35
  MONTH TO DATE  641                       432    209      496
  SINCE SEP 1    911                       734    177      765
  SINCE JUL 1    913                       735    178      769

 COOLING
  YESTERDAY        0                         0      0        0
  MONTH TO DATE    0                         0      0        0
  SINCE SEP 1    176                       180     -4      231
  SINCE JAN 1   1231                      1352   -121     1073
..................................................................


WIND (MPH)
  HIGHEST WIND SPEED    14   HIGHEST WIND DIRECTION    NW (330)
  HIGHEST GUST SPEED    18   HIGHEST GUST DIRECTION    NW (320)
  AVERAGE WIND SPEED     4.1


SKY COVER
  AVERAGE SKY COVER 0.0


WEATHER CONDITIONS
 THE FOLLOWING WEATHER WAS RECORDED YESTERDAY.
  NO SIGNIFICANT WEATHER WAS OBSERVED.


RELATIVE HUMIDITY (PERCENT)
 HIGHEST    81          1100 PM
 LOWEST     31           400 PM
 AVERAGE    56

..........................................................


THE WEST PLAINS MO CLIMATE NORMALS FOR TODAY
                         NORMAL    RECORD    YEAR
 MAXIMUM TEMPERATURE (F)   52        77      1965
 MINIMUM TEMPERATURE (F)   33        11      1977


SUNRISE AND SUNSET
NOVEMBER 26 2014......SUNRISE   657 AM CST   SUNSET   453 PM CST
NOVEMBER 27 2014......SUNRISE   658 AM CST   SUNSET   452 PM CST


-  INDICATES NEGATIVE NUMBERS.
R  INDICATES RECORD WAS SET OR TIED.
MM INDICATES DATA IS MISSING.
T  INDICATES TRACE AMOUNT.




$$
