534
CDUS43 KSGF 270627
CLIUNO


CLIMATE REPORT
NATIONAL WEATHER SERVICE SPRINGFIELD MO
127 AM CDT WED JUL 27 2016


...................................

...THE WEST PLAINS MO CLIMATE SUMMARY FOR JULY 26 2016...

CLIMATE NORMAL PERIOD 1981 TO 2010
CLIMATE RECORD PERIOD 1947 TO 2016


WEATHER ITEM   OBSERVED TIME   RECORD YEAR NORMAL DEPARTURE LAST
                VALUE   (LST)  VALUE       VALUE  FROM      YEAR
                                                  NORMAL
..................................................................
TEMPERATURE (F)
 YESTERDAY
  MAXIMUM         86   1025 AM 103    2012  90     -4       92
  MINIMUM         73   1159 PM  55    1957  66      7       74
  AVERAGE         80                        78      2       83

PRECIPITATION (IN)
  YESTERDAY        1.45          1.84 1980   0.10   1.35     0.00
  MONTH TO DATE    6.12                      3.08   3.04     7.86
  SINCE JUN 1     10.53                      7.10   3.43    13.58
  SINCE JAN 1     25.27                     26.37  -1.10    31.19

DEGREE DAYS
 HEATING
  YESTERDAY        0                         0      0        0
  MONTH TO DATE    0                         0      0        0
  SINCE JUN 1      0                         5     -5        5
  SINCE JUL 1      0                         0      0        0

 COOLING
  YESTERDAY       15                        13      2       18
  MONTH TO DATE  386                       334     52      363
  SINCE JUN 1    736                       600    136      678
  SINCE JAN 1    829                       722    107      800
..................................................................


WIND (MPH)
  HIGHEST WIND SPEED    18   HIGHEST WIND DIRECTION     S (190)
  HIGHEST GUST SPEED    23   HIGHEST GUST DIRECTION     S (190)
  AVERAGE WIND SPEED     2.4


SKY COVER
  AVERAGE SKY COVER 0.3


WEATHER CONDITIONS
 THE FOLLOWING WEATHER WAS RECORDED YESTERDAY.
  THUNDERSTORM
  HEAVY RAIN
  LIGHT RAIN
  FOG
  HAZE


RELATIVE HUMIDITY (PERCENT)
 HIGHEST    93           400 AM
 LOWEST     74           900 AM
 AVERAGE    84

..........................................................


THE WEST PLAINS MO CLIMATE NORMALS FOR TODAY
                         NORMAL    RECORD    YEAR
 MAXIMUM TEMPERATURE (F)   90       101      1952
 MINIMUM TEMPERATURE (F)   66        47      1962


SUNRISE AND SUNSET
JULY 27 2016..........SUNRISE   610 AM CDT   SUNSET   818 PM CDT
JULY 28 2016..........SUNRISE   610 AM CDT   SUNSET   817 PM CDT


-  INDICATES NEGATIVE NUMBERS.
R  INDICATES RECORD WAS SET OR TIED.
MM INDICATES DATA IS MISSING.
T  INDICATES TRACE AMOUNT.




$$
