000
CDUS43 KUNR 290841
CLIUNR


CLIMATE REPORT
NATIONAL WEATHER SERVICE RAPID CITY SD
239 AM MDT FRI MAY 29 2015


...................................

...THE EAST RAPID CITY SD CLIMATE SUMMARY FOR MAY 28 2015...

CLIMATE NORMAL PERIOD 1981 TO 2010
CLIMATE RECORD PERIOD 1888 TO 2015


WEATHER ITEM   OBSERVED RECORD YEAR NORMAL DEPARTURE LAST
                VALUE   VALUE       VALUE  FROM      YEAR
                                           NORMAL
...........................................................
TEMPERATURE (F)
 YESTERDAY
  MAXIMUM         69     96    1934  70     -1       85
  MINIMUM         55     30    1947  49      6       59
  AVERAGE         62                 59      3       72

PRECIPITATION (IN)
  YESTERDAY        0.68   0.98 1956   0.15   0.53     0.10
  MONTH TO DATE    7.70               3.72   3.98     1.25
  SINCE MAR 1      8.75               6.81   1.94     4.06
  SINCE JAN 1      9.30               7.58   1.72     4.57

SNOWFALL (IN)
  YESTERDAY        0.0    0.0  2002   0.0    0.0      0.0
                               2001
                               1954
  MONTH TO DATE   13.6                2.0   11.6      0.6
  SINCE MAR 1     15.0               22.6   -7.6     23.4
  SINCE JUL 1     50.7               49.3    1.4     73.5
  SNOW DEPTH       0

DEGREE DAYS
 HEATING
  YESTERDAY        3                  7     -4        0
  MONTH TO DATE  373                289     84      318
  SINCE MAR 1   1512               1801   -289     1943
  SINCE JUL 1   6208               6755   -547     7291

 COOLING
  YESTERDAY        0                  1     -1        7
  MONTH TO DATE    2                 12    -10       17
  SINCE MAR 1      8                 13     -5       17
  SINCE JAN 1      8                 13     -5       17
...........................................................


WIND (MPH)
  HIGHEST GUST SPEED    31   HIGHEST GUST DIRECTION    NW (320)



WEATHER CONDITIONS
 THE FOLLOWING WEATHER WAS RECORDED YESTERDAY.
  RAIN
  LIGHT RAIN


..........................................................


THE EAST RAPID CITY SD CLIMATE NORMALS FOR TODAY
                         NORMAL    RECORD    YEAR
 MAXIMUM TEMPERATURE (F)   70        97      1939
 MINIMUM TEMPERATURE (F)   49        29      1947


SUNRISE AND SUNSET
MAY 29 2015...........SUNRISE   515 AM MDT   SUNSET   826 PM MDT
MAY 30 2015...........SUNRISE   514 AM MDT   SUNSET   827 PM MDT


-  INDICATES NEGATIVE NUMBERS.
R  INDICATES RECORD WAS SET OR TIED.
MM INDICATES DATA IS MISSING.
T  INDICATES TRACE AMOUNT.




$$
