000
CDUS44 KCRP 280652
CLIVCT

CLIMATE REPORT
NATIONAL WEATHER SERVICE CORPUS CHRISTI TX
150 AM CDT MON JUL 28 2014


...................................

...THE VICTORIA CLIMATE SUMMARY FOR JULY 27 2014...

CLIMATE NORMAL PERIOD 1981 TO 2010
CLIMATE RECORD PERIOD 1893 TO 2014


WEATHER ITEM   OBSERVED TIME   RECORD YEAR NORMAL DEPARTURE LAST
                VALUE   (LST)  VALUE       VALUE  FROM      YEAR
                                                  NORMAL
..................................................................
TEMPERATURE (F)
 YESTERDAY
  MAXIMUM         99    149 PM 103    1954  95      4       97
  MINIMUM         75    550 AM  67    2008  74      1       80
  AVERAGE         87                        84      3       89

PRECIPITATION (IN)
  YESTERDAY        0.00          1.61 1973   0.12  -0.12     0.05
  MONTH TO DATE    2.37                      3.74  -1.37     3.53
  SINCE JUN 1      6.48                      8.20  -1.72     3.71
  SINCE JAN 1     17.76                     23.58  -5.82    13.09

SNOWFALL (IN)
  YESTERDAY        0.0
  MONTH TO DATE    0.0
  SINCE JUN 1      0.0
  SINCE JUL 1      0.0
  SNOW DEPTH       0

DEGREE DAYS
 HEATING
  YESTERDAY        0                         0      0        0
  MONTH TO DATE    0                         0      0        0
  SINCE JUN 1      0                         0      0        0
  SINCE JUL 1      0                         0      0        0

 COOLING
  YESTERDAY       22                        19      3       24
  MONTH TO DATE  546                       508     38      525
  SINCE JUN 1   1104                      1016     88     1117
  SINCE JAN 1   1754                      1675     79     1751
..................................................................


WIND (MPH)
  HIGHEST WIND SPEED    22   HIGHEST WIND DIRECTION     S (160)
  HIGHEST GUST SPEED    30   HIGHEST GUST DIRECTION    SE (150)
  AVERAGE WIND SPEED    10.6


SKY COVER
  POSSIBLE SUNSHINE  MM
  AVERAGE SKY COVER 0.1


WEATHER CONDITIONS
 THE FOLLOWING WEATHER WAS RECORDED YESTERDAY.
  FOG


RELATIVE HUMIDITY (PERCENT)
 HIGHEST    97           700 AM
 LOWEST     42           100 PM
 AVERAGE    70

..........................................................


THE VICTORIA CLIMATE NORMALS FOR TODAY
                         NORMAL    RECORD    YEAR
 MAXIMUM TEMPERATURE (F)   95       103      1912
 MINIMUM TEMPERATURE (F)   74        70      2008
                                             1994
                                             1904


SUNRISE AND SUNSET
JULY 28 2014..........SUNRISE   647 AM CDT   SUNSET   821 PM CDT
JULY 29 2014..........SUNRISE   647 AM CDT   SUNSET   821 PM CDT


-  INDICATES NEGATIVE NUMBERS.
R  INDICATES RECORD WAS SET OR TIED.
MM INDICATES DATA IS MISSING.
T  INDICATES TRACE AMOUNT.

$$

GW
