000
CDUS44 KCRP 240053
CLIVCT

CLIMATE REPORT
NATIONAL WEATHER SERVICE CORPUS CHRISTI TX
751 PM CDT TUE SEP 23 2014


...................................

...THE VICTORIA CLIMATE SUMMARY FOR SEPTEMBER 23 2014...
VALID TODAY AS OF 700 PM LOCAL TIME.

CLIMATE NORMAL PERIOD 1981 TO 2010
CLIMATE RECORD PERIOD 1893 TO 2014


WEATHER ITEM   OBSERVED TIME   RECORD YEAR NORMAL DEPARTURE LAST
                VALUE   (LST)  VALUE       VALUE  FROM      YEAR
                                                  NORMAL
..................................................................
TEMPERATURE (F)
 TODAY
  MAXIMUM         90    223 PM 101    1925  89      1       89
  MINIMUM         70    705 AM  50    1999  67      3       65
  AVERAGE         80                        78      2       77

PRECIPITATION (IN)
  TODAY            T             1.52 1957   0.13  -0.13     0.01
  MONTH TO DATE    2.35                      3.29  -0.94     4.90
  SINCE SEP 1      2.35                      3.29  -0.94     4.90
  SINCE JAN 1     21.24                     30.16  -8.92    19.82

SNOWFALL (IN)
  TODAY            0.0
  MONTH TO DATE    0.0
  SINCE SEP 1      0.0
  SINCE JUL 1      0.0
  SNOW DEPTH       0

DEGREE DAYS
 HEATING
  TODAY            0                         0      0        0
  MONTH TO DATE    0                         0      0        0
  SINCE SEP 1      0                         0      0        0
  SINCE JUL 1      0                         0      0        0

 COOLING
  TODAY           15                        13      2       12
  MONTH TO DATE  440                       361     79      422
  SINCE SEP 1    440                       361     79      422
  SINCE JAN 1   3006                      2714    292     2916
..................................................................


WIND (MPH)
  HIGHEST WIND SPEED    18   HIGHEST WIND DIRECTION    NE (30)
  HIGHEST GUST SPEED    22   HIGHEST GUST DIRECTION    NE (50)


SKY COVER
  POSSIBLE SUNSHINE  MM
  AVERAGE SKY COVER 0.0


WEATHER CONDITIONS
 THE FOLLOWING WEATHER WAS RECORDED TODAY.
  LIGHT RAIN
  FOG


RELATIVE HUMIDITY (PERCENT)
 HIGHEST    94           200 AM
 LOWEST     36          1200 PM
 AVERAGE    65

..........................................................


THE VICTORIA CLIMATE NORMALS FOR TOMORROW
                         NORMAL    RECORD    YEAR
 MAXIMUM TEMPERATURE (F)   89       103      2005
 MINIMUM TEMPERATURE (F)   67        51      1947


SUNRISE AND SUNSET
SEPTEMBER 23 2014.....SUNRISE   717 AM CDT   SUNSET   723 PM CDT
SEPTEMBER 24 2014.....SUNRISE   717 AM CDT   SUNSET   722 PM CDT


-  INDICATES NEGATIVE NUMBERS.
R  INDICATES RECORD WAS SET OR TIED.
MM INDICATES DATA IS MISSING.
T  INDICATES TRACE AMOUNT.




$$
