000
CDUS44 KCRP 162138
CLIVCT

CLIMATE REPORT
NATIONAL WEATHER SERVICE CORPUS CHRISTI TX
335 PM CST SAT DEC 16 2017


...................................

...THE VICTORIA CLIMATE SUMMARY FOR DECEMBER 16 2017...
VALID AS OF 300 PM LOCAL TIME.

CLIMATE NORMAL PERIOD 1981 TO 2010
CLIMATE RECORD PERIOD 1893 TO 2017


WEATHER ITEM   OBSERVED TIME   RECORD YEAR NORMAL DEPARTURE LAST
                VALUE   (LST)  VALUE       VALUE  FROM      YEAR
                                                  NORMAL
..................................................................
TEMPERATURE (F)
 TODAY
  MAXIMUM         55    147 PM  85    1933  66    -11       75
  MINIMUM         42   1220 AM  20    1989  44     -2       53
  AVERAGE         49                        55     -6       64

PRECIPITATION (IN)
  TODAY            0.01          1.18 2012   0.07  -0.06     0.04
  MONTH TO DATE    1.68                      1.21   0.47     2.68
  SINCE DEC 1      1.68                      1.21   0.47     2.68
  SINCE JAN 1     46.26                     40.12   6.14    38.92

SNOWFALL (IN)
  TODAY            0.0
  MONTH TO DATE    2.0
  SINCE DEC 1      2.0
  SINCE JUL 1      2.0
  SNOW DEPTH       0

DEGREE DAYS
 HEATING
  TODAY           16                        11      5        1
  MONTH TO DATE  176                       156     20      130
  SINCE DEC 1    176                       156     20      130
  SINCE JUL 1    294                       319    -25      180

 COOLING
  TODAY            0                         1     -1        0
  MONTH TO DATE   14                        16     -2        2
  SINCE DEC 1     14                        16     -2        2
  SINCE JAN 1   3695                      3139    556     3429
..................................................................


WIND (MPH)
  HIGHEST WIND SPEED    15   HIGHEST WIND DIRECTION     E (70)
  HIGHEST GUST SPEED    20   HIGHEST GUST DIRECTION     E (80)


SKY COVER
  POSSIBLE SUNSHINE  MM
  AVERAGE SKY COVER 0.9


WEATHER CONDITIONS
 THE FOLLOWING WEATHER WAS RECORDED TODAY.
  LIGHT RAIN


RELATIVE HUMIDITY (PERCENT)
 HIGHEST    83           100 AM
 LOWEST     54          1100 AM
 AVERAGE    69

..........................................................


THE VICTORIA CLIMATE NORMALS FOR TOMORROW
                         NORMAL    RECORD    YEAR
 MAXIMUM TEMPERATURE (F)   66        84      1939
 MINIMUM TEMPERATURE (F)   44        21      1932


SUNRISE AND SUNSET
DECEMBER 16 2017......SUNRISE   714 AM CST   SUNSET   533 PM CST
DECEMBER 17 2017......SUNRISE   715 AM CST   SUNSET   533 PM CST


-  INDICATES NEGATIVE NUMBERS.
R  INDICATES RECORD WAS SET OR TIED.
MM INDICATES DATA IS MISSING.
T  INDICATES TRACE AMOUNT.




$$
