000
CDUS44 KCRP 062147 RRA
CLIVCT

CLIMATE REPORT
NATIONAL WEATHER SERVICE CORPUS CHRISTI TX
346 PM CST SAT FEB 6 2016

...................................

...THE VICTORIA CLIMATE SUMMARY FOR FEBRUARY 6 2016...
VALID TODAY AS OF 0300 PM LOCAL TIME.

CLIMATE NORMAL PERIOD 1981 TO 2010
CLIMATE RECORD PERIOD 1893 TO 2016

WEATHER ITEM   OBSERVED TIME   RECORD YEAR NORMAL DEPARTURE LAST
                VALUE   (LST)  VALUE       VALUE  FROM      YEAR
                                                  NORMAL
..................................................................
TEMPERATURE (F)
 TODAY
  MAXIMUM         64    157 PM  84    1911  67     -3       59
  MINIMUM         40    400 AM  24    1989  45     -5       43
  AVERAGE         52                        56     -4       51

PRECIPITATION (IN)
  TODAY            T             1.05 2013   0.08  -0.08     0.00
  MONTH TO DATE    T                         0.43  -0.43     0.61
  SINCE DEC 1      4.75                      5.26  -0.51     5.89
  SINCE JAN 1      3.15                      2.95   0.20     3.68

SNOWFALL (IN)
  TODAY            0.0
  MONTH TO DATE    0.0
  SINCE DEC 1      0.0
  SINCE JUL 1      0.0
  SNOW DEPTH       0

DEGREE DAYS
 HEATING
  TODAY           13                        10      3       14
  MONTH TO DATE   67                        61      6       79
  SINCE DEC 1    647                       750   -103      678
  SINCE JUL 1    745                       913   -168      869

 COOLING
  TODAY            0                         1     -1        0
  MONTH TO DATE    5                         6     -1        1
  SINCE DEC 1     66                        47     19       28
  SINCE JAN 1     10                        20    -10        2
..................................................................

WIND (MPH)
  HIGHEST WIND SPEED    31   HIGHEST WIND DIRECTION    NW (320)
  HIGHEST GUST SPEED    36   HIGHEST GUST DIRECTION    NW (310)

SKY COVER
  POSSIBLE SUNSHINE  MM
  AVERAGE SKY COVER 0.3

WEATHER CONDITIONS
 THE FOLLOWING WEATHER WAS RECORDED TODAY.
  THUNDERSTORM
  LIGHT RAIN

RELATIVE HUMIDITY (PERCENT)
 HIGHEST   100           400 AM
 LOWEST     24           200 PM
 AVERAGE    62

..........................................................

THE VICTORIA CLIMATE NORMALS FOR TOMORROW
                         NORMAL    RECORD    YEAR
 MAXIMUM TEMPERATURE (F)   67        86      1926
 MINIMUM TEMPERATURE (F)   45        25      1914

SUNRISE AND SUNSET
FEBRUARY  6 2016......SUNRISE   713 AM CST   SUNSET   610 PM CST
FEBRUARY  7 2016......SUNRISE   713 AM CST   SUNSET   611 PM CST

-  INDICATES NEGATIVE NUMBERS.
R  INDICATES RECORD WAS SET OR TIED.
MM INDICATES DATA IS MISSING.
T  INDICATES TRACE AMOUNT.

$$
