000
CDUS44 KCRP 280052
CLIVCT

CLIMATE REPORT
NATIONAL WEATHER SERVICE CORPUS CHRISTI TX
647 PM CST SAT DEC 27 2014


...................................

...THE VICTORIA CLIMATE SUMMARY FOR DECEMBER 27 2014...
VALID TODAY AS OF 600 PM LOCAL TIME.

CLIMATE NORMAL PERIOD 1981 TO 2010
CLIMATE RECORD PERIOD 1893 TO 2014


WEATHER ITEM   OBSERVED TIME   RECORD YEAR NORMAL DEPARTURE LAST
                VALUE   (LST)  VALUE       VALUE  FROM      YEAR
                                                  NORMAL
..................................................................
TEMPERATURE (F)
 TODAY
  MAXIMUM         77   1228 PM  83    2008  65     12       58
                                      1968
  MINIMUM         51    639 PM  30    2010  43      8       47
  AVERAGE         64                        54     10       53

PRECIPITATION (IN)
  TODAY            0.04          0.65 1949   0.07  -0.03     0.07
  MONTH TO DATE    1.66                      1.99  -0.33     0.45
  SINCE DEC 1      1.66                      1.99  -0.33     0.45
  SINCE JAN 1     29.64                     40.90 -11.26    25.56

SNOWFALL (IN)
  TODAY            0.0
  MONTH TO DATE    0.0
  SINCE DEC 1      0.0
  SINCE JUL 1      0.0
  SNOW DEPTH       0

DEGREE DAYS
 HEATING
  TODAY            1                        12    -11       12
  MONTH TO DATE  119                       284   -165      326
  SINCE DEC 1    119                       284   -165      326
  SINCE JUL 1    310                       447   -137      523

 COOLING
  TODAY            0                         1     -1        0
  MONTH TO DATE   26                        27     -1       32
  SINCE DEC 1     26                        27     -1       32
  SINCE JAN 1   3515                      3150    365     3434
..................................................................


WIND (MPH)
  HIGHEST WIND SPEED    26   HIGHEST WIND DIRECTION     N (340)
  HIGHEST GUST SPEED    33   HIGHEST GUST DIRECTION     N (340)


SKY COVER
  POSSIBLE SUNSHINE  MM
  AVERAGE SKY COVER 1.0


WEATHER CONDITIONS
 THE FOLLOWING WEATHER WAS RECORDED TODAY.
  RAIN
  LIGHT RAIN
  FOG


RELATIVE HUMIDITY (PERCENT)
 HIGHEST   100           200 AM
 LOWEST     77           400 PM
 AVERAGE    89

..........................................................


THE VICTORIA CLIMATE NORMALS FOR TOMORROW
                         NORMAL    RECORD    YEAR
 MAXIMUM TEMPERATURE (F)   65        83      1921
 MINIMUM TEMPERATURE (F)   43        20      1925


SUNRISE AND SUNSET
DECEMBER 27 2014......SUNRISE   719 AM CST   SUNSET   538 PM CST
DECEMBER 28 2014......SUNRISE   720 AM CST   SUNSET   539 PM CST


-  INDICATES NEGATIVE NUMBERS.
R  INDICATES RECORD WAS SET OR TIED.
MM INDICATES DATA IS MISSING.
T  INDICATES TRACE AMOUNT.




$$
