000
CDUS45 KGJT 130922
CLIVEL


CLIMATE REPORT
NATIONAL WEATHER SERVICE GRAND JUNCTION CO
219 AM MST SAT FEB 13 2016


...................................

...THE VERNAL UT CLIMATE SUMMARY FOR FEBRUARY 12 2016...

CLIMATE NORMAL PERIOD 1981 TO 2010
CLIMATE RECORD PERIOD 9999 TO 9999


WEATHER ITEM   OBSERVED TIME   RECORD YEAR NORMAL DEPARTURE LAST
                VALUE   (LST)  VALUE       VALUE  FROM      YEAR
                                                  NORMAL
..................................................................
TEMPERATURE (F)
 YESTERDAY
  MAXIMUM         34    351 PM  MM      MM  34      0       53
  MINIMUM         13    714 AM  MM      MM  15     -2       26
  AVERAGE         24                        24      0       40

PRECIPITATION (IN)
  YESTERDAY        0.00         MM      MM   0.02  -0.02     0.00
  MONTH TO DATE    0.04                      0.20  -0.16     0.00
  SINCE DEC 1      0.86                      1.34  -0.48     0.60
  SINCE JAN 1      0.40                      0.70  -0.30     0.25

SNOWFALL (IN)
  YESTERDAY       MM            MM      MM   0.1   MM       MM
  MONTH TO DATE   MM                         1.7   MM       MM
  SINCE DEC 1     MM                        12.8   MM       MM
  SINCE JUL 1     MM                        14.4   MM       MM
  SNOW DEPTH      MM

DEGREE DAYS
 HEATING
  YESTERDAY       41                        40      1       25
  MONTH TO DATE  584                       509     75      281
  SINCE DEC 1   3560                      3273    287     2564
  SINCE JUL 1   4852                      4904    -52     4047

 COOLING
  YESTERDAY        0                         0      0        0
  MONTH TO DATE    0                         0      0        0
  SINCE DEC 1      0                         0      0        0
  SINCE JAN 1      0                         0      0        0
..................................................................


WIND (MPH)
  HIGHEST WIND SPEED     7   HIGHEST WIND DIRECTION     E (80)
  HIGHEST GUST SPEED    18   HIGHEST GUST DIRECTION    NW (330)
  AVERAGE WIND SPEED     3.1


SKY COVER
  POSSIBLE SUNSHINE  MM
  AVERAGE SKY COVER 0.0


WEATHER CONDITIONS
 THE FOLLOWING WEATHER WAS RECORDED YESTERDAY.
  FOG
  HAZE


RELATIVE HUMIDITY (PERCENT)
 HIGHEST    91           900 AM
 LOWEST     63           100 PM
 AVERAGE    77

..........................................................


THE VERNAL UT CLIMATE NORMALS FOR TODAY
                         NORMAL    RECORD    YEAR
 MAXIMUM TEMPERATURE (F)   35        MM        MM
 MINIMUM TEMPERATURE (F)   15        MM        MM


SUNRISE AND SUNSET
FEBRUARY 13 2016......SUNRISE   715 AM MST   SUNSET   550 PM MST
FEBRUARY 14 2016......SUNRISE   713 AM MST   SUNSET   552 PM MST


-  INDICATES NEGATIVE NUMBERS.
R  INDICATES RECORD WAS SET OR TIED.
MM INDICATES DATA IS MISSING.
T  INDICATES TRACE AMOUNT.




$$
