000
CDUS45 KGJT 280736
CLIVEL


CLIMATE REPORT
NATIONAL WEATHER SERVICE GRAND JUNCTION CO
133 AM MDT THU AUG 28 2014


...................................

...THE VERNAL UT CLIMATE SUMMARY FOR AUGUST 27 2014...

CLIMATE NORMAL PERIOD 1981 TO 2010
CLIMATE RECORD PERIOD 9999 TO 9999


WEATHER ITEM   OBSERVED TIME   RECORD YEAR NORMAL DEPARTURE LAST
                VALUE   (LST)  VALUE       VALUE  FROM      YEAR
                                                  NORMAL
..................................................................
TEMPERATURE (F)
 YESTERDAY
  MAXIMUM         65   1005 AM  MM      MM  83    -18       80
  MINIMUM         53   1244 PM  MM      MM  53      0       59
  AVERAGE         59                        68     -9       70

PRECIPITATION (IN)
  YESTERDAY        0.90         MM      MM   0.02   0.88     0.06
  MONTH TO DATE    4.01                      0.64   3.37     0.45
  SINCE JUN 1      4.76                      2.08   2.68     1.04
  SINCE JAN 1      6.74                      5.49   1.25     4.83

SNOWFALL (IN)
  YESTERDAY       MM            MM      MM   0.0   MM       MM
  MONTH TO DATE   MM                         0.0   MM       MM
  SINCE JUN 1     MM                         0.0   MM       MM
  SINCE JUL 1     MM                         0.0   MM       MM
  SNOW DEPTH      MM

DEGREE DAYS
 HEATING
  YESTERDAY        6                         1      5        0
  MONTH TO DATE   20                         3     17        2
  SINCE JUN 1     53                        81    -28       17
  SINCE JUL 1     20                         9     11        2

 COOLING
  YESTERDAY        0                         3     -3        5
  MONTH TO DATE  130                       160    -30      168
  SINCE JUN 1    563                       469     94      673
  SINCE JAN 1    586                       478    108      681
..................................................................


WIND (MPH)
  HIGHEST WIND SPEED    25   HIGHEST WIND DIRECTION     S (180)
  HIGHEST GUST SPEED    33   HIGHEST GUST DIRECTION     S (170)
  AVERAGE WIND SPEED     3.3


SKY COVER
  POSSIBLE SUNSHINE  MM
  AVERAGE SKY COVER 1.0


WEATHER CONDITIONS
 THE FOLLOWING WEATHER WAS RECORDED YESTERDAY.
  THUNDERSTORM
  HEAVY RAIN
  RAIN
  LIGHT RAIN
  FOG


RELATIVE HUMIDITY (PERCENT)
 HIGHEST    93           400 AM
 LOWEST     67           800 AM
 AVERAGE    80

..........................................................


THE VERNAL UT CLIMATE NORMALS FOR TODAY
                         NORMAL    RECORD    YEAR
 MAXIMUM TEMPERATURE (F)   82        MM        MM
 MINIMUM TEMPERATURE (F)   52        MM        MM


SUNRISE AND SUNSET
AUGUST 28 2014........SUNRISE   642 AM MDT   SUNSET   756 PM MDT
AUGUST 29 2014........SUNRISE   642 AM MDT   SUNSET   755 PM MDT


-  INDICATES NEGATIVE NUMBERS.
R  INDICATES RECORD WAS SET OR TIED.
MM INDICATES DATA IS MISSING.
T  INDICATES TRACE AMOUNT.




$$
