000
CDUS45 KGJT 232346
CLIVEL


CLIMATE REPORT
NATIONAL WEATHER SERVICE GRAND JUNCTION CO
530 PM MDT TUE SEP 23 2014


...................................

...THE VERNAL UT CLIMATE SUMMARY FOR SEPTEMBER 23 2014...
VALID TODAY AS OF 0500 PM LOCAL TIME.

CLIMATE NORMAL PERIOD 1981 TO 2010
CLIMATE RECORD PERIOD 9999 TO 9999


WEATHER ITEM   OBSERVED TIME   RECORD YEAR NORMAL DEPARTURE LAST
                VALUE   (LST)  VALUE       VALUE  FROM      YEAR
                                                  NORMAL
..................................................................
TEMPERATURE (F)
 TODAY
  MAXIMUM         77    336 PM  MM      MM  71      6       65
  MINIMUM         53    630 AM  MM      MM  43     10       42
  AVERAGE         65                        57      8       54

PRECIPITATION (IN)
  TODAY            0.00         MM      MM   0.04  -0.04     0.01
  MONTH TO DATE    1.10                      0.80   0.30     1.78
  SINCE SEP 1      1.10                      0.80   0.30     1.78
  SINCE JAN 1      7.84                      6.41   1.43     6.61

SNOWFALL (IN)
  TODAY           MM            MM      MM   MM    MM       MM
  MONTH TO DATE   MM                         MM    MM       MM
  SINCE SEP 1     MM                         MM    MM       MM
  SINCE JUL 1     MM                         MM    MM       MM
  SNOW DEPTH      MM

DEGREE DAYS
 HEATING
  TODAY            0                         8     -8       11
  MONTH TO DATE   54                       100    -46       49
  SINCE SEP 1     54                       100    -46       49
  SINCE JUL 1     76                       116    -40       51

 COOLING
  TODAY            0                         0      0        0
  MONTH TO DATE   30                        20     10       70
  SINCE SEP 1     30                        20     10       70
  SINCE JAN 1    617                       509    108      787
..................................................................


WIND (MPH)
  HIGHEST WIND SPEED    10   HIGHEST WIND DIRECTION     E (90)
  HIGHEST GUST SPEED    13   HIGHEST GUST DIRECTION    SE (130)
  AVERAGE WIND SPEED     3.9


SKY COVER
  POSSIBLE SUNSHINE  MM
  AVERAGE SKY COVER 0.4


WEATHER CONDITIONS
 THE FOLLOWING WEATHER WAS RECORDED TODAY.
  NO SIGNIFICANT WEATHER WAS OBSERVED.


RELATIVE HUMIDITY (PERCENT)
 HIGHEST    83           400 AM
 LOWEST     43           200 PM
 AVERAGE    63

..........................................................


THE VERNAL UT CLIMATE NORMALS FOR TOMORROW
                         NORMAL    RECORD    YEAR
 MAXIMUM TEMPERATURE (F)   71        MM        MM
 MINIMUM TEMPERATURE (F)   43        MM        MM


SUNRISE AND SUNSET
SEPTEMBER 23 2014.....SUNRISE   707 AM MDT   SUNSET   713 PM MDT
SEPTEMBER 24 2014.....SUNRISE   708 AM MDT   SUNSET   712 PM MDT


-  INDICATES NEGATIVE NUMBERS.
R  INDICATES RECORD WAS SET OR TIED.
MM INDICATES DATA IS MISSING.
T  INDICATES TRACE AMOUNT.




$$
