000
CDUS43 KSGF 060657
CLIVIH


CLIMATE REPORT
NATIONAL WEATHER SERVICE SPRINGFIELD MO
1257 AM CST FRI MAR 6 2015


...................................

...THE VICHY-ROLLA MO CLIMATE SUMMARY FOR MARCH 5 2015...

CLIMATE NORMAL PERIOD 1981 TO 2010
CLIMATE RECORD PERIOD 1888 TO 2015


WEATHER ITEM   OBSERVED TIME   RECORD YEAR NORMAL DEPARTURE LAST
                VALUE   (LST)  VALUE       VALUE  FROM      YEAR
                                                  NORMAL
..................................................................
TEMPERATURE (F)
 YESTERDAY
  MAXIMUM         29    428 PM  83    1956  52    -23       49
  MINIMUM         16    709 AM  -7    1960  31    -15       25
  AVERAGE         23                        42    -19       37

PRECIPITATION (IN)
  YESTERDAY        0.00          0.90 1996   0.09  -0.09     0.00
  MONTH TO DATE    0.16                      0.42  -0.26      T
  SINCE MAR 1      0.16                      0.42  -0.26      T
  SINCE JAN 1      2.44                      4.52  -2.08     1.46

DEGREE DAYS
 HEATING
  YESTERDAY       42                        24     18       28
  MONTH TO DATE  194                       122     72      200
  SINCE MAR 1    194                       122     72      200
  SINCE JUL 1   4311                      3912    399     4506

 COOLING
  YESTERDAY        0                         0      0        0
  MONTH TO DATE    0                         0      0        0
  SINCE MAR 1      0                         0      0        0
  SINCE JAN 1      0                         0      0        0
..................................................................


WIND (MPH)
  HIGHEST WIND SPEED    17   HIGHEST WIND DIRECTION    NW (310)
  HIGHEST GUST SPEED    25   HIGHEST GUST DIRECTION    NW (310)
  AVERAGE WIND SPEED     7.8


SKY COVER
  AVERAGE SKY COVER 0.0


WEATHER CONDITIONS
 THE FOLLOWING WEATHER WAS RECORDED YESTERDAY.
  NO SIGNIFICANT WEATHER WAS OBSERVED.


RELATIVE HUMIDITY (PERCENT)
 HIGHEST    77           900 PM
 LOWEST     39           400 PM
 AVERAGE    58

..........................................................


THE VICHY-ROLLA MO CLIMATE NORMALS FOR TODAY
                         NORMAL    RECORD    YEAR
 MAXIMUM TEMPERATURE (F)   53        84      1956
 MINIMUM TEMPERATURE (F)   31        -1      1956


SUNRISE AND SUNSET
MARCH  6 2015.........SUNRISE   632 AM CST   SUNSET   605 PM CST
MARCH  7 2015.........SUNRISE   631 AM CST   SUNSET   606 PM CST


-  INDICATES NEGATIVE NUMBERS.
R  INDICATES RECORD WAS SET OR TIED.
MM INDICATES DATA IS MISSING.
T  INDICATES TRACE AMOUNT.




$$
