135
CDUS43 KSGF 270632
CLIVIH


CLIMATE REPORT
NATIONAL WEATHER SERVICE SPRINGFIELD MO
132 AM CDT FRI MAY 27 2016


...................................

...THE VICHY-ROLLA MO CLIMATE SUMMARY FOR MAY 26 2016...

CLIMATE NORMAL PERIOD 1981 TO 2010
CLIMATE RECORD PERIOD 1888 TO 2016


WEATHER ITEM   OBSERVED TIME   RECORD YEAR NORMAL DEPARTURE LAST
                VALUE   (LST)  VALUE       VALUE  FROM      YEAR
                                                  NORMAL
..................................................................
TEMPERATURE (F)
 YESTERDAY
  MAXIMUM         83    320 PM  98    2012  77      6       76
  MINIMUM         63    654 AM  37    1901  56      7       63
  AVERAGE         73                        66      7       70

PRECIPITATION (IN)
  YESTERDAY        1.06          2.23 1950   0.16   0.90     0.03
  MONTH TO DATE    4.04                      4.21  -0.17     3.84
  SINCE MAR 1     10.98                     11.88  -0.90     8.98
  SINCE JAN 1     13.10                     15.98  -2.88    11.26

DEGREE DAYS
 HEATING
  YESTERDAY        0                         2     -2        0
  MONTH TO DATE  161                       107     54       80
  SINCE MAR 1    849                      1035   -186      918
  SINCE JUL 1   4052                      4825   -773     5035

 COOLING
  YESTERDAY        8                         4      4        5
  MONTH TO DATE   28                        59    -31       75
  SINCE MAR 1     42                        85    -43       88
  SINCE JAN 1     42                        85    -43       88
..................................................................


WIND (MPH)
  HIGHEST WIND SPEED    28   HIGHEST WIND DIRECTION    NW (320)
  HIGHEST GUST SPEED    40   HIGHEST GUST DIRECTION    NW (310)
  AVERAGE WIND SPEED     9.2


SKY COVER
  AVERAGE SKY COVER 0.3


WEATHER CONDITIONS
 THE FOLLOWING WEATHER WAS RECORDED YESTERDAY.
  THUNDERSTORM
  HEAVY RAIN
  RAIN
  LIGHT RAIN
  FOG


RELATIVE HUMIDITY (PERCENT)
 HIGHEST    93           100 AM
 LOWEST     63           400 PM
 AVERAGE    78

..........................................................


THE VICHY-ROLLA MO CLIMATE NORMALS FOR TODAY
                         NORMAL    RECORD    YEAR
 MAXIMUM TEMPERATURE (F)   77        95      2012
 MINIMUM TEMPERATURE (F)   56        40      1961


SUNRISE AND SUNSET
MAY 27 2016...........SUNRISE   548 AM CDT   SUNSET   821 PM CDT
MAY 28 2016...........SUNRISE   547 AM CDT   SUNSET   822 PM CDT


-  INDICATES NEGATIVE NUMBERS.
R  INDICATES RECORD WAS SET OR TIED.
MM INDICATES DATA IS MISSING.
T  INDICATES TRACE AMOUNT.




$$
