000
CDUS43 KSGF 270959
CLIVIH


CLIMATE REPORT
NATIONAL WEATHER SERVICE SPRINGFIELD MO
359 AM CST MON FEB 27 2017


...................................

...THE VICHY-ROLLA MO CLIMATE SUMMARY FOR FEBRUARY 26 2017...

CLIMATE NORMAL PERIOD 1981 TO 2010
CLIMATE RECORD PERIOD 1888 TO 2017


WEATHER ITEM   OBSERVED TIME   RECORD YEAR NORMAL DEPARTURE LAST
                VALUE   (LST)  VALUE       VALUE  FROM      YEAR
                                                  NORMAL
..................................................................
TEMPERATURE (F)
 YESTERDAY
  MAXIMUM         45    139 PM  75    1996  49     -4       45
  MINIMUM         23    125 AM   4    1963  29     -6       27
  AVERAGE         34                        39     -5       36

PRECIPITATION (IN)
  YESTERDAY        0.01          1.30 1977   0.08  -0.07     0.00
  MONTH TO DATE    0.46                      1.78  -1.32     1.38
  SINCE DEC 1      2.92                      6.59  -3.67    12.44
  SINCE JAN 1      2.06                      3.95  -1.89     2.12

DEGREE DAYS
 HEATING
  YESTERDAY       31                        26      5       29
  MONTH TO DATE  508                       771   -263      725
  SINCE DEC 1   2340                      2792   -452     2439
  SINCE JUL 1   2968                      3739   -771     3160

 COOLING
  YESTERDAY        0                         0      0        0
  MONTH TO DATE    1                         0      1        0
  SINCE DEC 1      1                         0      1        0
  SINCE JAN 1      1                         0      1        0
..................................................................


WIND (MPH)
  HIGHEST WIND SPEED    23   HIGHEST WIND DIRECTION    SW (220)
  HIGHEST GUST SPEED    28   HIGHEST GUST DIRECTION    SW (220)
  AVERAGE WIND SPEED    10.7


SKY COVER
  AVERAGE SKY COVER 0.7


WEATHER CONDITIONS
 THE FOLLOWING WEATHER WAS RECORDED YESTERDAY.
  LIGHT RAIN
  FOG


RELATIVE HUMIDITY (PERCENT)
 HIGHEST    92           700 PM
 LOWEST     33          1100 AM
 AVERAGE    63

..........................................................


THE VICHY-ROLLA MO CLIMATE NORMALS FOR TODAY
                         NORMAL    RECORD    YEAR
 MAXIMUM TEMPERATURE (F)   50        76      1976
 MINIMUM TEMPERATURE (F)   29         2      2015


SUNRISE AND SUNSET
FEBRUARY 27 2017......SUNRISE   641 AM CST   SUNSET   559 PM CST
FEBRUARY 28 2017......SUNRISE   640 AM CST   SUNSET   600 PM CST


-  INDICATES NEGATIVE NUMBERS.
R  INDICATES RECORD WAS SET OR TIED.
MM INDICATES DATA IS MISSING.
T  INDICATES TRACE AMOUNT.




$$
