000
CDUS43 KSGF 160628
CLIVIH


CLIMATE REPORT
NATIONAL WEATHER SERVICE SPRINGFIELD MO
127 AM CDT WED APR 16 2014


...................................

...THE VICHY-ROLLA MO CLIMATE SUMMARY FOR APRIL 15 2014...

CLIMATE NORMAL PERIOD 1981 TO 2010
CLIMATE RECORD PERIOD 1888 TO 2014


WEATHER ITEM   OBSERVED TIME   RECORD YEAR NORMAL DEPARTURE LAST
                VALUE   (LST)  VALUE       VALUE  FROM      YEAR
                                                  NORMAL
..................................................................
TEMPERATURE (F)
 YESTERDAY
  MAXIMUM         48    529 PM  84    1955  67    -19       69
  MINIMUM         26R   607 AM  27    1962  44    -18       49
  AVERAGE         37                        55    -18       59

PRECIPITATION (IN)
  YESTERDAY        0.00          1.53 1991   0.14  -0.14     0.04
  MONTH TO DATE    2.14                      2.00   0.14     1.69
  SINCE MAR 1      2.85                      5.45  -2.60     4.95
  SINCE JAN 1      4.31                      9.55  -5.24     9.66

DEGREE DAYS
 HEATING
  YESTERDAY       28                        11     17        6
  MONTH TO DATE  194                       189      5      197
  SINCE MAR 1    945                       803    142     1016
  SINCE JUL 1   5251                      4593    658     4602

 COOLING
  YESTERDAY        0                         1     -1        0
  MONTH TO DATE    7                         9     -2        6
  SINCE MAR 1      7                        13     -6        6
  SINCE JAN 1      7                        13     -6        6
..................................................................


WIND (MPH)
  HIGHEST WIND SPEED    16   HIGHEST WIND DIRECTION     W (290)
  HIGHEST GUST SPEED    20   HIGHEST GUST DIRECTION     W (290)
  AVERAGE WIND SPEED     6.8


SKY COVER
  AVERAGE SKY COVER 0.0


WEATHER CONDITIONS
 THE FOLLOWING WEATHER WAS RECORDED YESTERDAY.
  NO SIGNIFICANT WEATHER WAS OBSERVED.


RELATIVE HUMIDITY (PERCENT)
 HIGHEST    81           300 AM
 LOWEST     31           500 PM
 AVERAGE    56

..........................................................


THE VICHY-ROLLA MO CLIMATE NORMALS FOR TODAY
                         NORMAL    RECORD    YEAR
 MAXIMUM TEMPERATURE (F)   67        85      2006
                                             1977
 MINIMUM TEMPERATURE (F)   44        27      1949


SUNRISE AND SUNSET
APRIL 16 2014.........SUNRISE   630 AM CDT   SUNSET   744 PM CDT
APRIL 17 2014.........SUNRISE   629 AM CDT   SUNSET   745 PM CDT


-  INDICATES NEGATIVE NUMBERS.
R  INDICATES RECORD WAS SET OR TIED.
MM INDICATES DATA IS MISSING.
T  INDICATES TRACE AMOUNT.




$$
