000
CDUS42 KTAE 260635
CLIVLD


CLIMATE REPORT
NATIONAL WEATHER SERVICE TALLAHASSEE FL
135 AM EST WED NOV 26 2014


...................................

...THE VALDOSTA CLIMATE SUMMARY FOR NOVEMBER 25 2014...

CLIMATE NORMAL PERIOD 1981 TO 2010
CLIMATE RECORD PERIOD 1948 TO 2014


WEATHER ITEM   OBSERVED TIME   NORMAL DEPARTURE LAST
                VALUE   (LST)  VALUE  FROM      YEAR
                                      NORMAL
......................................................
TEMPERATURE (F)
 YESTERDAY
  MAXIMUM         65    351 AM  70     -5       64
  MINIMUM         49   1159 PM  45      4       39
  AVERAGE         57            57      0       52

PRECIPITATION (IN)
  YESTERDAY        0.73          0.11   0.62     0.00
  MONTH TO DATE    4.29          2.04   2.25     1.36
  SINCE SEP 1     12.51          9.88   2.63     4.64
  SINCE JAN 1     47.94         46.91   1.03    38.80

DEGREE DAYS
 HEATING
  YESTERDAY        8             8      0       13
  MONTH TO DATE  253           143    110       87
  SINCE SEP 1    289           186    103      109
  SINCE JUL 1    289           186    103      109
......................................................


WIND (MPH)
  HIGHEST WIND SPEED    16   HIGHEST WIND DIRECTION     N (360)
  HIGHEST GUST SPEED    23   HIGHEST GUST DIRECTION     N (360)
  AVERAGE WIND SPEED     5.9




RELATIVE HUMIDITY (PERCENT)
 HIGHEST   100
 LOWEST     86
 AVERAGE    93

..........................................................




SUNRISE AND SUNSET
NOVEMBER 26 2014......SUNRISE   709 AM EST   SUNSET   532 PM EST
NOVEMBER 27 2014......SUNRISE   710 AM EST   SUNSET   532 PM EST


-  INDICATES NEGATIVE NUMBERS.
R  INDICATES RECORD WAS SET OR TIED.
MM INDICATES DATA IS MISSING.
T  INDICATES TRACE AMOUNT.




$$
