000
CDUS42 KTAE 170639
CLIVLD


CLIMATE REPORT
NATIONAL WEATHER SERVICE TALLAHASSEE FL
236 AM EDT WED SEP 17 2014


...................................

...THE VALDOSTA CLIMATE SUMMARY FOR SEPTEMBER 16 2014...

CLIMATE NORMAL PERIOD 1981 TO 2010
CLIMATE RECORD PERIOD 1948 TO 2014


WEATHER ITEM   OBSERVED TIME   NORMAL DEPARTURE LAST
                VALUE   (LST)  VALUE  FROM      YEAR
                                      NORMAL
......................................................
TEMPERATURE (F)
 YESTERDAY
  MAXIMUM         87    148 PM  88     -1       96
  MINIMUM         73   1159 PM  67      6       71
  AVERAGE         80            78      2       84

PRECIPITATION (IN)
  YESTERDAY        0.67          0.16   0.51      T
  MONTH TO DATE    6.18          2.76   3.42     0.14
  SINCE SEP 1      6.18          2.76   3.42     0.14
  SINCE JAN 1     41.61         39.79   1.82    34.30

DEGREE DAYS
 HEATING
  YESTERDAY        0             0      0        0
  MONTH TO DATE    0             0      0        0
  SINCE SEP 1      0             0      0        0
  SINCE JUL 1      0             0      0        0

 COOLING
  YESTERDAY       15            12      3       19
  MONTH TO DATE  264           223     41      273
  SINCE SEP 1    264           223     41      273
  SINCE JAN 1   2625          2077    548     2547
......................................................


WIND (MPH)
  HIGHEST WIND SPEED     8   HIGHEST WIND DIRECTION    SE (120)
  HIGHEST GUST SPEED    17   HIGHEST GUST DIRECTION    NW (330)
  AVERAGE WIND SPEED     1.2




RELATIVE HUMIDITY (PERCENT)
 HIGHEST   100
 LOWEST     65
 AVERAGE    83

..........................................................




SUNRISE AND SUNSET
SEPTEMBER 17 2014.....SUNRISE   719 AM EDT   SUNSET   736 PM EDT
SEPTEMBER 18 2014.....SUNRISE   719 AM EDT   SUNSET   735 PM EDT


-  INDICATES NEGATIVE NUMBERS.
R  INDICATES RECORD WAS SET OR TIED.
MM INDICATES DATA IS MISSING.
T  INDICATES TRACE AMOUNT.




$$
