000
CDUS42 KTAE 210633
CLIVLD


CLIMATE REPORT
NATIONAL WEATHER SERVICE TALLAHASSEE FL
233 AM EDT SAT OCT 21 2017


...................................

...THE VALDOSTA CLIMATE SUMMARY FOR OCTOBER 20 2017...

CLIMATE NORMAL PERIOD 1981 TO 2010
CLIMATE RECORD PERIOD 1948 TO 2017


WEATHER ITEM   OBSERVED TIME   NORMAL DEPARTURE LAST
                VALUE   (LST)  VALUE  FROM      YEAR
                                      NORMAL
......................................................
TEMPERATURE (F)
 YESTERDAY
  MAXIMUM         83    343 PM  80      3       87
  MINIMUM         55    553 AM  55      0       58
  AVERAGE         69            67      2       73

PRECIPITATION (IN)
  YESTERDAY        0.00          0.10  -0.10     0.00
  MONTH TO DATE    2.84          2.06   0.78     0.46
  SINCE SEP 1      5.18          6.70  -1.52     6.07
  SINCE JAN 1     36.96         43.73  -6.77    50.40

DEGREE DAYS
 HEATING
  YESTERDAY        0             2     -2        0
  MONTH TO DATE    1            11    -10        0
  SINCE SEP 1      1            12    -11        0
  SINCE JUL 1      1            12    -11        0

 COOLING
  YESTERDAY        4             4      0        8
  MONTH TO DATE  215           119     96      176
  SINCE SEP 1    555           490     65      624
  SINCE JAN 1   2538          2344    194     2754
......................................................


WIND (MPH)
  HIGHEST WIND SPEED    13   HIGHEST WIND DIRECTION    NE (40)
  HIGHEST GUST SPEED    17   HIGHEST GUST DIRECTION    NE (50)
  AVERAGE WIND SPEED     5.0




RELATIVE HUMIDITY (PERCENT)
 HIGHEST   100
 LOWEST     43
 AVERAGE    72

..........................................................




SUNRISE AND SUNSET
OCTOBER 21 2017.......SUNRISE   740 AM EDT   SUNSET   655 PM EDT
OCTOBER 22 2017.......SUNRISE   741 AM EDT   SUNSET   654 PM EDT


-  INDICATES NEGATIVE NUMBERS.
R  INDICATES RECORD WAS SET OR TIED.
MM INDICATES DATA IS MISSING.
T  INDICATES TRACE AMOUNT.




$$
