000
CDUS42 KTAE 010634
CLIVLD


CLIMATE REPORT
NATIONAL WEATHER SERVICE TALLAHASSEE FL
233 AM EDT TUE SEP 1 2015


...................................

...THE VALDOSTA CLIMATE SUMMARY FOR AUGUST 31 2015...

CLIMATE NORMAL PERIOD 1981 TO 2010
CLIMATE RECORD PERIOD 1948 TO 2015


WEATHER ITEM   OBSERVED TIME   NORMAL DEPARTURE LAST
                VALUE   (LST)  VALUE  FROM      YEAR
                                      NORMAL
......................................................
TEMPERATURE (F)
 YESTERDAY
  MAXIMUM         90    443 PM  90      0       94
  MINIMUM         73   1157 PM  70      3       71
  AVERAGE         82            80      2       83

PRECIPITATION (IN)
  YESTERDAY        T             0.16  -0.16     0.95
  MONTH TO DATE    6.39          5.34   1.05     6.08
  SINCE JUN 1     19.60         18.03   1.57    12.16
  SINCE JAN 1     38.16         37.03   1.13    35.43

DEGREE DAYS
 COOLING
  YESTERDAY       17            15      2       18
  MONTH TO DATE  550           502     48      594
  SINCE JUN 1   1620          1442    178     1758
  SINCE JAN 1   2267          1854    413     2361
......................................................


WIND (MPH)
  HIGHEST WIND SPEED    13   HIGHEST WIND DIRECTION     N (20)
  HIGHEST GUST SPEED    14   HIGHEST GUST DIRECTION     N (350)
  AVERAGE WIND SPEED     3.2




RELATIVE HUMIDITY (PERCENT)
 HIGHEST   100
 LOWEST     52
 AVERAGE    76

..........................................................




SUNRISE AND SUNSET
SEPTEMBER  1 2015.....SUNRISE   709 AM EDT   SUNSET   756 PM EDT
SEPTEMBER  2 2015.....SUNRISE   710 AM EDT   SUNSET   755 PM EDT


-  INDICATES NEGATIVE NUMBERS.
R  INDICATES RECORD WAS SET OR TIED.
MM INDICATES DATA IS MISSING.
T  INDICATES TRACE AMOUNT.




$$
