000
CDUS42 KTAE 050637
CLIVLD


CLIMATE REPORT
NATIONAL WEATHER SERVICE TALLAHASSEE FL
237 AM EDT WED AUG 5 2015


...................................

...THE VALDOSTA CLIMATE SUMMARY FOR AUGUST 4 2015...

CLIMATE NORMAL PERIOD 1981 TO 2010
CLIMATE RECORD PERIOD 1948 TO 2015


WEATHER ITEM   OBSERVED TIME   NORMAL DEPARTURE LAST
                VALUE   (LST)  VALUE  FROM      YEAR
                                      NORMAL
......................................................
TEMPERATURE (F)
 YESTERDAY
  MAXIMUM         90   1100 AM  92     -2       95
  MINIMUM         86   1000 AM  72     14       77
  AVERAGE         88            82      6       86

PRECIPITATION (IN)
  YESTERDAY        0.00          0.22  -0.22     0.00
  MONTH TO DATE    0.91          0.86   0.05     1.08
  SINCE JUN 1     14.11         13.55   0.56     7.16
  SINCE JAN 1     32.67         32.55   0.12    30.43

DEGREE DAYS
 COOLING
  YESTERDAY       23            17      6       21
  MONTH TO DATE   75            68      7       82
  SINCE JUN 1   1123          1008    115     1246
  SINCE JAN 1   1770          1420    350     1849
......................................................


WIND (MPH)
  HIGHEST WIND SPEED     8   HIGHEST WIND DIRECTION     S (170)
  HIGHEST GUST SPEED    MM   HIGHEST GUST DIRECTION    MM
  AVERAGE WIND SPEED     4.0




RELATIVE HUMIDITY (PERCENT)
 HIGHEST    75
 LOWEST     70
 AVERAGE    73

..........................................................




SUNRISE AND SUNSET
AUGUST  5 2015........SUNRISE   653 AM EDT   SUNSET   825 PM EDT
AUGUST  6 2015........SUNRISE   654 AM EDT   SUNSET   824 PM EDT


-  INDICATES NEGATIVE NUMBERS.
R  INDICATES RECORD WAS SET OR TIED.
MM INDICATES DATA IS MISSING.
T  INDICATES TRACE AMOUNT.




$$
