000
CDUS42 KTAE 292139
CLIVLD


CLIMATE REPORT
NATIONAL WEATHER SERVICE TALLAHASSEE FL
539 PM EDT MON JUN 29 2015


...................................

...THE VALDOSTA CLIMATE SUMMARY FOR JUNE 29 2015...
VALID TODAY AS OF 0500 PM LOCAL TIME.

CLIMATE NORMAL PERIOD 1981 TO 2010
CLIMATE RECORD PERIOD 1948 TO 2015


WEATHER ITEM   OBSERVED TIME   NORMAL DEPARTURE LAST
                VALUE   (LST)  VALUE  FROM      YEAR
                                      NORMAL
......................................................
TEMPERATURE (F)
 TODAY
  MAXIMUM         88    359 PM  91     -3      101
  MINIMUM         72    235 AM  70      2       73
  AVERAGE         80            81     -1       87

PRECIPITATION (IN)
  TODAY            0.02          0.16  -0.14     0.00
  MONTH TO DATE    2.89          5.92  -3.03     2.17
  SINCE JUN 1      2.89          5.92  -3.03     2.17
  SINCE JAN 1     21.45         24.92  -3.47    25.44

......................................................







THE VALDOSTA CLIMATE NORMALS FOR TOMORROW
                         NORMAL
 MAXIMUM TEMPERATURE (F)   92
 MINIMUM TEMPERATURE (F)   70



-  INDICATES NEGATIVE NUMBERS.
R  INDICATES RECORD WAS SET OR TIED.
MM INDICATES DATA IS MISSING.
T  INDICATES TRACE AMOUNT.




$$
