000
CDUS42 KTAE 190633
CLIVLD


CLIMATE REPORT
NATIONAL WEATHER SERVICE TALLAHASSEE FL
133 AM EST THU JAN 19 2017


...................................

...THE VALDOSTA CLIMATE SUMMARY FOR JANUARY 18 2017...

CLIMATE NORMAL PERIOD 1981 TO 2010
CLIMATE RECORD PERIOD 1948 TO 2017


WEATHER ITEM   OBSERVED TIME   NORMAL DEPARTURE LAST
                VALUE   (LST)  VALUE  FROM      YEAR
                                      NORMAL
......................................................
TEMPERATURE (F)
 YESTERDAY
  MAXIMUM         79    247 PM  62     17       55
  MINIMUM         53    343 AM  38     15       32
  AVERAGE         66            50     16       44

PRECIPITATION (IN)
  YESTERDAY        0.00          0.09  -0.09     0.00
  MONTH TO DATE    2.73          2.83  -0.10     3.13
  SINCE DEC 1      4.88          6.00  -1.12     5.64
  SINCE JAN 1      2.73          2.83  -0.10     3.13

DEGREE DAYS
 HEATING
  YESTERDAY        0            15    -15       21
  MONTH TO DATE  144           270   -126      253
  SINCE DEC 1    385           652   -267      370
  SINCE JUL 1    552           883   -331      446
......................................................


WIND (MPH)
  HIGHEST WIND SPEED     9   HIGHEST WIND DIRECTION     N (360)
  HIGHEST GUST SPEED    15   HIGHEST GUST DIRECTION    NW (320)
  AVERAGE WIND SPEED     1.6




RELATIVE HUMIDITY (PERCENT)
 HIGHEST   100
 LOWEST     60
 AVERAGE    80

..........................................................




SUNRISE AND SUNSET
JANUARY 19 2017.......SUNRISE   730 AM EST   SUNSET   558 PM EST
JANUARY 20 2017.......SUNRISE   730 AM EST   SUNSET   559 PM EST


-  INDICATES NEGATIVE NUMBERS.
R  INDICATES RECORD WAS SET OR TIED.
MM INDICATES DATA IS MISSING.
T  INDICATES TRACE AMOUNT.




$$
