000
CDUS42 KTAE 220640
CLIVLD


CLIMATE REPORT
NATIONAL WEATHER SERVICE TALLAHASSEE FL
139 AM EST MON DEC 22 2014


...................................

...THE VALDOSTA CLIMATE SUMMARY FOR DECEMBER 21 2014...

CLIMATE NORMAL PERIOD 1981 TO 2010
CLIMATE RECORD PERIOD 1948 TO 2014


WEATHER ITEM   OBSERVED TIME   NORMAL DEPARTURE LAST
                VALUE   (LST)  VALUE  FROM      YEAR
                                      NORMAL
......................................................
TEMPERATURE (F)
 YESTERDAY
  MAXIMUM         55    227 PM  64     -9       85
  MINIMUM         52   1159 PM  41     11       59
  AVERAGE         54            52      2       72

PRECIPITATION (IN)
  YESTERDAY        0.28          0.11   0.17     0.01
  MONTH TO DATE    0.44          2.37  -1.93     2.74
  SINCE DEC 1      0.44          2.37  -1.93     2.74
  SINCE JAN 1     48.57         49.80  -1.23    44.08

DEGREE DAYS
 HEATING
  YESTERDAY       11            13     -2        0
  MONTH TO DATE  211           242    -31      117
  SINCE DEC 1    211           242    -31      117
  SINCE JUL 1    578           473    105      283
......................................................


WIND (MPH)
  HIGHEST WIND SPEED    12   HIGHEST WIND DIRECTION    NE (60)
  HIGHEST GUST SPEED    16   HIGHEST GUST DIRECTION     E (80)
  AVERAGE WIND SPEED     5.8




RELATIVE HUMIDITY (PERCENT)
 HIGHEST   100
 LOWEST     86
 AVERAGE    93

..........................................................




SUNRISE AND SUNSET
DECEMBER 22 2014......SUNRISE   727 AM EST   SUNSET   536 PM EST
DECEMBER 23 2014......SUNRISE   728 AM EST   SUNSET   537 PM EST


-  INDICATES NEGATIVE NUMBERS.
R  INDICATES RECORD WAS SET OR TIED.
MM INDICATES DATA IS MISSING.
T  INDICATES TRACE AMOUNT.




$$
