000
CDUS42 KTAE 270633
CLIVLD


CLIMATE REPORT
NATIONAL WEATHER SERVICE TALLAHASSEE FL
233 AM EDT THU APR 27 2017


...................................

...THE VALDOSTA CLIMATE SUMMARY FOR APRIL 26 2017...

CLIMATE NORMAL PERIOD 1981 TO 2010
CLIMATE RECORD PERIOD 1948 TO 2017


WEATHER ITEM   OBSERVED TIME   NORMAL DEPARTURE LAST
                VALUE   (LST)  VALUE  FROM      YEAR
                                      NORMAL
......................................................
TEMPERATURE (F)
 YESTERDAY
  MAXIMUM         84    343 PM  82      2       84
  MINIMUM         52    617 AM  55     -3       60
  AVERAGE         68            68      0       72

PRECIPITATION (IN)
  YESTERDAY        0.00          0.07  -0.07     0.00
  MONTH TO DATE    1.94          2.62  -0.68     4.97
  SINCE MAR 1      3.14          7.49  -4.35    11.14
  SINCE JAN 1     13.45         16.22  -2.77    20.00

DEGREE DAYS
 HEATING
  YESTERDAY        0             1     -1        0
  MONTH TO DATE   30            64    -34       30
  SINCE MAR 1    204           250    -46      121
  SINCE JUL 1    990          1630   -640     1063

 COOLING
  YESTERDAY        3             4     -1        7
  MONTH TO DATE  104            73     31       74
  SINCE MAR 1    161           106     55      163
  SINCE JAN 1    207           116     91      173
......................................................


WIND (MPH)
  HIGHEST WIND SPEED    20   HIGHEST WIND DIRECTION     S (180)
  HIGHEST GUST SPEED    25   HIGHEST GUST DIRECTION     S (180)
  AVERAGE WIND SPEED     4.6




RELATIVE HUMIDITY (PERCENT)
 HIGHEST   100
 LOWEST     37
 AVERAGE    69

..........................................................




SUNRISE AND SUNSET
APRIL 27 2017.........SUNRISE   653 AM EDT   SUNSET   809 PM EDT
APRIL 28 2017.........SUNRISE   652 AM EDT   SUNSET   810 PM EDT


-  INDICATES NEGATIVE NUMBERS.
R  INDICATES RECORD WAS SET OR TIED.
MM INDICATES DATA IS MISSING.
T  INDICATES TRACE AMOUNT.




$$
