000
CDUS42 KTAE 290632
CLIVLD


CLIMATE REPORT
NATIONAL WEATHER SERVICE TALLAHASSEE FL
231 AM EDT MON AUG 29 2016


...................................

...THE VALDOSTA CLIMATE SUMMARY FOR AUGUST 28 2016...

CLIMATE NORMAL PERIOD 1981 TO 2010
CLIMATE RECORD PERIOD 1948 TO 2016


WEATHER ITEM   OBSERVED TIME   NORMAL DEPARTURE LAST
                VALUE   (LST)  VALUE  FROM      YEAR
                                      NORMAL
......................................................
TEMPERATURE (F)
 YESTERDAY
  MAXIMUM         95    352 PM  91      4       90
  MINIMUM         75    621 AM  71      4       71
  AVERAGE         85            81      4       81

PRECIPITATION (IN)
  YESTERDAY        0.00          0.15  -0.15     0.19
  MONTH TO DATE    1.91          4.87  -2.96     4.66
  SINCE JUN 1     20.02         17.56   2.46    17.87
  SINCE JAN 1     44.32         36.56   7.76    36.43

DEGREE DAYS
 COOLING
  YESTERDAY       20            16      4       16
  MONTH TO DATE  491           455     36      503
  SINCE JUN 1   1566          1395    171     1573
  SINCE JAN 1   2076          1807    269     2220
......................................................


WIND (MPH)
  HIGHEST WIND SPEED    16   HIGHEST WIND DIRECTION    NE (40)
  HIGHEST GUST SPEED    21   HIGHEST GUST DIRECTION    NE (40)
  AVERAGE WIND SPEED     6.7




RELATIVE HUMIDITY (PERCENT)
 HIGHEST   100
 LOWEST     41
 AVERAGE    71

..........................................................




SUNRISE AND SUNSET
AUGUST 29 2016........SUNRISE   708 AM EDT   SUNSET   759 PM EDT
AUGUST 30 2016........SUNRISE   709 AM EDT   SUNSET   758 PM EDT


-  INDICATES NEGATIVE NUMBERS.
R  INDICATES RECORD WAS SET OR TIED.
MM INDICATES DATA IS MISSING.
T  INDICATES TRACE AMOUNT.




$$
