000
CDUS43 KLOT 190638
CLIVPZ


CLIMATE REPORT
NATIONAL WEATHER SERVICE CHICAGO IL
1236 AM CST MON FEB 19 2018


...................................

...THE VALPARAISO CLIMATE SUMMARY FOR FEBRUARY 18 2018...

CLIMATE NORMAL PERIOD 1981 TO 2010
CLIMATE RECORD PERIOD 1998 TO 2018


WEATHER ITEM   OBSERVED TIME   RECORD YEAR NORMAL DEPARTURE LAST
                VALUE   (LST)  VALUE       VALUE  FROM      YEAR
                                                  NORMAL
..................................................................
TEMPERATURE (F)
 YESTERDAY
  MAXIMUM         40   1159 PM  68    2017  36      4       68
  MINIMUM         12    648 AM  -2    2006  21     -9       42
  AVERAGE         26                        28     -2       55

PRECIPITATION (IN)
  YESTERDAY        0.00          0.50 2009   0.05  -0.05     0.00
  MONTH TO DATE    1.00                      0.89   0.11     0.48
  SINCE DEC 1      1.85                      4.82  -2.97     3.64
  SINCE JAN 1      1.69                      2.64  -0.95     2.89

DEGREE DAYS
 HEATING
  YESTERDAY       39                        37      2       10
  MONTH TO DATE  774                       701     73      494
  SINCE DEC 1   3153                      3128     25     2735
  SINCE JUL 1   4152                      4386   -234     3548

 COOLING
  YESTERDAY        0                         0      0        0
  MONTH TO DATE    0                         0      0        0
  SINCE DEC 1      0                         0      0        0
  SINCE JAN 1      0                         0      0        0
..................................................................


WIND (MPH)
  RESULTANT WIND SPEED   8   RESULTANT WIND DIRECTION   S (160)
  HIGHEST WIND SPEED    18   HIGHEST WIND DIRECTION    SE (150)
  HIGHEST GUST SPEED    28   HIGHEST GUST DIRECTION     S (160)
  AVERAGE WIND SPEED    10.3



WEATHER CONDITIONS
 THE FOLLOWING WEATHER WAS RECORDED YESTERDAY.
  FOG
  FOG W/VISIBILITY <= 1/4 MILE
  HAZE


..........................................................


THE VALPARAISO CLIMATE NORMALS FOR TODAY
                         NORMAL    RECORD    YEAR
 MAXIMUM TEMPERATURE (F)   36        66      2017
 MINIMUM TEMPERATURE (F)   21        -7      2015


SUNRISE AND SUNSET
FEBRUARY 19 2018......SUNRISE   637 AM CST   SUNSET   527 PM CST
FEBRUARY 20 2018......SUNRISE   636 AM CST   SUNSET   528 PM CST


-  INDICATES NEGATIVE NUMBERS.
R  INDICATES RECORD WAS SET OR TIED.
MM INDICATES DATA IS MISSING.
T  INDICATES TRACE AMOUNT.




$$
