000
CDUS43 KLOT 050637
CLIVPZ


CLIMATE REPORT
NATIONAL WEATHER SERVICE CHICAGO IL
1237 AM CST THU MAR 5 2015


...................................

...THE VALPARAISO CLIMATE SUMMARY FOR MARCH 4 2015...

CLIMATE NORMAL PERIOD 1981 TO 2010
CLIMATE RECORD PERIOD 1998 TO 2015


WEATHER ITEM   OBSERVED TIME   RECORD YEAR NORMAL DEPARTURE LAST
                VALUE   (LST)  VALUE       VALUE  FROM      YEAR
                                                  NORMAL
..................................................................
TEMPERATURE (F)
 YESTERDAY
  MAXIMUM         31   1254 AM  75    1983  42    -11       22
  MINIMUM         14   1159 PM  -5    2002  25    -11        6
  AVERAGE         23                        33    -10       14

PRECIPITATION (IN)
  YESTERDAY        0.00          1.43 1985   0.07  -0.07     0.00
  MONTH TO DATE    0.08                      0.31  -0.23     0.06
  SINCE MAR 1      0.08                      0.31  -0.23     0.06
  SINCE JAN 1      1.69                      3.48  -1.79     2.69

DEGREE DAYS
 HEATING
  YESTERDAY       42                        32     10       51
  MONTH TO DATE  169                       129     40      208
  SINCE MAR 1    169                       129     40      208
  SINCE JUL 1   5427                      4861    566     5657

 COOLING
  YESTERDAY        0                         0      0        0
  MONTH TO DATE    0                         0      0        0
  SINCE MAR 1      0                         0      0        0
  SINCE JAN 1      0                         0      0        0
..................................................................


WIND (MPH)
  RESULTANT WIND SPEED   9   RESULTANT WIND DIRECTION  NW (310)
  HIGHEST WIND SPEED    15   HIGHEST WIND DIRECTION     N (350)
  HIGHEST GUST SPEED    20   HIGHEST GUST DIRECTION    NW (330)
  AVERAGE WIND SPEED     9.3



WEATHER CONDITIONS
 THE FOLLOWING WEATHER WAS RECORDED YESTERDAY.
  HAZE


..........................................................


THE VALPARAISO CLIMATE NORMALS FOR TODAY
                         NORMAL    RECORD    YEAR
 MAXIMUM TEMPERATURE (F)   42        76      1983
 MINIMUM TEMPERATURE (F)   25        -3      1978


SUNRISE AND SUNSET
MARCH  5 2015.........SUNRISE   617 AM CST   SUNSET   543 PM CST
MARCH  6 2015.........SUNRISE   615 AM CST   SUNSET   544 PM CST


-  INDICATES NEGATIVE NUMBERS.
R  INDICATES RECORD WAS SET OR TIED.
MM INDICATES DATA IS MISSING.
T  INDICATES TRACE AMOUNT.




$$
