000
CDUS43 KLOT 250636
CLIVPZ


CLIMATE REPORT
NATIONAL WEATHER SERVICE CHICAGO IL
1236 AM CST SAT FEB 25 2017


...................................

...THE VALPARAISO CLIMATE SUMMARY FOR FEBRUARY 24 2017...

CLIMATE NORMAL PERIOD 1981 TO 2010
CLIMATE RECORD PERIOD 1998 TO 2017


WEATHER ITEM   OBSERVED TIME   RECORD YEAR NORMAL DEPARTURE LAST
                VALUE   (LST)  VALUE       VALUE  FROM      YEAR
                                                  NORMAL
..................................................................
TEMPERATURE (F)
 YESTERDAY
  MAXIMUM         66R  1122 AM  59    2002  38     28       36
                                      2000
  MINIMUM         40   1159 PM   0    2015  23     17       31
  AVERAGE         53                        30     23       34

PRECIPITATION (IN)
  YESTERDAY        0.04          1.76 2001   0.04   0.00     0.07
  MONTH TO DATE    0.67                      1.20  -0.53     0.79
  SINCE DEC 1      3.83                      5.13  -1.30     3.38
  SINCE JAN 1      3.08                      2.95   0.13     1.25

DEGREE DAYS
 HEATING
  YESTERDAY       12                        35    -23       31
  MONTH TO DATE  562                       914   -352      840
  SINCE DEC 1   2803                      3341   -538     2745
  SINCE JUL 1   3616                      4599   -983     3721

 COOLING
  YESTERDAY        0                         0      0        0
  MONTH TO DATE    0                         0      0        0
  SINCE DEC 1      0                         0      0        0
  SINCE JAN 1      0                         0      0        0
..................................................................


WIND (MPH)
  RESULTANT WIND SPEED   7   RESULTANT WIND DIRECTION  SW (230)
  HIGHEST WIND SPEED    24   HIGHEST WIND DIRECTION     W (250)
  HIGHEST GUST SPEED    29   HIGHEST GUST DIRECTION     W (260)
  AVERAGE WIND SPEED    11.3



WEATHER CONDITIONS
 THE FOLLOWING WEATHER WAS RECORDED YESTERDAY.
  THUNDERSTORM
  LIGHT RAIN
  FOG


..........................................................


THE VALPARAISO CLIMATE NORMALS FOR TODAY
                         NORMAL    RECORD    YEAR
 MAXIMUM TEMPERATURE (F)   39        71      2000
 MINIMUM TEMPERATURE (F)   23         0      2003


SUNRISE AND SUNSET
FEBRUARY 25 2017......SUNRISE   628 AM CST   SUNSET   534 PM CST
FEBRUARY 26 2017......SUNRISE   627 AM CST   SUNSET   535 PM CST


-  INDICATES NEGATIVE NUMBERS.
R  INDICATES RECORD WAS SET OR TIED.
MM INDICATES DATA IS MISSING.
T  INDICATES TRACE AMOUNT.




$$
