000
CDUS43 KLOT 050635
CLIVPZ


CLIMATE REPORT
NATIONAL WEATHER SERVICE CHICAGO IL
135 AM CDT SAT SEP 5 2015


...................................

...THE VALPARAISO CLIMATE SUMMARY FOR SEPTEMBER 4 2015...

CLIMATE NORMAL PERIOD 1981 TO 2010
CLIMATE RECORD PERIOD 1998 TO 2015


WEATHER ITEM   OBSERVED TIME   RECORD YEAR NORMAL DEPARTURE LAST
                VALUE   (LST)  VALUE       VALUE  FROM      YEAR
                                                  NORMAL
..................................................................
TEMPERATURE (F)
 YESTERDAY
  MAXIMUM         83    336 PM  93    1999  78      5       83
  MINIMUM         65    519 AM  49    2005  57      8       66
                                      2003
  AVERAGE         74                        68      6       75

PRECIPITATION (IN)
  YESTERDAY        T             2.29 2008   0.12  -0.12     0.18
  MONTH TO DATE    T                         0.54  -0.54     0.27
  SINCE SEP 1      T                         0.54  -0.54     0.27
  SINCE JAN 1     23.70                     26.08  -2.38    29.63

DEGREE DAYS
 HEATING
  YESTERDAY        0                         1     -1        0
  MONTH TO DATE    0                         4     -4        0
  SINCE SEP 1      0                         4     -4        0
  SINCE JUL 1     11                        21    -10       40

 COOLING
  YESTERDAY        9                         4      5       10
  MONTH TO DATE   49                        16     33       38
  SINCE SEP 1     49                        16     33       38
  SINCE JAN 1    636                       652    -16      585
..................................................................


WIND (MPH)
  RESULTANT WIND SPEED   1   RESULTANT WIND DIRECTION   E (70)
  HIGHEST WIND SPEED     9   HIGHEST WIND DIRECTION     S (170)
  HIGHEST GUST SPEED    12   HIGHEST GUST DIRECTION    SE (120)
  AVERAGE WIND SPEED     2.7



WEATHER CONDITIONS
 THE FOLLOWING WEATHER WAS RECORDED YESTERDAY.
  FOG


..........................................................


THE VALPARAISO CLIMATE NORMALS FOR TODAY
                         NORMAL    RECORD    YEAR
 MAXIMUM TEMPERATURE (F)   78        93      1999
 MINIMUM TEMPERATURE (F)   57        45      2003


SUNRISE AND SUNSET
SEPTEMBER  5 2015.....SUNRISE   618 AM CDT   SUNSET   715 PM CDT
SEPTEMBER  6 2015.....SUNRISE   619 AM CDT   SUNSET   713 PM CDT


-  INDICATES NEGATIVE NUMBERS.
R  INDICATES RECORD WAS SET OR TIED.
MM INDICATES DATA IS MISSING.
T  INDICATES TRACE AMOUNT.




$$
