848
CDUS43 KLOT 280633
CLIVPZ


CLIMATE REPORT
NATIONAL WEATHER SERVICE CHICAGO IL
132 AM CDT SUN MAY 28 2017


...................................

...THE VALPARAISO CLIMATE SUMMARY FOR MAY 27 2017...

CLIMATE NORMAL PERIOD 1981 TO 2010
CLIMATE RECORD PERIOD 1998 TO 2017


WEATHER ITEM   OBSERVED TIME   RECORD YEAR NORMAL DEPARTURE LAST
                VALUE   (LST)  VALUE       VALUE  FROM      YEAR
                                                  NORMAL
..................................................................
TEMPERATURE (F)
 YESTERDAY
  MAXIMUM         76    437 PM  97    2012  74      2       85
  MINIMUM         60    711 AM  42    2008  52      8       65
  AVERAGE         68                        63      5       75

PRECIPITATION (IN)
  YESTERDAY        0.00          0.50 2013   0.10  -0.10     0.20
  MONTH TO DATE    3.49                      3.39   0.10     1.90
  SINCE MAR 1     11.94                      9.40   2.54     7.63
  SINCE JAN 1     15.38                     12.57   2.81     8.96

DEGREE DAYS
 HEATING
  YESTERDAY        0                         4     -4        0
  MONTH TO DATE  216                       204     12      237
  SINCE MAR 1   1321                      1531   -210     1380
  SINCE JUL 1   5035                      6263  -1228     5238

 COOLING
  YESTERDAY        3                         2      1       10
  MONTH TO DATE   36                        32      4       34
  SINCE MAR 1     49                        37     12       40
  SINCE JAN 1     49                        37     12       40
..................................................................


WIND (MPH)
  RESULTANT WIND SPEED   3   RESULTANT WIND DIRECTION  NE (40)
  HIGHEST WIND SPEED     9   HIGHEST WIND DIRECTION     E (110)
  HIGHEST GUST SPEED    16   HIGHEST GUST DIRECTION     N (10)
  AVERAGE WIND SPEED     4.4



WEATHER CONDITIONS
 THE FOLLOWING WEATHER WAS RECORDED YESTERDAY.
  FOG


..........................................................


THE VALPARAISO CLIMATE NORMALS FOR TODAY
                         NORMAL    RECORD    YEAR
 MAXIMUM TEMPERATURE (F)   74        93      2012
 MINIMUM TEMPERATURE (F)   52        40      2008


SUNRISE AND SUNSET
MAY 28 2017...........SUNRISE   519 AM CDT   SUNSET   812 PM CDT
MAY 29 2017...........SUNRISE   518 AM CDT   SUNSET   813 PM CDT


-  INDICATES NEGATIVE NUMBERS.
R  INDICATES RECORD WAS SET OR TIED.
MM INDICATES DATA IS MISSING.
T  INDICATES TRACE AMOUNT.




$$
