000
CDUS43 KLOT 260642
CLIVPZ


CLIMATE REPORT
NATIONAL WEATHER SERVICE CHICAGO IL
138 AM CDT TUE SEP 26 2017


...................................

...THE VALPARAISO CLIMATE SUMMARY FOR SEPTEMBER 25 2017...

CLIMATE NORMAL PERIOD 1981 TO 2010
CLIMATE RECORD PERIOD 1998 TO 2017


WEATHER ITEM   OBSERVED TIME   RECORD YEAR NORMAL DEPARTURE LAST
                VALUE   (LST)  VALUE       VALUE  FROM      YEAR
                                                  NORMAL
..................................................................
TEMPERATURE (F)
 YESTERDAY
  MAXIMUM         91R   313 PM  86    2016  71     20       86
                                      1999
  MINIMUM         59    546 AM  38    2000  49     10       58
  AVERAGE         75                        60     15       72

PRECIPITATION (IN)
  YESTERDAY        0.00          0.48 2001   0.10  -0.10      T
  MONTH TO DATE    1.39                      2.66  -1.27     0.72
  SINCE SEP 1      1.39                      2.66  -1.27     0.72
  SINCE JAN 1     25.44                     28.20  -2.76    23.56

DEGREE DAYS
 HEATING
  YESTERDAY        0                         6     -6        0
  MONTH TO DATE   46                        76    -30        0
  SINCE SEP 1     46                        76    -30        0
  SINCE JUL 1     52                        93    -41        8

 COOLING
  YESTERDAY       10                         1      9        7
  MONTH TO DATE  140                        60     80      141
  SINCE SEP 1    140                        60     80      141
  SINCE JAN 1    904                       696    208      990
..................................................................


WIND (MPH)
  RESULTANT WIND SPEED   3   RESULTANT WIND DIRECTION  SE (120)
  HIGHEST WIND SPEED    13   HIGHEST WIND DIRECTION    SE (150)
  HIGHEST GUST SPEED    17   HIGHEST GUST DIRECTION    SE (150)
  AVERAGE WIND SPEED     3.7



WEATHER CONDITIONS
 THE FOLLOWING WEATHER WAS RECORDED YESTERDAY.
  NO SIGNIFICANT WEATHER WAS OBSERVED.


..........................................................


THE VALPARAISO CLIMATE NORMALS FOR TODAY
                         NORMAL    RECORD    YEAR
 MAXIMUM TEMPERATURE (F)   71        91      1998
 MINIMUM TEMPERATURE (F)   48        38      2000


SUNRISE AND SUNSET
SEPTEMBER 26 2017.....SUNRISE   640 AM CDT   SUNSET   638 PM CDT
SEPTEMBER 27 2017.....SUNRISE   641 AM CDT   SUNSET   636 PM CDT


-  INDICATES NEGATIVE NUMBERS.
R  INDICATES RECORD WAS SET OR TIED.
MM INDICATES DATA IS MISSING.
T  INDICATES TRACE AMOUNT.




$$
