755
CDUS43 KLOT 260634
CLIVPZ


CLIMATE REPORT
NATIONAL WEATHER SERVICE CHICAGO IL
133 AM CDT FRI AUG 26 2016


...................................

...THE VALPARAISO CLIMATE SUMMARY FOR AUGUST 25 2016...

CLIMATE NORMAL PERIOD 1981 TO 2010
CLIMATE RECORD PERIOD 1998 TO 2016


WEATHER ITEM   OBSERVED TIME   RECORD YEAR NORMAL DEPARTURE LAST
                VALUE   (LST)  VALUE       VALUE  FROM      YEAR
                                                  NORMAL
..................................................................
TEMPERATURE (F)
 YESTERDAY
  MAXIMUM         82    243 PM  92    2003  80      2       70
  MINIMUM         68    511 AM  54    2009  60      8       59
                                      2005
  AVERAGE         75                        70      5       65

PRECIPITATION (IN)
  YESTERDAY        0.16          1.58 2001   0.14   0.02     0.00
  MONTH TO DATE    8.42                      3.49   4.93     4.28
  SINCE JUN 1     12.61                     11.74   0.87    14.81
  SINCE JAN 1     22.01                     24.72  -2.71    23.60

DEGREE DAYS
 HEATING
  YESTERDAY        0                         1     -1        0
  MONTH TO DATE    0                         1     -1        0
  SINCE JUN 1     28                        46    -18       33
  SINCE JUL 1      8                         5      3        6

 COOLING
  YESTERDAY       10                         5      5        0
  MONTH TO DATE  229                       157     72      160
  SINCE JUN 1    710                       561    149      494
  SINCE JAN 1    787                       608    179      570
..................................................................


WIND (MPH)
  RESULTANT WIND SPEED   4   RESULTANT WIND DIRECTION   W (250)
  HIGHEST WIND SPEED    15   HIGHEST WIND DIRECTION     W (250)
  HIGHEST GUST SPEED    19   HIGHEST GUST DIRECTION    SW (240)
  AVERAGE WIND SPEED     5.6



WEATHER CONDITIONS
 THE FOLLOWING WEATHER WAS RECORDED YESTERDAY.
  THUNDERSTORM
  HEAVY RAIN
  RAIN
  LIGHT RAIN


..........................................................


THE VALPARAISO CLIMATE NORMALS FOR TODAY
                         NORMAL    RECORD    YEAR
 MAXIMUM TEMPERATURE (F)   80        89      2003
 MINIMUM TEMPERATURE (F)   60        49      2008


SUNRISE AND SUNSET
AUGUST 26 2016........SUNRISE   609 AM CDT   SUNSET   730 PM CDT
AUGUST 27 2016........SUNRISE   610 AM CDT   SUNSET   728 PM CDT


-  INDICATES NEGATIVE NUMBERS.
R  INDICATES RECORD WAS SET OR TIED.
MM INDICATES DATA IS MISSING.
T  INDICATES TRACE AMOUNT.




$$
