000
CDUS43 KLOT 310636
CLIVPZ


CLIMATE REPORT
NATIONAL WEATHER SERVICE CHICAGO IL
1235 AM CST SAT JAN 31 2015


...................................

...THE VALPARAISO CLIMATE SUMMARY FOR JANUARY 30 2015...

CLIMATE NORMAL PERIOD 1981 TO 2010
CLIMATE RECORD PERIOD 1998 TO 2015


WEATHER ITEM   OBSERVED TIME   RECORD YEAR NORMAL DEPARTURE LAST
                VALUE   (LST)  VALUE       VALUE  FROM      YEAR
                                                  NORMAL
..................................................................
TEMPERATURE (F)
 YESTERDAY
  MAXIMUM         30   1210 AM  53    2013  32     -2       32
  MINIMUM         17   1145 PM  -7    2004  16      1       14
  AVERAGE         24                        24      0       23

PRECIPITATION (IN)
  YESTERDAY        T             0.80 2002   0.06  -0.06      T
  MONTH TO DATE    0.83                      1.69  -0.86     0.93
  SINCE DEC 1      1.64                      3.87  -2.23     2.04
  SINCE JAN 1      0.83                      1.69  -0.86     0.93

DEGREE DAYS
 HEATING
  YESTERDAY       41                        41      0       42
  MONTH TO DATE 1310                      1245     65     1350
  SINCE DEC 1   2318                      2389    -71     2647
  SINCE JUL 1   3819                      3647    172     4033

 COOLING
  YESTERDAY        0                         0      0        0
  MONTH TO DATE    0                         0      0        0
  SINCE DEC 1      0                         0      0        0
  SINCE JAN 1      0                         0      0        0
..................................................................


WIND (MPH)
  RESULTANT WIND SPEED   4   RESULTANT WIND DIRECTION   N (340)
  HIGHEST WIND SPEED    21   HIGHEST WIND DIRECTION     N (340)
  HIGHEST GUST SPEED    32   HIGHEST GUST DIRECTION    NW (330)
  AVERAGE WIND SPEED     7.1



WEATHER CONDITIONS
 THE FOLLOWING WEATHER WAS RECORDED YESTERDAY.
  LIGHT SNOW


..........................................................


THE VALPARAISO CLIMATE NORMALS FOR TODAY
                         NORMAL    RECORD    YEAR
 MAXIMUM TEMPERATURE (F)   32        56      2012
 MINIMUM TEMPERATURE (F)   17       -10      2004


SUNRISE AND SUNSET
JANUARY 31 2015.......SUNRISE   701 AM CST   SUNSET   503 PM CST
FEBRUARY  1 2015......SUNRISE   700 AM CST   SUNSET   504 PM CST


-  INDICATES NEGATIVE NUMBERS.
R  INDICATES RECORD WAS SET OR TIED.
MM INDICATES DATA IS MISSING.
T  INDICATES TRACE AMOUNT.




$$
