000
CDUS42 KMLB 230626
CLIVRB


CLIMATE REPORT
NATIONAL WEATHER SERVICE MELBOURNE FL
225 AM EDT WED AUG 23 2017


...................................

...THE VERO BEACH CLIMATE SUMMARY FOR AUGUST 22 2017...

CLIMATE NORMAL PERIOD 1981 TO 2010
CLIMATE RECORD PERIOD 1942 TO 2017


WEATHER ITEM   OBSERVED TIME   RECORD YEAR NORMAL DEPARTURE LAST
                VALUE   (LST)  VALUE       VALUE  FROM      YEAR
                                                  NORMAL
..................................................................
TEMPERATURE (F)
 YESTERDAY
  MAXIMUM         91    157 PM  95    1993  90      1       92
                                      1980
  MINIMUM         80    306 AM  67    1984  74      6       75
  AVERAGE         86                        82      4       84

PRECIPITATION (IN)
  YESTERDAY        0.01          3.22 1998   0.24  -0.23     0.00
  MONTH TO DATE    6.23                      4.86   1.37     9.13
  SINCE JUN 1     17.98                     17.16   0.82    14.59
  SINCE JAN 1     29.02                     32.53  -3.51    50.38

SNOWFALL (IN)
  YESTERDAY        0.0
  MONTH TO DATE    0.0
  SINCE JUL 1      0.0

DEGREE DAYS
 HEATING
  YESTERDAY        0                         0      0        0
  MONTH TO DATE    0                         0      0        0
  SINCE JUN 1      0                         0      0        0
  SINCE JUL 1      0                         0      0        0

 COOLING
  YESTERDAY       21                        17      4       19
  MONTH TO DATE  417                       374     43      401
  SINCE JUN 1   1482                      1348    134     1494
  SINCE JAN 1   2547                      2154    393     2423
..................................................................


WIND (MPH)
  HIGHEST WIND SPEED    16   HIGHEST WIND DIRECTION     E (70)
  HIGHEST GUST SPEED    21   HIGHEST GUST DIRECTION    NE (30)
  AVERAGE WIND SPEED     9.1


SKY COVER
  AVERAGE SKY COVER 0.2


WEATHER CONDITIONS
 THE FOLLOWING WEATHER WAS RECORDED YESTERDAY.
  FOG


RELATIVE HUMIDITY (PERCENT)
 HIGHEST    88           500 PM
 LOWEST     68          1100 AM
 AVERAGE    78

..........................................................


THE VERO BEACH CLIMATE NORMALS FOR TODAY
                         NORMAL    RECORD    YEAR
 MAXIMUM TEMPERATURE (F)   90        96      1980
 MINIMUM TEMPERATURE (F)   74        70      2012
                                             1999
                                             1990


SUNRISE AND SUNSET
AUGUST 23 2017........SUNRISE   656 AM EDT   SUNSET   752 PM EDT
AUGUST 24 2017........SUNRISE   657 AM EDT   SUNSET   751 PM EDT


-  INDICATES NEGATIVE NUMBERS.
R  INDICATES RECORD WAS SET OR TIED.
MM INDICATES DATA IS MISSING.
T  INDICATES TRACE AMOUNT.




$$
