000
CDUS42 KMLB 262017
CLIVRB


CLIMATE REPORT
NATIONAL WEATHER SERVICE MELBOURNE FL
416 PM EDT MON JUN 26 2017


...................................

...THE VERO BEACH CLIMATE SUMMARY FOR JUNE 26 2017...
VALID TODAY AS OF 0400 PM LOCAL TIME.

CLIMATE NORMAL PERIOD 1981 TO 2010
CLIMATE RECORD PERIOD 1942 TO 2017


WEATHER ITEM   OBSERVED TIME   RECORD YEAR NORMAL DEPARTURE LAST
                VALUE   (LST)  VALUE       VALUE  FROM      YEAR
                                                  NORMAL
..................................................................
TEMPERATURE (F)
 TODAY
  MAXIMUM         93   1147 AM  98    1950  89      4       91
  MINIMUM         73    601 AM  65    1971  73      0       74
  AVERAGE         83                        81      2       83

PRECIPITATION (IN)
  TODAY            0.00          3.03 1974   0.23  -0.23     0.00
  MONTH TO DATE    6.14                      5.76   0.38     3.49
  SINCE JUN 1      6.14                      5.76   0.38     3.49
  SINCE JAN 1     17.18                     21.13  -3.95    39.28

SNOWFALL (IN)
  TODAY            0.0
  MONTH TO DATE    0.0
  SINCE JUL 1      0.0

DEGREE DAYS
 HEATING
  TODAY            0                         0      0        0
  MONTH TO DATE    0                         0      0        0
  SINCE JUN 1      0                         0      0        0
  SINCE JUL 1    185                       456   -271      284

 COOLING
  TODAY           18                        16      2       18
  MONTH TO DATE  416                       393     23      449
  SINCE JUN 1    416                       393     23      449
  SINCE JAN 1   1481                      1199    282     1378
..................................................................


WIND (MPH)
  HIGHEST WIND SPEED    17   HIGHEST WIND DIRECTION    SE (130)
  HIGHEST GUST SPEED    22   HIGHEST GUST DIRECTION    SE (120)
  AVERAGE WIND SPEED     7.0


SKY COVER
  AVERAGE SKY COVER 0.2


WEATHER CONDITIONS
 THE FOLLOWING WEATHER WAS RECORDED TODAY.
  NO SIGNIFICANT WEATHER WAS OBSERVED.


RELATIVE HUMIDITY (PERCENT)
 HIGHEST    94           300 AM
 LOWEST     52          1200 PM
 AVERAGE    73

..........................................................


THE VERO BEACH CLIMATE NORMALS FOR TOMORROW
                         NORMAL    RECORD    YEAR
 MAXIMUM TEMPERATURE (F)   89       100      1950
 MINIMUM TEMPERATURE (F)   73        64      1966


SUNRISE AND SUNSET
JUNE 26 2017..........SUNRISE   628 AM EDT   SUNSET   821 PM EDT
JUNE 27 2017..........SUNRISE   628 AM EDT   SUNSET   821 PM EDT


-  INDICATES NEGATIVE NUMBERS.
R  INDICATES RECORD WAS SET OR TIED.
MM INDICATES DATA IS MISSING.
T  INDICATES TRACE AMOUNT.




$$
