000
CDUS42 KMLB 282025
CLIVRB


CLIMATE REPORT
NATIONAL WEATHER SERVICE MELBOURNE FL
424 PM EDT THU MAY 28 2015


...................................

...THE VERO BEACH CLIMATE SUMMARY FOR MAY 28 2015...
VALID TODAY AS OF 0400 PM LOCAL TIME.

CLIMATE NORMAL PERIOD 1981 TO 2010
CLIMATE RECORD PERIOD 1942 TO 2015


WEATHER ITEM   OBSERVED TIME   RECORD YEAR NORMAL DEPARTURE LAST
                VALUE   (LST)  VALUE       VALUE  FROM      YEAR
                                                  NORMAL
..................................................................
TEMPERATURE (F)
 TODAY
  MAXIMUM         87    128 PM  96    1967  87      0       88
  MINIMUM         76    439 AM  62    1985  70      6       68
  AVERAGE         82                        78      4       78

PRECIPITATION (IN)
  TODAY            0.00          2.31 1996   0.15  -0.15     0.00
  MONTH TO DATE    0.45                      2.88  -2.43     2.56
  SINCE MAR 1      7.55                      9.72  -2.17     6.53
  SINCE JAN 1     11.18                     14.89  -3.71    13.08

SNOWFALL (IN)
  TODAY            0.0
  MONTH TO DATE    0.0
  SINCE JUL 1      0.0

DEGREE DAYS
 HEATING
  TODAY            0                         0      0        0
  MONTH TO DATE    0                         0      0        0
  SINCE MAR 1     12                        70    -58       33
  SINCE JUL 1    384                       455    -71      268

 COOLING
  TODAY           17                        13      4       13
  MONTH TO DATE  380                       306     74      328
  SINCE MAR 1    988                       625    363      678
  SINCE JAN 1   1113                       764    349      886
..................................................................


WIND (MPH)
  HIGHEST WIND SPEED    18   HIGHEST WIND DIRECTION     E (70)
  HIGHEST GUST SPEED    24   HIGHEST GUST DIRECTION     E (70)
  AVERAGE WIND SPEED    12.4


SKY COVER
  AVERAGE SKY COVER 0.5


WEATHER CONDITIONS
 THE FOLLOWING WEATHER WAS RECORDED TODAY.
  NO SIGNIFICANT WEATHER WAS OBSERVED.


RELATIVE HUMIDITY (PERCENT)
 HIGHEST    64           300 AM
 LOWEST     44          1000 AM
 AVERAGE    54

..........................................................


THE VERO BEACH CLIMATE NORMALS FOR TOMORROW
                         NORMAL    RECORD    YEAR
 MAXIMUM TEMPERATURE (F)   87        99      2000
 MINIMUM TEMPERATURE (F)   70        62      2008


SUNRISE AND SUNSET
MAY 28 2015...........SUNRISE   627 AM EDT   SUNSET   811 PM EDT
MAY 29 2015...........SUNRISE   627 AM EDT   SUNSET   811 PM EDT


-  INDICATES NEGATIVE NUMBERS.
R  INDICATES RECORD WAS SET OR TIED.
MM INDICATES DATA IS MISSING.
T  INDICATES TRACE AMOUNT.




$$
