000
CDUS42 KMLB 020635
CLIVRB


CLIMATE REPORT
NATIONAL WEATHER SERVICE MELBOURNE FL
235 AM EDT THU JUL 2 2015


...................................

...THE VERO BEACH CLIMATE SUMMARY FOR JULY 1 2015...

CLIMATE NORMAL PERIOD 1981 TO 2010
CLIMATE RECORD PERIOD 1942 TO 2015


WEATHER ITEM   OBSERVED TIME   RECORD YEAR NORMAL DEPARTURE LAST
                VALUE   (LST)  VALUE       VALUE  FROM      YEAR
                                                  NORMAL
..................................................................
TEMPERATURE (F)
 YESTERDAY
  MAXIMUM         94   1207 PM  99    1998  89      5       84
  MINIMUM         71    551 AM  62    1981  73     -2       73
  AVERAGE         83                        81      2       79

PRECIPITATION (IN)
  YESTERDAY        0.00          4.09 2011   0.20  -0.20     0.10
  MONTH TO DATE    0.00                      0.20  -0.20     0.10
  SINCE JUN 1      4.91                      6.87  -1.96     7.80
  SINCE JAN 1     16.63                     22.24  -5.61    20.98

SNOWFALL (IN)
  YESTERDAY        0.0
  MONTH TO DATE    0.0
  SINCE JUL 1      0.0

DEGREE DAYS
 HEATING
  YESTERDAY        0                         0      0        0
  MONTH TO DATE    0                         0      0        0
  SINCE JUN 1      0                         0      0        0
  SINCE JUL 1      0                         0      0        0

 COOLING
  YESTERDAY       18                        16      2       14
  MONTH TO DATE   18                        16      2       14
  SINCE JUN 1    531                       472     59      448
  SINCE JAN 1   1683                      1278    405     1374
..................................................................


WIND (MPH)
  HIGHEST WIND SPEED    20   HIGHEST WIND DIRECTION    SE (130)
  HIGHEST GUST SPEED    24   HIGHEST GUST DIRECTION    SE (120)
  AVERAGE WIND SPEED     6.4


SKY COVER
  AVERAGE SKY COVER 0.0


WEATHER CONDITIONS
 THE FOLLOWING WEATHER WAS RECORDED YESTERDAY.
  NO SIGNIFICANT WEATHER WAS OBSERVED.


RELATIVE HUMIDITY (PERCENT)
 HIGHEST    84           400 AM
 LOWEST     44          1200 PM
 AVERAGE    64

..........................................................


THE VERO BEACH CLIMATE NORMALS FOR TODAY
                         NORMAL    RECORD    YEAR
 MAXIMUM TEMPERATURE (F)   89        95      1986
                                             1980
 MINIMUM TEMPERATURE (F)   73        66      1981


SUNRISE AND SUNSET
JULY  2 2015..........SUNRISE   630 AM EDT   SUNSET   821 PM EDT
JULY  3 2015..........SUNRISE   630 AM EDT   SUNSET   821 PM EDT


-  INDICATES NEGATIVE NUMBERS.
R  INDICATES RECORD WAS SET OR TIED.
MM INDICATES DATA IS MISSING.
T  INDICATES TRACE AMOUNT.




$$
