000
CDUS42 KMLB 272021
CLIVRB


CLIMATE REPORT
NATIONAL WEATHER SERVICE MELBOURNE FL
420 PM EDT MON MAR 27 2017


...................................

...THE VERO BEACH CLIMATE SUMMARY FOR MARCH 27 2017...
VALID TODAY AS OF 0400 PM LOCAL TIME.

CLIMATE NORMAL PERIOD 1981 TO 2010
CLIMATE RECORD PERIOD 1942 TO 2017


WEATHER ITEM   OBSERVED TIME   RECORD YEAR NORMAL DEPARTURE LAST
                VALUE   (LST)  VALUE       VALUE  FROM      YEAR
                                                  NORMAL
..................................................................
TEMPERATURE (F)
 TODAY
  MAXIMUM         80    246 PM  92    2011  78      2       84
  MINIMUM         56    615 AM  42    1979  59     -3       74
                                      1971
  AVERAGE         68                        68      0       79

PRECIPITATION (IN)
  TODAY            0.00          1.08 1970   0.14  -0.14     0.17
  MONTH TO DATE    1.62                      3.60  -1.98     1.55
  SINCE MAR 1      1.62                      3.60  -1.98     1.55
  SINCE JAN 1      3.58                      8.77  -5.19    14.90

SNOWFALL (IN)
  TODAY            0.0
  MONTH TO DATE    0.0
  SINCE JUL 1      0.0

DEGREE DAYS
 HEATING
  TODAY            0                         1     -1        0
  MONTH TO DATE   39                        51    -12       11
  SINCE MAR 1     39                        51    -12       11
  SINCE JUL 1    182                       436   -254      279

 COOLING
  TODAY            3                         5     -2       14
  MONTH TO DATE  128                       110     18      191
  SINCE MAR 1    128                       110     18      191
  SINCE JAN 1    329                       249     80      289
..................................................................


WIND (MPH)
  HIGHEST WIND SPEED    14   HIGHEST WIND DIRECTION    NE (50)
  HIGHEST GUST SPEED    18   HIGHEST GUST DIRECTION    NE (40)
  AVERAGE WIND SPEED     4.9


SKY COVER
  AVERAGE SKY COVER 0.1


WEATHER CONDITIONS
 THE FOLLOWING WEATHER WAS RECORDED TODAY.
  NO SIGNIFICANT WEATHER WAS OBSERVED.


RELATIVE HUMIDITY (PERCENT)
 HIGHEST    93           400 AM
 LOWEST     51           100 PM
 AVERAGE    72

..........................................................


THE VERO BEACH CLIMATE NORMALS FOR TOMORROW
                         NORMAL    RECORD    YEAR
 MAXIMUM TEMPERATURE (F)   78        90      1994
                                             1946
 MINIMUM TEMPERATURE (F)   59        41      2013


SUNRISE AND SUNSET
MARCH 27 2017.........SUNRISE   717 AM EDT   SUNSET   737 PM EDT
MARCH 28 2017.........SUNRISE   716 AM EDT   SUNSET   737 PM EDT


-  INDICATES NEGATIVE NUMBERS.
R  INDICATES RECORD WAS SET OR TIED.
MM INDICATES DATA IS MISSING.
T  INDICATES TRACE AMOUNT.




$$
