000
CDUS42 KMLB 170635
CLIVRB


CLIMATE REPORT
NATIONAL WEATHER SERVICE MELBOURNE FL
135 AM EST WED DEC 17 2014


...................................

...THE VERO BEACH CLIMATE SUMMARY FOR DECEMBER 16 2014...

CLIMATE NORMAL PERIOD 1981 TO 2010
CLIMATE RECORD PERIOD 1942 TO 2014


WEATHER ITEM   OBSERVED TIME   RECORD YEAR NORMAL DEPARTURE LAST
                VALUE   (LST)  VALUE       VALUE  FROM      YEAR
                                                  NORMAL
..................................................................
TEMPERATURE (F)
 YESTERDAY
  MAXIMUM         77    229 PM  84    1967  74      3       68
  MINIMUM         44    607 AM  27    1968  55    -11       52
  AVERAGE         61                        64     -3       60

PRECIPITATION (IN)
  YESTERDAY        0.00          1.55 2003   0.06  -0.06     0.00
  MONTH TO DATE    2.21                      1.12   1.09     2.12
  SINCE DEC 1      2.21                      1.12   1.09     2.12
  SINCE JAN 1     52.89                     50.80   2.09    44.33

SNOWFALL (IN)
  YESTERDAY        0.0
  MONTH TO DATE    0.0
  SINCE JUL 1      0.0

DEGREE DAYS
 HEATING
  YESTERDAY        4                         3      1        5
  MONTH TO DATE   65                        41     24        6
  SINCE DEC 1     65                        41     24        6
  SINCE JUL 1    144                        71     73       17

 COOLING
  YESTERDAY        0                         3     -3        0
  MONTH TO DATE   42                        55    -13       89
  SINCE DEC 1     42                        55    -13       89
  SINCE JAN 1   3196                      3366   -170     3562
..................................................................


WIND (MPH)
  HIGHEST WIND SPEED    15   HIGHEST WIND DIRECTION     W (260)
  HIGHEST GUST SPEED    19   HIGHEST GUST DIRECTION    SW (230)
  AVERAGE WIND SPEED     4.5


SKY COVER
  AVERAGE SKY COVER 0.0


WEATHER CONDITIONS
 THE FOLLOWING WEATHER WAS RECORDED YESTERDAY.
  NO SIGNIFICANT WEATHER WAS OBSERVED.


RELATIVE HUMIDITY (PERCENT)
 HIGHEST   100           700 AM
 LOWEST     33           100 PM
 AVERAGE    67

..........................................................


THE VERO BEACH CLIMATE NORMALS FOR TODAY
                         NORMAL    RECORD    YEAR
 MAXIMUM TEMPERATURE (F)   74        85      1961
 MINIMUM TEMPERATURE (F)   55        30      1968


SUNRISE AND SUNSET
DECEMBER 17 2014......SUNRISE   706 AM EST   SUNSET   530 PM EST
DECEMBER 18 2014......SUNRISE   706 AM EST   SUNSET   530 PM EST


-  INDICATES NEGATIVE NUMBERS.
R  INDICATES RECORD WAS SET OR TIED.
MM INDICATES DATA IS MISSING.
T  INDICATES TRACE AMOUNT.




$$
