000
CDUS41 KBTV 250544
CLIVSF


CLIMATE REPORT
NATIONAL WEATHER SERVICE BURLINGTON VT
142 AM EDT TUE JUL 25 2017


...................................

...THE SPRINGFIELD VT CLIMATE SUMMARY FOR JULY 24 2017...

CLIMATE NORMAL PERIOD 1981 TO 2010
CLIMATE RECORD PERIOD 9999 TO 9999


WEATHER ITEM   OBSERVED TIME   NORMAL DEPARTURE LAST
                VALUE   (LST)  VALUE  FROM      YEAR
                                      NORMAL
......................................................
TEMPERATURE (F)
 YESTERDAY
  MAXIMUM         64    221 AM  81    -17       84
  MINIMUM         54   1159 PM  57     -3       57
  AVERAGE         59            69    -10       71

PRECIPITATION (IN)
  YESTERDAY        0.40          0.14   0.26     0.00
  MONTH TO DATE    3.18          3.45  -0.27     3.17
  SINCE JUN 1      7.66          7.34   0.32     5.45
  SINCE JAN 1     25.25         23.61   1.64    15.87

DEGREE DAYS
 HEATING
  YESTERDAY        6             1      5        0
  MONTH TO DATE   12            10      2       14
  SINCE JUN 1    110           106      4       86
  SINCE JUL 1     12            10      2       14

 COOLING
  YESTERDAY        0             5     -5        6
  MONTH TO DATE  121           113      8      119
  SINCE JUN 1    203           177     26      176
  SINCE JAN 1    217           189     28      217
......................................................


WIND (MPH)
  HIGHEST WIND SPEED    12   HIGHEST WIND DIRECTION    NE (60)
  HIGHEST GUST SPEED    15   HIGHEST GUST DIRECTION    NE (60)
  AVERAGE WIND SPEED     2.1


SKY COVER
  AVERAGE SKY COVER 0.9


WEATHER CONDITIONS
 THE FOLLOWING WEATHER WAS RECORDED YESTERDAY.
  RAIN
  LIGHT RAIN
  FOG


RELATIVE HUMIDITY (PERCENT)
 HIGHEST    93          1000 AM
 LOWEST     73           200 AM
 AVERAGE    83

..........................................................


THE SPRINGFIELD VT CLIMATE NORMALS FOR TODAY
                         NORMAL    RECORD    YEAR
 MAXIMUM TEMPERATURE (F)   81        89      2001
 MINIMUM TEMPERATURE (F)   57        46      1997


SUNRISE AND SUNSET
JULY 25 2017..........SUNRISE   533 AM EDT   SUNSET   820 PM EDT
JULY 26 2017..........SUNRISE   534 AM EDT   SUNSET   819 PM EDT


-  INDICATES NEGATIVE NUMBERS.
R  INDICATES RECORD WAS SET OR TIED.
MM INDICATES DATA IS MISSING.
T  INDICATES TRACE AMOUNT.




$$
