000
CDUS41 KBTV 260537
CLIVSF


CLIMATE REPORT
NATIONAL WEATHER SERVICE BURLINGTON VT
1235 AM EST MON JAN 26 2015


...................................

...THE SPRINGFIELD VT CLIMATE SUMMARY FOR JANUARY 25 2015...

CLIMATE NORMAL PERIOD 1981 TO 2010
CLIMATE RECORD PERIOD 9999 TO 9999


WEATHER ITEM   OBSERVED TIME   NORMAL DEPARTURE LAST
                VALUE   (LST)  VALUE  FROM      YEAR
                                      NORMAL
......................................................
TEMPERATURE (F)
 YESTERDAY
  MAXIMUM         34    729 AM  29      5       22
  MINIMUM          8   1159 PM   9     -1        8
  AVERAGE         21            19      2       15

PRECIPITATION (IN)
  YESTERDAY        T             0.07  -0.07     0.01
  MONTH TO DATE    2.31          2.41  -0.10     2.29
  SINCE DEC 1      6.84          5.68   1.16     3.76
  SINCE JAN 1      2.31          2.41  -0.10     2.29

DEGREE DAYS
 HEATING
  YESTERDAY       44            46     -2       50
  MONTH TO DATE 1211          1139     72     1170
  SINCE DEC 1   2280          2359    -79     2422
  SINCE JUL 1   3683          4002   -319     4122

 COOLING
  YESTERDAY        0             0      0        0
  MONTH TO DATE    0             0      0        0
  SINCE DEC 1      0             0      0        0
  SINCE JAN 1      0             0      0        0
......................................................


WIND (MPH)
  HIGHEST WIND SPEED    25   HIGHEST WIND DIRECTION     W (280)
  HIGHEST GUST SPEED    34   HIGHEST GUST DIRECTION     W (290)
  AVERAGE WIND SPEED     8.2


SKY COVER
  AVERAGE SKY COVER 0.5


WEATHER CONDITIONS
 THE FOLLOWING WEATHER WAS RECORDED YESTERDAY.
  LIGHT SNOW
  HAZE


RELATIVE HUMIDITY (PERCENT)
 HIGHEST    78           400 AM
 LOWEST     40           300 PM
 AVERAGE    59

..........................................................


THE SPRINGFIELD VT CLIMATE NORMALS FOR TODAY
                         NORMAL    RECORD    YEAR
 MAXIMUM TEMPERATURE (F)   29        MM        MM
 MINIMUM TEMPERATURE (F)   10        MM        MM


SUNRISE AND SUNSET
JANUARY 26 2015.......SUNRISE   712 AM EST   SUNSET   454 PM EST
JANUARY 27 2015.......SUNRISE   711 AM EST   SUNSET   455 PM EST


-  INDICATES NEGATIVE NUMBERS.
R  INDICATES RECORD WAS SET OR TIED.
MM INDICATES DATA IS MISSING.
T  INDICATES TRACE AMOUNT.




$$
