310
CDUS41 KBTV 090605
CLIVSF


CLIMATE REPORT
NATIONAL WEATHER SERVICE BURLINGTON VT
105 AM EST FRI DEC 9 2016


...................................

...THE SPRINGFIELD VT CLIMATE SUMMARY FOR DECEMBER 8 2016...

CLIMATE NORMAL PERIOD 1981 TO 2010
CLIMATE RECORD PERIOD 9999 TO 9999


WEATHER ITEM   OBSERVED TIME   NORMAL DEPARTURE LAST
                VALUE   (LST)  VALUE  FROM      YEAR
                                      NORMAL
......................................................
TEMPERATURE (F)
 YESTERDAY
  MAXIMUM         36    242 PM  37     -1       38
  MINIMUM         27    641 PM  20      7       22
  AVERAGE         32            28      4       30

PRECIPITATION (IN)
  YESTERDAY        T             0.11  -0.11     0.00
  MONTH TO DATE    0.72          0.92  -0.20     0.35
  SINCE DEC 1      0.72          0.92  -0.20     0.35
  SINCE JAN 1     25.68         41.50 -15.82    28.90

DEGREE DAYS
 HEATING
  YESTERDAY       33            37     -4       35
  MONTH TO DATE  254           282    -28      249
  SINCE DEC 1    254           282    -28      249
  SINCE JUL 1   1710          1925   -215     1662

 COOLING
  YESTERDAY        0             0      0        0
  MONTH TO DATE    0             0      0        0
  SINCE DEC 1      0             0      0        0
  SINCE JAN 1    481           345    136      460
......................................................


WIND (MPH)
  HIGHEST WIND SPEED    21   HIGHEST WIND DIRECTION     W (280)
  HIGHEST GUST SPEED    29   HIGHEST GUST DIRECTION     W (280)
  AVERAGE WIND SPEED     2.8


SKY COVER
  AVERAGE SKY COVER 0.8


WEATHER CONDITIONS
 THE FOLLOWING WEATHER WAS RECORDED YESTERDAY.
  LIGHT SNOW
  FOG
  FOG W/VISIBILITY <= 1/4 MILE
  HAZE


RELATIVE HUMIDITY (PERCENT)
 HIGHEST   100           400 AM
 LOWEST     59           600 PM
 AVERAGE    80

..........................................................


THE SPRINGFIELD VT CLIMATE NORMALS FOR TODAY
                         NORMAL    RECORD    YEAR
 MAXIMUM TEMPERATURE (F)   36        44      2012
 MINIMUM TEMPERATURE (F)   20         0      2003


SUNRISE AND SUNSET
DECEMBER  9 2016......SUNRISE   711 AM EST   SUNSET   414 PM EST
DECEMBER 10 2016......SUNRISE   712 AM EST   SUNSET   414 PM EST


-  INDICATES NEGATIVE NUMBERS.
R  INDICATES RECORD WAS SET OR TIED.
MM INDICATES DATA IS MISSING.
T  INDICATES TRACE AMOUNT.




$$
