000
CDUS41 KBTV 010557
CLIVSF


CLIMATE REPORT
NATIONAL WEATHER SERVICE BURLINGTON VT
157 AM EDT WED OCT 1 2014


...................................

...THE SPRINGFIELD VT CLIMATE SUMMARY FOR SEPTEMBER 30 2014...

CLIMATE NORMAL PERIOD 1981 TO 2010
CLIMATE RECORD PERIOD 9999 TO 9999


WEATHER ITEM   OBSERVED TIME   NORMAL DEPARTURE LAST
                VALUE   (LST)  VALUE  FROM      YEAR
                                      NORMAL
......................................................
TEMPERATURE (F)
 YESTERDAY
  MAXIMUM         67    123 PM  65      2       72
  MINIMUM         56    658 AM  41     15       43
  AVERAGE         62            53      9       58

PRECIPITATION (IN)
  YESTERDAY        0.00          0.16  -0.16     0.00
  MONTH TO DATE    1.15          3.76  -2.61     2.98
  SINCE SEP 1      1.15          3.76  -2.61     2.98
  SINCE JAN 1     28.84         32.13  -3.29    30.46

DEGREE DAYS
 HEATING
  YESTERDAY        3            12     -9        7
  MONTH TO DATE  167           197    -30      226
  SINCE SEP 1    167           197    -30      226
  SINCE JUL 1    216           252    -36      271

 COOLING
  YESTERDAY        0             0      0        0
  MONTH TO DATE   40            23     17       42
  SINCE SEP 1     40            23     17       42
  SINCE JAN 1    277           344    -67      495
......................................................


WIND (MPH)
  HIGHEST WIND SPEED    12   HIGHEST WIND DIRECTION    SE (120)
  HIGHEST GUST SPEED    15   HIGHEST GUST DIRECTION    SE (130)
  AVERAGE WIND SPEED     1.9


SKY COVER
  AVERAGE SKY COVER 1.0


WEATHER CONDITIONS
 THE FOLLOWING WEATHER WAS RECORDED YESTERDAY.
  FOG


RELATIVE HUMIDITY (PERCENT)
 HIGHEST    93           400 AM
 LOWEST     68           100 PM
 AVERAGE    81

..........................................................


THE SPRINGFIELD VT CLIMATE NORMALS FOR TODAY
                         NORMAL    RECORD    YEAR
 MAXIMUM TEMPERATURE (F)   64        MM        MM
 MINIMUM TEMPERATURE (F)   41        MM        MM


SUNRISE AND SUNSET
OCTOBER  1 2014.......SUNRISE   647 AM EDT   SUNSET   631 PM EDT
OCTOBER  2 2014.......SUNRISE   649 AM EDT   SUNSET   629 PM EDT


-  INDICATES NEGATIVE NUMBERS.
R  INDICATES RECORD WAS SET OR TIED.
MM INDICATES DATA IS MISSING.
T  INDICATES TRACE AMOUNT.




$$
