000
CDUS41 KBTV 030533
CLIVSF


CLIMATE REPORT
NATIONAL WEATHER SERVICE BURLINGTON VT
131 AM EDT WED SEP 3 2014


...................................

...THE SPRINGFIELD VT CLIMATE SUMMARY FOR SEPTEMBER 2 2014...

CLIMATE NORMAL PERIOD 1981 TO 2010
CLIMATE RECORD PERIOD 9999 TO 9999


WEATHER ITEM   OBSERVED TIME   NORMAL DEPARTURE LAST
                VALUE   (LST)  VALUE  FROM      YEAR
                                      NORMAL
......................................................
TEMPERATURE (F)
 YESTERDAY
  MAXIMUM         84    438 PM  76      8       80
  MINIMUM         61    548 AM  53      8       65
  AVERAGE         73            64      9       73

PRECIPITATION (IN)
  YESTERDAY        0.45          0.09   0.36     1.12
  MONTH TO DATE    0.45          0.17   0.28     1.12
  SINCE SEP 1      0.45          0.17   0.28     1.12
  SINCE JAN 1     28.14         28.54  -0.40    28.60

DEGREE DAYS
 HEATING
  YESTERDAY        0             3     -3        0
  MONTH TO DATE    0             5     -5        0
  SINCE SEP 1      0             5     -5        0
  SINCE JUL 1     49            60    -11       45

 COOLING
  YESTERDAY        8             2      6        8
  MONTH TO DATE   18             4     14       18
  SINCE SEP 1     18             4     14       18
  SINCE JAN 1    255           325    -70      471
......................................................


WIND (MPH)
  HIGHEST WIND SPEED    23   HIGHEST WIND DIRECTION     W (270)
  HIGHEST GUST SPEED    32   HIGHEST GUST DIRECTION     W (280)
  AVERAGE WIND SPEED     2.2


SKY COVER
  AVERAGE SKY COVER 0.6


WEATHER CONDITIONS
 THE FOLLOWING WEATHER WAS RECORDED YESTERDAY.
  THUNDERSTORM
  HEAVY RAIN
  LIGHT RAIN
  FOG
  FOG W/VISIBILITY <= 1/4 MILE


RELATIVE HUMIDITY (PERCENT)
 HIGHEST   100          1200 AM
 LOWEST     61           300 PM
 AVERAGE    81

..........................................................


THE SPRINGFIELD VT CLIMATE NORMALS FOR TODAY
                         NORMAL    RECORD    YEAR
 MAXIMUM TEMPERATURE (F)   76        MM        MM
 MINIMUM TEMPERATURE (F)   52        MM        MM


SUNRISE AND SUNSET
SEPTEMBER  3 2014.....SUNRISE   616 AM EDT   SUNSET   722 PM EDT
SEPTEMBER  4 2014.....SUNRISE   617 AM EDT   SUNSET   720 PM EDT


-  INDICATES NEGATIVE NUMBERS.
R  INDICATES RECORD WAS SET OR TIED.
MM INDICATES DATA IS MISSING.
T  INDICATES TRACE AMOUNT.




$$
