000
CDUS41 KBTV 020618
CLIVSF


CLIMATE REPORT
NATIONAL WEATHER SERVICE BURLINGTON VT
116 AM EST MON MAR 2 2015


...................................

...THE SPRINGFIELD VT CLIMATE SUMMARY FOR MARCH 1 2015...

CLIMATE NORMAL PERIOD 1981 TO 2010
CLIMATE RECORD PERIOD 9999 TO 9999


WEATHER ITEM   OBSERVED TIME   NORMAL DEPARTURE LAST
                VALUE   (LST)  VALUE  FROM      YEAR
                                      NORMAL
......................................................
TEMPERATURE (F)
 YESTERDAY
  MAXIMUM         25    233 PM  37    -12       28
  MINIMUM         -8    404 AM  17    -25       -8
  AVERAGE          9            27    -18       10

PRECIPITATION (IN)
  YESTERDAY        0.06          0.07  -0.01     0.00
  MONTH TO DATE    0.06          0.07  -0.01     0.00
  SINCE MAR 1      0.06          0.07  -0.01     0.00
  SINCE JAN 1      4.21          5.68  -1.47     3.69

DEGREE DAYS
 HEATING
  YESTERDAY       56            38     18       55
  MONTH TO DATE   56            38     18       55
  SINCE MAR 1     56            38     18       55
  SINCE JUL 1   5608          5483    125     5766

 COOLING
  YESTERDAY        0             0      0        0
  MONTH TO DATE    0             0      0        0
  SINCE MAR 1      0             0      0        0
  SINCE JAN 1      0             0      0        0
......................................................


WIND (MPH)
  HIGHEST WIND SPEED    14   HIGHEST WIND DIRECTION    SE (150)
  HIGHEST GUST SPEED    18   HIGHEST GUST DIRECTION    SE (150)
  AVERAGE WIND SPEED     1.4


SKY COVER
  AVERAGE SKY COVER 0.7


WEATHER CONDITIONS
 THE FOLLOWING WEATHER WAS RECORDED YESTERDAY.
  LIGHT SNOW
  FOG
  HAZE


RELATIVE HUMIDITY (PERCENT)
 HIGHEST    92           700 PM
 LOWEST     60           300 PM
 AVERAGE    76

..........................................................


THE SPRINGFIELD VT CLIMATE NORMALS FOR TODAY
                         NORMAL    RECORD    YEAR
 MAXIMUM TEMPERATURE (F)   37        MM        MM
 MINIMUM TEMPERATURE (F)   17        MM        MM


SUNRISE AND SUNSET
MARCH  2 2015.........SUNRISE   625 AM EST   SUNSET   540 PM EST
MARCH  3 2015.........SUNRISE   623 AM EST   SUNSET   541 PM EST


-  INDICATES NEGATIVE NUMBERS.
R  INDICATES RECORD WAS SET OR TIED.
MM INDICATES DATA IS MISSING.
T  INDICATES TRACE AMOUNT.




$$
