000
CDUS41 KBTV 290520
CLIVSF


CLIMATE REPORT
NATIONAL WEATHER SERVICE BURLINGTON VT
119 AM EDT WED JUL 29 2015


...................................

...THE SPRINGFIELD VT CLIMATE SUMMARY FOR JULY 28 2015...

CLIMATE NORMAL PERIOD 1981 TO 2010
CLIMATE RECORD PERIOD 9999 TO 9999


WEATHER ITEM   OBSERVED TIME   NORMAL DEPARTURE LAST
                VALUE   (LST)  VALUE  FROM      YEAR
                                      NORMAL
......................................................
TEMPERATURE (F)
 YESTERDAY
  MAXIMUM         89    159 PM  81      8       74
  MINIMUM         64   1158 PM  57      7       61
  AVERAGE         77            69      8       68

PRECIPITATION (IN)
  YESTERDAY        0.00          0.13  -0.13     2.79
  MONTH TO DATE    1.05          3.99  -2.94     6.09
  SINCE JUN 1      6.25          7.88  -1.63    10.27
  SINCE JAN 1     14.75         24.15  -9.40    23.80

DEGREE DAYS
 HEATING
  YESTERDAY        0             1     -1        0
  MONTH TO DATE   16            14      2        1
  SINCE JUN 1    123           110     13       59
  SINCE JUL 1     16            14      2        1

 COOLING
  YESTERDAY       12             4      8        3
  MONTH TO DATE  113           131    -18      113
  SINCE JUN 1    156           195    -39      172
  SINCE JAN 1    205           207     -2      177
......................................................


WIND (MPH)
  HIGHEST WIND SPEED    10   HIGHEST WIND DIRECTION    NE (60)
  HIGHEST GUST SPEED    15   HIGHEST GUST DIRECTION    NW (310)
  AVERAGE WIND SPEED     1.7


SKY COVER
  AVERAGE SKY COVER 0.2


WEATHER CONDITIONS
 THE FOLLOWING WEATHER WAS RECORDED YESTERDAY.
  FOG


RELATIVE HUMIDITY (PERCENT)
 HIGHEST   100           400 AM
 LOWEST     44           200 PM
 AVERAGE    72

..........................................................


THE SPRINGFIELD VT CLIMATE NORMALS FOR TODAY
                         NORMAL    RECORD    YEAR
 MAXIMUM TEMPERATURE (F)   81        88      2002
 MINIMUM TEMPERATURE (F)   57        51      2003


SUNRISE AND SUNSET
JULY 29 2015..........SUNRISE   537 AM EDT   SUNSET   816 PM EDT
JULY 30 2015..........SUNRISE   538 AM EDT   SUNSET   815 PM EDT


-  INDICATES NEGATIVE NUMBERS.
R  INDICATES RECORD WAS SET OR TIED.
MM INDICATES DATA IS MISSING.
T  INDICATES TRACE AMOUNT.




$$
