258
CDUS43 KLBF 081025
CLIVTN


CLIMATE REPORT
NATIONAL WEATHER SERVICE NORTH PLATTE
424 AM CST MON FEB 8 2016


...................................

...THE VALENTINE NE CLIMATE SUMMARY FOR FEBRUARY 7 2016...

CLIMATE NORMAL PERIOD 1981 TO 2010
CLIMATE RECORD PERIOD 1885 TO 2016


WEATHER ITEM   OBSERVED TIME   RECORD YEAR NORMAL DEPARTURE LAST
                VALUE   (LST)  VALUE       VALUE  FROM      YEAR
                                                  NORMAL
..................................................................
TEMPERATURE (F)
 YESTERDAY
  MAXIMUM         40   1201 AM  73    2015  38      2       73
  MINIMUM         30   1159 PM -28    1914  13     17       32
                                      1895
  AVERAGE         35                        25     10       53

PRECIPITATION (IN)
  YESTERDAY        0.00          0.26 1980   0.01  -0.01     0.00
  MONTH TO DATE    0.05                      0.09  -0.04     0.16
  SINCE DEC 1      1.61                      0.72   0.89     1.37
  SINCE JAN 1      0.57                      0.35   0.22     0.47

SNOWFALL (IN)
  YESTERDAY        0.0           4.1  1980   0.2   -0.2      0.0
  MONTH TO DATE    1.0                       1.2   -0.2      1.5
  SINCE DEC 1     21.1                      10.1   11.0     13.7
  SINCE JUL 1     31.2                      17.7   13.5     20.1
  SNOW DEPTH       1

DEGREE DAYS
 HEATING
  YESTERDAY       30                        40    -10       12
  MONTH TO DATE  261                       280    -19      270
  SINCE DEC 1   2798                      2840    -42     2703
  SINCE JUL 1   4091                      4458   -367     4307

 COOLING
  YESTERDAY        0                         0      0        0
  MONTH TO DATE    0                         0      0        0
  SINCE DEC 1      0                         0      0        0
  SINCE JAN 1      0                         0      0        0
..................................................................


WIND (MPH)
  HIGHEST WIND SPEED    45   HIGHEST WIND DIRECTION    NW (320)
  HIGHEST GUST SPEED    58   HIGHEST GUST DIRECTION    NW (310)
  AVERAGE WIND SPEED    23.9


SKY COVER
  POSSIBLE SUNSHINE  MM
  AVERAGE SKY COVER 0.3


WEATHER CONDITIONS
 THE FOLLOWING WEATHER WAS RECORDED YESTERDAY.
  NO SIGNIFICANT WEATHER WAS OBSERVED.


RELATIVE HUMIDITY (PERCENT)
 HIGHEST    64           300 AM
 LOWEST     40          1100 AM
 AVERAGE    52

..........................................................


THE VALENTINE NE CLIMATE NORMALS FOR TODAY
                         NORMAL    RECORD    YEAR
 MAXIMUM TEMPERATURE (F)   38        72      1954
 MINIMUM TEMPERATURE (F)   13       -28      1936


SUNRISE AND SUNSET
FEBRUARY  8 2016......SUNRISE   749 AM CST   SUNSET   604 PM CST
FEBRUARY  9 2016......SUNRISE   748 AM CST   SUNSET   605 PM CST


-  INDICATES NEGATIVE NUMBERS.
R  INDICATES RECORD WAS SET OR TIED.
MM INDICATES DATA IS MISSING.
T  INDICATES TRACE AMOUNT.




$$
