000
CDUS43 KLBF 281031
CLIVTN

CLIMATE REPORT
NATIONAL WEATHER SERVICE NORTH PLATTE
430 AM CST FRI NOV 28 2014

...................................

...THE VALENTINE NE CLIMATE SUMMARY FOR NOVEMBER 27 2014...

CLIMATE NORMAL PERIOD 1981 TO 2010
CLIMATE RECORD PERIOD 1885 TO 2014


WEATHER ITEM   OBSERVED TIME   RECORD YEAR NORMAL DEPARTURE LAST
                VALUE   (LST)  VALUE       VALUE  FROM      YEAR
                                                  NORMAL
..................................................................
TEMPERATURE (F)
 YESTERDAY
  MAXIMUM         45    404 PM  75    1998  41      4       58
  MINIMUM         20    644 AM -18    1985  16      4        9
  AVERAGE         33                        29      4       34

PRECIPITATION (IN)
  YESTERDAY        0.00          0.68 1905   0.02  -0.02     0.00
  MONTH TO DATE    0.55                      0.61  -0.06     0.52
  SINCE SEP 1      1.85                      3.50  -1.65     5.28
  SINCE JAN 1     20.89                     19.61   1.28    22.92

SNOWFALL (IN)
  YESTERDAY        0.0           3.3  1983   0.2   -0.2      0.0
  MONTH TO DATE    6.4                       4.9    1.5      5.8
  SINCE SEP 1      6.4                       7.1   -0.7      6.8
  SINCE JUL 1      6.4                       7.1   -0.7      6.8
  SNOW DEPTH       0

DEGREE DAYS
 HEATING
  YESTERDAY       32                        36     -4       31
  MONTH TO DATE  953                       804    149      809
  SINCE SEP 1   1487                      1481      6     1461
  SINCE JUL 1   1508                      1506      2     1464

 COOLING
  YESTERDAY        0                         0      0        0
  MONTH TO DATE    0                         0      0        0
  SINCE SEP 1     89                        85      4      171
  SINCE JAN 1    724                       821    -97      964
..................................................................


WIND (MPH)
  HIGHEST WIND SPEED    18   HIGHEST WIND DIRECTION     S (160)
  HIGHEST GUST SPEED    22   HIGHEST GUST DIRECTION     S (160)
  AVERAGE WIND SPEED    10.0


SKY COVER
  POSSIBLE SUNSHINE  MM
  AVERAGE SKY COVER 0.5


WEATHER CONDITIONS
 THE FOLLOWING WEATHER WAS RECORDED YESTERDAY.
  NO SIGNIFICANT WEATHER WAS OBSERVED.


RELATIVE HUMIDITY (PERCENT)
 HIGHEST    84          1200 AM
 LOWEST     45           300 PM
 AVERAGE    65

..........................................................


THE VALENTINE NE CLIMATE NORMALS FOR TODAY
                         NORMAL    RECORD    YEAR
 MAXIMUM TEMPERATURE (F)   41        71      1932
 MINIMUM TEMPERATURE (F)   15       -18      1985
                                             1976


SUNRISE AND SUNSET
NOVEMBER 28 2014......SUNRISE   750 AM CST   SUNSET   510 PM CST
NOVEMBER 29 2014......SUNRISE   751 AM CST   SUNSET   510 PM CST


-  INDICATES NEGATIVE NUMBERS.
R  INDICATES RECORD WAS SET OR TIED.
MM INDICATES DATA IS MISSING.
T  INDICATES TRACE AMOUNT.

$$
