000
CDUS43 KLBF 042255
CLIVTN


CLIMATE REPORT
NATIONAL WEATHER SERVICE NORTH PLATTE
551 PM CDT WED MAY 4 2016


...................................

...THE VALENTINE NE CLIMATE SUMMARY FOR MAY 4 2016...
VALID TODAY AS OF 0500 PM LOCAL TIME.

CLIMATE NORMAL PERIOD 1981 TO 2010
CLIMATE RECORD PERIOD 1885 TO 2016


WEATHER ITEM   OBSERVED TIME   RECORD YEAR NORMAL DEPARTURE LAST
                VALUE   (LST)  VALUE       VALUE  FROM      YEAR
                                                  NORMAL
..................................................................
TEMPERATURE (F)
 TODAY
  MAXIMUM         75    400 PM  93    2000  67      8       68
                                      1986
                                      1966
  MINIMUM         37        MM  24    2013  40     -3       46
                                      1945
  AVERAGE         56                        54      2       57

PRECIPITATION (IN)
  TODAY            0.00          1.27 2007   0.09  -0.09      T
  MONTH TO DATE    0.21                      0.37  -0.16     0.08
  SINCE MAR 1      5.76                      3.66   2.10     1.73
  SINCE JAN 1      6.44                      4.40   2.04     2.35

SNOWFALL (IN)
  TODAY            0.0           2.5  1908   0.1   -0.1      0.0
  MONTH TO DATE    0.0                       0.1   -0.1      0.0
  SINCE MAR 1      7.0                      11.2   -4.2      0.8
  SINCE JUL 1     38.2                      33.3    4.9     22.5
  SNOW DEPTH       0

DEGREE DAYS
 HEATING
  TODAY            9                        12     -3        8
  MONTH TO DATE   61                        50     11       20
  SINCE MAR 1   1273                      1497   -224     1155
  SINCE JUL 1   5959                      6733   -774     6281

 COOLING
  TODAY            0                         1     -1        0
  MONTH TO DATE    0                         1     -1        1
  SINCE MAR 1      3                         5     -2        3
  SINCE JAN 1      3                         5     -2        3
..................................................................


WIND (MPH)
  HIGHEST WIND SPEED    16   HIGHEST WIND DIRECTION    NE (40)
  HIGHEST GUST SPEED    16   HIGHEST GUST DIRECTION     N (20)
  AVERAGE WIND SPEED    13.0


SKY COVER
  POSSIBLE SUNSHINE  MM
  AVERAGE SKY COVER 0.0


WEATHER CONDITIONS
 THE FOLLOWING WEATHER WAS RECORDED TODAY.
  NO SIGNIFICANT WEATHER WAS OBSERVED.


RELATIVE HUMIDITY (PERCENT)
 HIGHEST    85           500 AM
 LOWEST     23           200 PM
 AVERAGE    54

..........................................................


THE VALENTINE NE CLIMATE NORMALS FOR TOMORROW
                         NORMAL    RECORD    YEAR
 MAXIMUM TEMPERATURE (F)   68        98      2004
 MINIMUM TEMPERATURE (F)   40        23      1944


SUNRISE AND SUNSET
MAY  4 2016...........SUNRISE   632 AM CDT   SUNSET   847 PM CDT
MAY  5 2016...........SUNRISE   630 AM CDT   SUNSET   848 PM CDT


-  INDICATES NEGATIVE NUMBERS.
R  INDICATES RECORD WAS SET OR TIED.
MM INDICATES DATA IS MISSING.
T  INDICATES TRACE AMOUNT.




$$
