000
CDUS43 KLBF 170932
CLIVTN

CLIMATE REPORT
NATIONAL WEATHER SERVICE NORTH PLATTE
432 AM CDT WED SEP 17 2014


...................................

...THE VALENTINE NE CLIMATE SUMMARY FOR SEPTEMBER 16 2014...

CLIMATE NORMAL PERIOD 1981 TO 2010
CLIMATE RECORD PERIOD 1885 TO 2014


WEATHER ITEM   OBSERVED TIME   RECORD YEAR NORMAL DEPARTURE LAST
                VALUE   (LST)  VALUE       VALUE  FROM      YEAR
                                                  NORMAL
..................................................................
TEMPERATURE (F)
 YESTERDAY
  MAXIMUM         82    425 PM  96    1949  77      5       67
  MINIMUM         49   1152 PM  30    1918  47      2       53
                                      1903
  AVERAGE         66                        62      4       60

PRECIPITATION (IN)
  YESTERDAY        0.00          0.81 1917   0.06  -0.06     0.00
  MONTH TO DATE    0.65                      0.87  -0.22     0.51
  SINCE SEP 1      0.65                      0.87  -0.22     0.51
  SINCE JAN 1     19.69                     16.98   2.71    18.15

SNOWFALL (IN)
  YESTERDAY        0.0           T    1973   0.0    0.0      0.0
  MONTH TO DATE    0.0                       0.1   -0.1      0.0
  SINCE SEP 1      0.0                       0.1   -0.1      0.0
  SINCE JUL 1      0.0                       0.1   -0.1      0.0
  SNOW DEPTH       0

DEGREE DAYS
 HEATING
  YESTERDAY        0                         5     -5        5
  MONTH TO DATE  114                        52     62       15
  SINCE SEP 1    114                        52     62       15
  SINCE JUL 1    135                        77     58       18

 COOLING
  YESTERDAY        1                         2     -1        0
  MONTH TO DATE   42                        64    -22      135
  SINCE SEP 1     42                        64    -22      135
  SINCE JAN 1    677                       800   -123      928
..................................................................


WIND (MPH)
  HIGHEST WIND SPEED    18   HIGHEST WIND DIRECTION     S (200)
  HIGHEST GUST SPEED    22   HIGHEST GUST DIRECTION     S (190)
  AVERAGE WIND SPEED     6.4


SKY COVER
  POSSIBLE SUNSHINE  MM
  AVERAGE SKY COVER 0.0


WEATHER CONDITIONS
 THE FOLLOWING WEATHER WAS RECORDED YESTERDAY.
  NO SIGNIFICANT WEATHER WAS OBSERVED.


RELATIVE HUMIDITY (PERCENT)
 HIGHEST   100          1100 PM
 LOWEST     42           300 PM
 AVERAGE    71

..........................................................


THE VALENTINE NE CLIMATE NORMALS FOR TODAY
                         NORMAL    RECORD    YEAR
 MAXIMUM TEMPERATURE (F)   77       101      1895
 MINIMUM TEMPERATURE (F)   47        26      1981


SUNRISE AND SUNSET
SEPTEMBER 17 2014.....SUNRISE   724 AM CDT   SUNSET   748 PM CDT
SEPTEMBER 18 2014.....SUNRISE   725 AM CDT   SUNSET   747 PM CDT


-  INDICATES NEGATIVE NUMBERS.
R  INDICATES RECORD WAS SET OR TIED.
MM INDICATES DATA IS MISSING.
T  INDICATES TRACE AMOUNT.




$$
