000
CDUS43 KLBF 030903
CLIVTN

CLIMATE REPORT
NATIONAL WEATHER SERVICE NORTH PLATTE
401 AM CDT FRI JUL 3 2015


...................................

...THE VALENTINE NE CLIMATE SUMMARY FOR JULY 2 2015...

CLIMATE NORMAL PERIOD 1981 TO 2010
CLIMATE RECORD PERIOD 1885 TO 2015


WEATHER ITEM   OBSERVED TIME   RECORD YEAR NORMAL DEPARTURE LAST
                VALUE   (LST)  VALUE       VALUE  FROM      YEAR
                                                  NORMAL
..................................................................
TEMPERATURE (F)
 YESTERDAY
  MAXIMUM         82    246 PM 114    1990  87     -5       78
  MINIMUM         61   1159 PM  43    1968  59      2       45
  AVERAGE         72                        73     -1       62

PRECIPITATION (IN)
  YESTERDAY        0.03          2.70 1981   0.11  -0.08     0.00
  MONTH TO DATE    0.03                      0.22  -0.19     0.00
  SINCE JUN 1      3.45                      3.78  -0.33     8.63
  SINCE JAN 1     12.84                     10.94   1.90    15.84

SNOWFALL (IN)
  YESTERDAY        0.0           0.0    MM   0.0    0.0      0.0
  MONTH TO DATE    0.0                       0.0    0.0      0.0
  SINCE JUN 1      0.0                       0.0    0.0      0.0
  SINCE JUL 1      0.0                       0.0    0.0      0.0
  SNOW DEPTH       0

DEGREE DAYS
 HEATING
  YESTERDAY        0                         1     -1        3
  MONTH TO DATE    0                         2     -2        6
  SINCE JUN 1      8                        63    -55       60
  SINCE JUL 1      0                         2     -2        6

 COOLING
  YESTERDAY        7                         8     -1        0
  MONTH TO DATE   15                        16     -1        0
  SINCE JUN 1    155                       153      2      111
  SINCE JAN 1    161                       187    -26      172
..................................................................


WIND (MPH)
  HIGHEST WIND SPEED    23   HIGHEST WIND DIRECTION    NW (320)
  HIGHEST GUST SPEED    30   HIGHEST GUST DIRECTION    NW (320)
  AVERAGE WIND SPEED     9.1


SKY COVER
  POSSIBLE SUNSHINE  MM
  AVERAGE SKY COVER 0.2


WEATHER CONDITIONS
 THE FOLLOWING WEATHER WAS RECORDED YESTERDAY.
  LIGHT RAIN


RELATIVE HUMIDITY (PERCENT)
 HIGHEST   100           200 AM
 LOWEST     45           300 PM
 AVERAGE    73

..........................................................


THE VALENTINE NE CLIMATE NORMALS FOR TODAY
                         NORMAL    RECORD    YEAR
 MAXIMUM TEMPERATURE (F)   87       107      1936
 MINIMUM TEMPERATURE (F)   59        42      1992
                                             1898


SUNRISE AND SUNSET
JULY  3 2015..........SUNRISE   608 AM CDT   SUNSET   924 PM CDT
JULY  4 2015..........SUNRISE   609 AM CDT   SUNSET   924 PM CDT


-  INDICATES NEGATIVE NUMBERS.
R  INDICATES RECORD WAS SET OR TIED.
MM INDICATES DATA IS MISSING.
T  INDICATES TRACE AMOUNT.

$$
