000
CDUS43 KLBF 141024
CLIVTN


CLIMATE REPORT
NATIONAL WEATHER SERVICE NORTH PLATTE
422 AM CST THU DEC 14 2017


...................................

...THE VALENTINE NE CLIMATE SUMMARY FOR DECEMBER 13 2017...

CLIMATE NORMAL PERIOD 1981 TO 2010
CLIMATE RECORD PERIOD 1885 TO 2017


WEATHER ITEM   OBSERVED TIME   RECORD YEAR NORMAL DEPARTURE LAST
                VALUE   (LST)  VALUE       VALUE  FROM      YEAR
                                                  NORMAL
..................................................................
TEMPERATURE (F)
 YESTERDAY
  MAXIMUM         55    301 AM  66    1921  36     19       21
  MINIMUM         36   1159 PM -28    1901  11     25       -5
  AVERAGE         46                        24     22        8

PRECIPITATION (IN)
  YESTERDAY        0.00          0.31 1951   0.02  -0.02      T
                                      1925
  MONTH TO DATE    0.08                      0.17  -0.09     0.19
  SINCE DEC 1      0.08                      0.17  -0.09     0.19
  SINCE JAN 1     17.74                     19.82  -2.08    25.83

SNOWFALL (IN)
  YESTERDAY        0.0           6.0  1951   0.1   -0.1       T
  MONTH TO DATE    1.2                       2.1   -0.9      1.5
  SINCE DEC 1      1.2                       2.1   -0.9      1.5
  SINCE JUL 1      2.5                       9.7   -7.2      7.8
  SNOW DEPTH       0

DEGREE DAYS
 HEATING
  YESTERDAY       19                        41    -22       57
  MONTH TO DATE  381                       519   -138      604
  SINCE DEC 1    381                       519   -138      604
  SINCE JUL 1   1680                      2137   -457     1710

 COOLING
  YESTERDAY        0                         0      0        0
  MONTH TO DATE    0                         0      0        0
  SINCE DEC 1      0                         0      0        0
  SINCE JAN 1   1060                       821    239      880
..................................................................


WIND (MPH)
  HIGHEST WIND SPEED    37   HIGHEST WIND DIRECTION    NW (320)
  HIGHEST GUST SPEED    53   HIGHEST GUST DIRECTION    NW (330)
  AVERAGE WIND SPEED    19.1


SKY COVER
  POSSIBLE SUNSHINE  MM
  AVERAGE SKY COVER 0.0


WEATHER CONDITIONS
 THE FOLLOWING WEATHER WAS RECORDED YESTERDAY.
  HAZE


RELATIVE HUMIDITY (PERCENT)
 HIGHEST    52          1100 PM
 LOWEST     22           300 AM
 AVERAGE    37

..........................................................


THE VALENTINE NE CLIMATE NORMALS FOR TODAY
                         NORMAL    RECORD    YEAR
 MAXIMUM TEMPERATURE (F)   36        70      1998
 MINIMUM TEMPERATURE (F)   11       -34      1901


SUNRISE AND SUNSET
DECEMBER 14 2017......SUNRISE   806 AM CST   SUNSET   508 PM CST
DECEMBER 15 2017......SUNRISE   806 AM CST   SUNSET   509 PM CST


-  INDICATES NEGATIVE NUMBERS.
R  INDICATES RECORD WAS SET OR TIED.
MM INDICATES DATA IS MISSING.
T  INDICATES TRACE AMOUNT.




$$
