000
CDUS43 KLBF 221028
CLIVTN

CLIMATE REPORT
NATIONAL WEATHER SERVICE NORTH PLATTE
428 AM CST MON DEC 22 2014

...................................

...THE VALENTINE NE CLIMATE SUMMARY FOR DECEMBER 21 2014...

CLIMATE NORMAL PERIOD 1981 TO 2010
CLIMATE RECORD PERIOD 1885 TO 2014


WEATHER ITEM   OBSERVED TIME   RECORD YEAR NORMAL DEPARTURE LAST
                VALUE   (LST)  VALUE       VALUE  FROM      YEAR
                                                  NORMAL
..................................................................
TEMPERATURE (F)
 YESTERDAY
  MAXIMUM         45    128 PM  65    1933  36      9       28
  MINIMUM         21    755 AM -35    1989  10     11        1
  AVERAGE         33                        23     10       15

PRECIPITATION (IN)
  YESTERDAY        T             0.53 1920   0.01  -0.01      T
  MONTH TO DATE    0.51                      0.26   0.25     0.69
  SINCE DEC 1      0.51                      0.26   0.25     0.69
  SINCE JAN 1     21.40                     19.91   1.49    23.61

SNOWFALL (IN)
  YESTERDAY        0.0           7.5  1920   0.1   -0.1       T
  MONTH TO DATE    3.5                       3.4    0.1     12.0
  SINCE DEC 1      3.5                       3.4    0.1     12.0
  SINCE JUL 1      9.9                      11.0   -1.1     18.8
  SNOW DEPTH       1

DEGREE DAYS
 HEATING
  YESTERDAY       32                        42    -10       50
  MONTH TO DATE  701                       855   -154     1015
  SINCE DEC 1    701                       855   -154     1015
  SINCE JUL 1   2305                      2473   -168     2574

 COOLING
  YESTERDAY        0                         0      0        0
  MONTH TO DATE    0                         0      0        0
  SINCE DEC 1      0                         0      0        0
  SINCE JAN 1    724                       821    -97      964
..................................................................


WIND (MPH)
  HIGHEST WIND SPEED    14   HIGHEST WIND DIRECTION     W (290)
  HIGHEST GUST SPEED    18   HIGHEST GUST DIRECTION     W (290)
  AVERAGE WIND SPEED     6.7


SKY COVER
  POSSIBLE SUNSHINE  MM
  AVERAGE SKY COVER 0.4


WEATHER CONDITIONS
 THE FOLLOWING WEATHER WAS RECORDED YESTERDAY.
  LIGHT RAIN


RELATIVE HUMIDITY (PERCENT)
 HIGHEST    92           100 AM
 LOWEST     57           100 PM
 AVERAGE    75

..........................................................


THE VALENTINE NE CLIMATE NORMALS FOR TODAY
                         NORMAL    RECORD    YEAR
 MAXIMUM TEMPERATURE (F)   36        70      1933
 MINIMUM TEMPERATURE (F)   10       -39      1989


SUNRISE AND SUNSET
DECEMBER 22 2014......SUNRISE   810 AM CST   SUNSET   511 PM CST
DECEMBER 23 2014......SUNRISE   811 AM CST   SUNSET   512 PM CST


-  INDICATES NEGATIVE NUMBERS.
R  INDICATES RECORD WAS SET OR TIED.
MM INDICATES DATA IS MISSING.
T  INDICATES TRACE AMOUNT.

$$
