000
CDUS43 KLBF 300944
CLIVTN

CLIMATE REPORT
NATIONAL WEATHER SERVICE NORTH PLATTE
441 AM CDT WED JUL 30 2014


...................................

...THE VALENTINE NE CLIMATE SUMMARY FOR JULY 29 2014...

CLIMATE NORMAL PERIOD 1981 TO 2010
CLIMATE RECORD PERIOD 1885 TO 2014


WEATHER ITEM   OBSERVED TIME   RECORD YEAR NORMAL DEPARTURE LAST
                VALUE   (LST)  VALUE       VALUE  FROM      YEAR
                                                  NORMAL
..................................................................
TEMPERATURE (F)
 YESTERDAY
  MAXIMUM         78    137 PM 110    1980  89    -11       81
  MINIMUM         54   1154 PM  42    1971  61     -7       61
  AVERAGE         66                        75     -9       71

PRECIPITATION (IN)
  YESTERDAY        0.00          1.96 1964   0.09  -0.09     0.00
  MONTH TO DATE    0.58                      3.02  -2.44     1.59
  SINCE JUN 1      9.21                      6.58   2.63     4.04
  SINCE JAN 1     16.42                     13.74   2.68    13.44

SNOWFALL (IN)
  YESTERDAY        0.0           0.0    MM   0.0    0.0      0.0
  MONTH TO DATE    0.0                       0.0    0.0      0.0
  SINCE JUN 1      0.0                       0.0    0.0      0.0
  SINCE JUL 1      0.0                       0.0    0.0      0.0
  SNOW DEPTH       0

DEGREE DAYS
 HEATING
  YESTERDAY        0                         0      0        0
  MONTH TO DATE   19                         2     17        3
  SINCE JUN 1     73                        63     10       57
  SINCE JUL 1     19                         2     17        3

 COOLING
  YESTERDAY        1                        10     -9        6
  MONTH TO DATE  223                       282    -59      275
  SINCE JUN 1    334                       419    -85      421
  SINCE JAN 1    395                       453    -58      460
..................................................................


WIND (MPH)
  HIGHEST WIND SPEED    10   HIGHEST WIND DIRECTION    NE (50)
  HIGHEST GUST SPEED    13   HIGHEST GUST DIRECTION     N (340)
  AVERAGE WIND SPEED     4.2


SKY COVER
  POSSIBLE SUNSHINE  MM
  AVERAGE SKY COVER 0.2


WEATHER CONDITIONS
 THE FOLLOWING WEATHER WAS RECORDED YESTERDAY.
  NO SIGNIFICANT WEATHER WAS OBSERVED.


RELATIVE HUMIDITY (PERCENT)
 HIGHEST    86           500 AM
 LOWEST     38           700 PM
 AVERAGE    62

..........................................................


THE VALENTINE NE CLIMATE NORMALS FOR TODAY
                         NORMAL    RECORD    YEAR
 MAXIMUM TEMPERATURE (F)   89       105      1955
 MINIMUM TEMPERATURE (F)   61        38      1971


SUNRISE AND SUNSET
JULY 30 2014..........SUNRISE   631 AM CDT   SUNSET   905 PM CDT
JULY 31 2014..........SUNRISE   632 AM CDT   SUNSET   904 PM CDT


-  INDICATES NEGATIVE NUMBERS.
R  INDICATES RECORD WAS SET OR TIED.
MM INDICATES DATA IS MISSING.
T  INDICATES TRACE AMOUNT.

$$
