000
CDUS46 KPQR 242328
CLIVUO


CLIMATE REPORT
NATIONAL WEATHER SERVICE PORTLAND OREGON
428 PM PDT THU APR 24 2014


...................................

...THE VANCOUVER WA CLIMATE SUMMARY FOR APRIL 24 2014...
VALID TODAY AS OF 0400 PM LOCAL TIME.

CLIMATE NORMAL PERIOD 1981 TO 2010
CLIMATE RECORD PERIOD 1891 TO 2014


WEATHER ITEM   OBSERVED TIME   RECORD YEAR NORMAL DEPARTURE LAST
                VALUE   (LST)  VALUE       VALUE  FROM      YEAR
                                                  NORMAL
..................................................................
TEMPERATURE (F)
 TODAY
  MAXIMUM         59   1210 PM  87    1910  63     -4       75
  MINIMUM         49   1003 AM  30    1901  43      6       36
  AVERAGE         54                        53      1       56

PRECIPITATION (IN)
  TODAY            0.41                      0.10   0.31     0.00
  MONTH TO DATE    2.77                      2.48   0.29     2.11
  SINCE OCT 1     21.65                     31.33  -9.68    27.51
  SINCE JAN 1     16.18                     15.58   0.60     8.25

DEGREE DAYS
 HEATING
  TODAY           11                                         9
  MONTH TO DATE  296                                       337
  SINCE MAR 1    815                                       868
  SINCE JUL 1   4278                                      3900

 COOLING
  TODAY            0                                         0
  MONTH TO DATE    0                                         0
  SINCE MAR 1      0                                         0
  SINCE JAN 1      0                                         0
..................................................................


WIND (MPH)
  HIGHEST WIND SPEED    23   HIGHEST WIND DIRECTION     W (280)
  HIGHEST GUST SPEED    27   HIGHEST GUST DIRECTION     W (270)
  AVERAGE WIND SPEED     7.3


SKY COVER
  POSSIBLE SUNSHINE  MM
  AVERAGE SKY COVER 0.9


WEATHER CONDITIONS
 THE FOLLOWING WEATHER WAS RECORDED TODAY.
  RAIN
  LIGHT RAIN
  FOG


RELATIVE HUMIDITY (PERCENT)
 HIGHEST    89           300 AM
 LOWEST     51           300 PM
 AVERAGE    70

..........................................................


THE VANCOUVER WA CLIMATE NORMALS FOR TOMORROW
                         NORMAL    RECORD    YEAR
 MAXIMUM TEMPERATURE (F)   63        82      2001
 MINIMUM TEMPERATURE (F)   44        31      1955


SUNRISE AND SUNSET
APRIL 24 2014.........SUNRISE   609 AM PDT   SUNSET   809 PM PDT
APRIL 25 2014.........SUNRISE   608 AM PDT   SUNSET   810 PM PDT


-  INDICATES NEGATIVE NUMBERS.
R  INDICATES RECORD WAS SET OR TIED.
MM INDICATES DATA IS MISSING.
T  INDICATES TRACE AMOUNT.




$$
