139
CDUS46 KPQR 040228
CLIVUO


CLIMATE REPORT
NATIONAL WEATHER SERVICE PORTLAND OREGON
728 PM PDT TUE MAY 3 2016


...................................

...THE VANCOUVER WA CLIMATE SUMMARY FOR MAY 3 2016...
VALID TODAY AS OF 0700 PM LOCAL TIME.

CLIMATE NORMAL PERIOD 1981 TO 2010
CLIMATE RECORD PERIOD 1891 TO 2016


WEATHER ITEM   OBSERVED TIME   RECORD YEAR NORMAL DEPARTURE LAST
                VALUE   (LST)  VALUE       VALUE  FROM      YEAR
                                                  NORMAL
..................................................................
TEMPERATURE (F)
 TODAY
  MAXIMUM         73    243 PM  87    1992  65      8       76
  MINIMUM         53    453 AM  34    1980  45      8       40
  AVERAGE         63                        55      8       58

PRECIPITATION (IN)
  TODAY            0.00                      0.09  -0.09     0.00
  MONTH TO DATE    0.00                      0.27  -0.27     0.00
  SINCE OCT 1     41.72                     32.13   9.59    28.88
  SINCE JAN 1     17.87                     16.38   1.49    13.99

DEGREE DAYS
 HEATING
  TODAY            2                                         7
  MONTH TO DATE    5                                        17
  SINCE MAR 1    766                                       855
  SINCE JUL 1   3596                                      3507

 COOLING
  TODAY            0                                         0
  MONTH TO DATE    8                                         0
  SINCE MAR 1     14                                         0
  SINCE JAN 1     14                                         0
..................................................................


WIND (MPH)
  HIGHEST WIND SPEED    13   HIGHEST WIND DIRECTION    NW (330)
  HIGHEST GUST SPEED    17   HIGHEST GUST DIRECTION    NW (310)
  AVERAGE WIND SPEED     3.1


SKY COVER
  POSSIBLE SUNSHINE  MM
  AVERAGE SKY COVER 0.0


WEATHER CONDITIONS
 THE FOLLOWING WEATHER WAS RECORDED TODAY.
  NO SIGNIFICANT WEATHER WAS OBSERVED.


RELATIVE HUMIDITY (PERCENT)
 HIGHEST    83           500 AM
 LOWEST     44           200 PM
 AVERAGE    64

..........................................................


THE VANCOUVER WA CLIMATE NORMALS FOR TOMORROW
                         NORMAL    RECORD    YEAR
 MAXIMUM TEMPERATURE (F)   66        88      1992
 MINIMUM TEMPERATURE (F)   45        33      1982


SUNRISE AND SUNSET
MAY  3 2016...........SUNRISE   555 AM PDT   SUNSET   821 PM PDT
MAY  4 2016...........SUNRISE   553 AM PDT   SUNSET   822 PM PDT


-  INDICATES NEGATIVE NUMBERS.
R  INDICATES RECORD WAS SET OR TIED.
MM INDICATES DATA IS MISSING.
T  INDICATES TRACE AMOUNT.




$$
