150
CDUS46 KPQR 231148
CLIVUO


CLIMATE REPORT
NATIONAL WEATHER SERVICE PORTLAND OREGON
448 AM PDT MON OCT 23 2017


...................................

...THE VANCOUVER WA CLIMATE SUMMARY FOR OCTOBER 22 2017...

CLIMATE NORMAL PERIOD 1981 TO 2010
CLIMATE RECORD PERIOD 1891 TO 2017


WEATHER ITEM   OBSERVED TIME   RECORD YEAR NORMAL DEPARTURE LAST
                VALUE   (LST)  VALUE       VALUE  FROM      YEAR
                                                  NORMAL
..................................................................
TEMPERATURE (F)
 YESTERDAY
  MAXIMUM         62    326 PM  80    1929  61      1       63
  MINIMUM         46    855 PM  25    1980  43      3       48
  AVERAGE         54                        52      2       56

PRECIPITATION (IN)
  YESTERDAY        0.46                      0.11   0.35     0.06
  MONTH TO DATE    4.55                      2.06   2.49     6.70
  SINCE OCT 1      4.55                      2.06   2.49     6.70
  SINCE JAN 1     36.23                     25.45  10.78    29.43

DEGREE DAYS
 HEATING
  YESTERDAY       11                                         9
  MONTH TO DATE  256                                       183
  SINCE JUL 1    338                                       310

 COOLING
  YESTERDAY        0                                         0
  MONTH TO DATE    0                                         0
  SINCE JAN 1    639                                       407
..................................................................


WIND (MPH)
  HIGHEST WIND SPEED    14   HIGHEST WIND DIRECTION     W (270)
  HIGHEST GUST SPEED    24   HIGHEST GUST DIRECTION     S (200)
  AVERAGE WIND SPEED     3.3


SKY COVER
  POSSIBLE SUNSHINE  MM
  AVERAGE SKY COVER 0.5


WEATHER CONDITIONS
 THE FOLLOWING WEATHER WAS RECORDED YESTERDAY.
  RAIN
  LIGHT RAIN
  FOG
  FOG W/VISIBILITY <= 1/4 MILE


RELATIVE HUMIDITY (PERCENT)
 HIGHEST   100           400 AM
 LOWEST     78           100 PM
 AVERAGE    89

..........................................................




SUNRISE AND SUNSET
OCTOBER 23 2017.......SUNRISE   738 AM PDT   SUNSET   611 PM PDT
OCTOBER 24 2017.......SUNRISE   740 AM PDT   SUNSET   609 PM PDT


-  INDICATES NEGATIVE NUMBERS.
R  INDICATES RECORD WAS SET OR TIED.
MM INDICATES DATA IS MISSING.
T  INDICATES TRACE AMOUNT.




$$
