000
CDUS46 KPQR 211145
CLIVUO


CLIMATE REPORT
NATIONAL WEATHER SERVICE PORTLAND OREGON
344 AM PST SUN JAN 21 2018


...................................

...THE VANCOUVER WA CLIMATE SUMMARY FOR JANUARY 20 2018...

CLIMATE NORMAL PERIOD 1981 TO 2010
CLIMATE RECORD PERIOD 1891 TO 2018


WEATHER ITEM   OBSERVED TIME   RECORD YEAR NORMAL DEPARTURE LAST
                VALUE   (LST)  VALUE       VALUE  FROM      YEAR
                                                  NORMAL
..................................................................
TEMPERATURE (F)
 YESTERDAY
  MAXIMUM         49    415 PM  59    1968  48      1       43
  MINIMUM         43    828 AM   0    1930  36      7       35
  AVERAGE         46                        42      4       39

PRECIPITATION (IN)
  YESTERDAY        T                         0.17  -0.17     0.29
  MONTH TO DATE    2.78                      3.75  -0.97     3.80
  SINCE OCT 1     16.97                     19.50  -2.53    23.66
  SINCE JAN 1      2.78                      3.75  -0.97     3.80

DEGREE DAYS
 HEATING
  YESTERDAY       19                                        26
  MONTH TO DATE  413                                       694
  SINCE JUL 1   2181                                      2349

 COOLING
  YESTERDAY        0                                         0
  MONTH TO DATE    0                                         0
  SINCE JAN 1      0                                         0
..................................................................


WIND (MPH)
  HIGHEST WIND SPEED    14   HIGHEST WIND DIRECTION     S (180)
  HIGHEST GUST SPEED    21   HIGHEST GUST DIRECTION     S (170)
  AVERAGE WIND SPEED     7.1


SKY COVER
  POSSIBLE SUNSHINE  MM
  AVERAGE SKY COVER 1.0


WEATHER CONDITIONS
 THE FOLLOWING WEATHER WAS RECORDED YESTERDAY.
  LIGHT RAIN


RELATIVE HUMIDITY (PERCENT)
 HIGHEST    89          1200 AM
 LOWEST     76           800 PM
 AVERAGE    83

..........................................................




SUNRISE AND SUNSET
JANUARY 21 2018.......SUNRISE   743 AM PST   SUNSET   501 PM PST
JANUARY 22 2018.......SUNRISE   742 AM PST   SUNSET   503 PM PST


-  INDICATES NEGATIVE NUMBERS.
R  INDICATES RECORD WAS SET OR TIED.
MM INDICATES DATA IS MISSING.
T  INDICATES TRACE AMOUNT.




$$
