000
CDUS46 KPQR 110226
CLIVUO


CLIMATE REPORT
NATIONAL WEATHER SERVICE PORTLAND OREGON
625 PM PST WED FEB 10 2016


...................................

...THE VANCOUVER WA CLIMATE SUMMARY FOR FEBRUARY 10 2016...
VALID TODAY AS OF 0600 PM LOCAL TIME.

CLIMATE NORMAL PERIOD 1981 TO 2010
CLIMATE RECORD PERIOD 1891 TO 2016


WEATHER ITEM   OBSERVED TIME   RECORD YEAR NORMAL DEPARTURE LAST
                VALUE   (LST)  VALUE       VALUE  FROM      YEAR
                                                  NORMAL
..................................................................
TEMPERATURE (F)
 TODAY
  MAXIMUM         60    402 PM  67    1963  51      9       54
  MINIMUM         38    330 AM  11    1929  35      3       43
  AVERAGE         49                        43      6       49

PRECIPITATION (IN)
  TODAY            T                         0.15  -0.15     0.00
  MONTH TO DATE    0.81                      1.71  -0.90     3.54
  SINCE OCT 1     31.76                     22.96   8.80    21.78
  SINCE JAN 1      7.91                      7.21   0.70     6.89

DEGREE DAYS
 HEATING
  TODAY           16                                        16
  MONTH TO DATE  188                                       167
  SINCE DEC 1   1589                                      1538
  SINCE JUL 1   2521                                      2346

 COOLING
  TODAY            0                                         0
  MONTH TO DATE    0                                         0
  SINCE DEC 1      0                                         0
  SINCE JAN 1      0                                         0
..................................................................


WIND (MPH)
  HIGHEST WIND SPEED    15   HIGHEST WIND DIRECTION     E (110)
  HIGHEST GUST SPEED    19   HIGHEST GUST DIRECTION    SE (120)
  AVERAGE WIND SPEED     5.6


SKY COVER
  POSSIBLE SUNSHINE  MM
  AVERAGE SKY COVER 0.6


WEATHER CONDITIONS
 THE FOLLOWING WEATHER WAS RECORDED TODAY.
  LIGHT RAIN


RELATIVE HUMIDITY (PERCENT)
 HIGHEST    92           100 AM
 LOWEST     62           200 PM
 AVERAGE    77

..........................................................


THE VANCOUVER WA CLIMATE NORMALS FOR TOMORROW
                         NORMAL    RECORD    YEAR
 MAXIMUM TEMPERATURE (F)   51        65      1931
 MINIMUM TEMPERATURE (F)   35        13      1929


SUNRISE AND SUNSET
FEBRUARY 10 2016......SUNRISE   721 AM PST   SUNSET   530 PM PST
FEBRUARY 11 2016......SUNRISE   719 AM PST   SUNSET   531 PM PST


-  INDICATES NEGATIVE NUMBERS.
R  INDICATES RECORD WAS SET OR TIED.
MM INDICATES DATA IS MISSING.
T  INDICATES TRACE AMOUNT.




$$
