000
CDUS46 KPQR 230220
CLIVUO


CLIMATE REPORT
NATIONAL WEATHER SERVICE PORTLAND OREGON
620 PM PST SUN JAN 22 2017


...................................

...THE VANCOUVER WA CLIMATE SUMMARY FOR JANUARY 22 2017...
VALID TODAY AS OF 0600 PM LOCAL TIME.

CLIMATE NORMAL PERIOD 1981 TO 2010
CLIMATE RECORD PERIOD 1891 TO 2017


WEATHER ITEM   OBSERVED TIME   RECORD YEAR NORMAL DEPARTURE LAST
                VALUE   (LST)  VALUE       VALUE  FROM      YEAR
                                                  NORMAL
..................................................................
TEMPERATURE (F)
 TODAY
  MAXIMUM         46    515 PM  60    1919  48     -2       57
  MINIMUM         33    150 AM   4    1930  36     -3       43
  AVERAGE         40                        42     -2       50

PRECIPITATION (IN)
  TODAY            0.14                      0.15  -0.01     0.33
  MONTH TO DATE    4.29                      4.07   0.22     5.66
  SINCE OCT 1     24.15                     19.82   4.33    29.51
  SINCE JAN 1      4.29                      4.07   0.22     5.66

DEGREE DAYS
 HEATING
  TODAY           25                                        15
  MONTH TO DATE  741                                       553
  SINCE DEC 1   1608                                      1230
  SINCE JUL 1   2396                                      2162

 COOLING
  TODAY            0                                         0
  MONTH TO DATE    0                                         0
  SINCE DEC 1      0                                         0
  SINCE JAN 1      0                                         0
..................................................................


WIND (MPH)
  HIGHEST WIND SPEED    14   HIGHEST WIND DIRECTION    SE (120)
  HIGHEST GUST SPEED    19   HIGHEST GUST DIRECTION     E (110)
  AVERAGE WIND SPEED     6.8


SKY COVER
  POSSIBLE SUNSHINE  MM
  AVERAGE SKY COVER 0.6


WEATHER CONDITIONS
 THE FOLLOWING WEATHER WAS RECORDED TODAY.
  LIGHT RAIN
  FOG


RELATIVE HUMIDITY (PERCENT)
 HIGHEST    96           200 AM
 LOWEST     70           500 PM
 AVERAGE    83

..........................................................


THE VANCOUVER WA CLIMATE NORMALS FOR TOMORROW
                         NORMAL    RECORD    YEAR
 MAXIMUM TEMPERATURE (F)   49        61      1953
 MINIMUM TEMPERATURE (F)   36        11      1949


SUNRISE AND SUNSET
JANUARY 22 2017.......SUNRISE   742 AM PST   SUNSET   503 PM PST
JANUARY 23 2017.......SUNRISE   741 AM PST   SUNSET   505 PM PST


-  INDICATES NEGATIVE NUMBERS.
R  INDICATES RECORD WAS SET OR TIED.
MM INDICATES DATA IS MISSING.
T  INDICATES TRACE AMOUNT.




$$
