000
CDUS41 KAKQ 200828
CLIWAL


CLIMATE REPORT
NATIONAL WEATHER SERVICE WAKEFIELD, VA
328 AM EST SAT DEC 20 2014


...................................

...THE WALLOPS ISLAND VA CLIMATE SUMMARY FOR DECEMBER 19 2014...

CLIMATE NORMAL PERIOD 1981 TO 2010
CLIMATE RECORD PERIOD 1963 TO 2014


WEATHER ITEM   OBSERVED TIME   RECORD YEAR NORMAL DEPARTURE
                VALUE   (LST)  VALUE       VALUE  FROM
                                                  NORMAL
...............................................................
TEMPERATURE (F)
 YESTERDAY
  MAXIMUM         40   1053 AM  70    1984  48     -8
  MINIMUM         28    802 PM  15    1985  31     -3
  AVERAGE         34                        40     -6

PRECIPITATION (IN)
  YESTERDAY        0.00          1.58        0.12  -0.12
  MONTH TO DATE    1.16                      2.16  -1.00
  SINCE DEC 1      1.16                      2.16  -1.00
  SINCE JAN 1     35.92                     39.57  -3.65

SNOWFALL (IN)
  YESTERDAY        0.0           2.3  1989   0.1   -0.1
  MONTH TO DATE    0.0                       1.2   -1.2
  SINCE NOV 1      0.0                       1.3   -1.3
  SINCE JUL 1      0.0                       1.3   -1.3

DEGREE DAYS
 HEATING
  YESTERDAY       31                                6
  MONTH TO DATE  409                              -27
  SINCE DEC 1    409                              -27
  SINCE JUL 1   1103                              -37

 COOLING
  YESTERDAY        0                                0
  MONTH TO DATE    0                                0
  SINCE DEC 1      0                                0
  SINCE JAN 1   1352                              155
...............................................................


WIND (MPH)
  HIGHEST WIND SPEED    16   HIGHEST WIND DIRECTION    NW (330)
  HIGHEST GUST SPEED    23   HIGHEST GUST DIRECTION    NW (330)
  AVERAGE WIND SPEED     7.4




RELATIVE HUMIDITY (PERCENT)
 HIGHEST    78
 LOWEST     59
 AVERAGE    69

..........................................................


THE WALLOPS ISLAND VA CLIMATE NORMALS FOR TODAY
                         NORMAL    RECORD    YEAR
 MAXIMUM TEMPERATURE (F)   48        65      2013
 MINIMUM TEMPERATURE (F)   31         7      1989


SUNRISE AND SUNSET
DECEMBER 20 2014......SUNRISE   713 AM EST   SUNSET   446 PM EST
DECEMBER 21 2014......SUNRISE   714 AM EST   SUNSET   446 PM EST


-  INDICATES NEGATIVE NUMBERS.
R  INDICATES RECORD WAS SET OR TIED.
MM INDICATES DATA IS MISSING.
T  INDICATES TRACE AMOUNT.




$$
