733
CDUS41 KAKQ 102229
CLIWAL


CLIMATE REPORT
NATIONAL WEATHER SERVICE WAKEFIELD, VA
528 PM EST WED FEB 10 2016


...................................

...THE WALLOPS ISLAND VA CLIMATE SUMMARY FOR FEBRUARY 10 2016...
VALID TODAY AS OF 0500 PM LOCAL TIME.

CLIMATE NORMAL PERIOD 1981 TO 2010
CLIMATE RECORD PERIOD 1963 TO 2016


WEATHER ITEM   OBSERVED TIME   RECORD YEAR NORMAL DEPARTURE
                VALUE   (LST)  VALUE       VALUE  FROM
                                                  NORMAL
...............................................................
TEMPERATURE (F)
 TODAY
  MAXIMUM         40    245 PM  64    2002  46     -6
  MINIMUM         30    822 AM   8    1979  30      0
  AVERAGE         35

PRECIPITATION (IN)
  TODAY            T             0.83 1990   0.10  -0.10
  MONTH TO DATE    2.42                      0.94   1.48
  SINCE DEC 1      9.32                      7.41   1.91
  SINCE JAN 1      5.04                      3.98   1.06

SNOWFALL (IN)
  TODAY            T             4.3  2010
  MONTH TO DATE    1.0
  SINCE NOV 1      8.3
  SINCE JUL 1      8.3
  SNOW DEPTH       0

DEGREE DAYS
 HEATING
  TODAY           30

 COOLING
  TODAY            0
...............................................................


WIND (MPH)
  HIGHEST WIND SPEED    22   HIGHEST WIND DIRECTION    NW (300)
  HIGHEST GUST SPEED    29   HIGHEST GUST DIRECTION    NW (320)




RELATIVE HUMIDITY (PERCENT)
 HIGHEST    92
 LOWEST     44
 AVERAGE    68

..........................................................


THE WALLOPS ISLAND VA CLIMATE NORMALS FOR TOMORROW
                         NORMAL    RECORD    YEAR
 MAXIMUM TEMPERATURE (F)   46        63      1996
 MINIMUM TEMPERATURE (F)   30         9      1979


SUNRISE AND SUNSET
FEBRUARY 10 2016......SUNRISE   658 AM EST   SUNSET   535 PM EST
FEBRUARY 11 2016......SUNRISE   657 AM EST   SUNSET   536 PM EST


-  INDICATES NEGATIVE NUMBERS.
R  INDICATES RECORD WAS SET OR TIED.
MM INDICATES DATA IS MISSING.
T  INDICATES TRACE AMOUNT.




$$
