312
CDUS41 KAKQ 270630
CLIWAL


CLIMATE REPORT
NATIONAL WEATHER SERVICE WAKEFIELD, VA
130 AM EST MON FEB 27 2017


...................................

...THE WALLOPS ISLAND VA CLIMATE SUMMARY FOR FEBRUARY 26 2017...

CLIMATE NORMAL PERIOD 1981 TO 2010
CLIMATE RECORD PERIOD 1963 TO 2017


WEATHER ITEM   OBSERVED TIME   RECORD YEAR NORMAL DEPARTURE
                VALUE   (LST)  VALUE       VALUE  FROM
                                                  NORMAL
...............................................................
TEMPERATURE (F)
 YESTERDAY
  MAXIMUM         49   1215 AM  63    1996  49      0
  MINIMUM         32   1144 PM  15    1990  32      0
                                      1970
  AVERAGE         41                        41      0

PRECIPITATION (IN)
  YESTERDAY        0.00          0.82        0.10  -0.10
  MONTH TO DATE    1.41                      2.54  -1.13
  SINCE DEC 1     10.17                      9.01   1.16
  SINCE JAN 1      6.20                      5.58   0.62

SNOWFALL (IN)
  YESTERDAY        0.0           4.5  1993   0.1   -0.1
  MONTH TO DATE    T                         3.2   -3.2
  SINCE NOV 1     10.1                       7.2    2.9
  SINCE JUL 1     10.1                       7.2    2.9

DEGREE DAYS
 HEATING
  YESTERDAY       24                                0
  MONTH TO DATE  517                             -172
  SINCE DEC 1   1960                             -369
  SINCE JUL 1   2546                             -487

 COOLING
  YESTERDAY        0                                0
  MONTH TO DATE    0                                0
  SINCE DEC 1      0                                0
  SINCE JAN 1      0                                0
...............................................................


WIND (MPH)
  HIGHEST WIND SPEED    21   HIGHEST WIND DIRECTION     W (290)
  HIGHEST GUST SPEED    27   HIGHEST GUST DIRECTION     W (290)
  AVERAGE WIND SPEED     9.3




RELATIVE HUMIDITY (PERCENT)
 HIGHEST    75
 LOWEST     34
 AVERAGE    55

..........................................................


THE WALLOPS ISLAND VA CLIMATE NORMALS FOR TODAY
                         NORMAL    RECORD    YEAR
 MAXIMUM TEMPERATURE (F)   49        79      1997
 MINIMUM TEMPERATURE (F)   32        16      2015


SUNRISE AND SUNSET
FEBRUARY 27 2017......SUNRISE   636 AM EST   SUNSET   554 PM EST
FEBRUARY 28 2017......SUNRISE   635 AM EST   SUNSET   555 PM EST


-  INDICATES NEGATIVE NUMBERS.
R  INDICATES RECORD WAS SET OR TIED.
MM INDICATES DATA IS MISSING.
T  INDICATES TRACE AMOUNT.




$$
