000
CDUS41 KAKQ 190545
CLIWAL


CLIMATE REPORT
NATIONAL WEATHER SERVICE WAKEFIELD, VA
145 AM EDT THU OCT 19 2017


...................................

...THE WALLOPS ISLAND VA CLIMATE SUMMARY FOR OCTOBER 18 2017...

CLIMATE NORMAL PERIOD 1981 TO 2010
CLIMATE RECORD PERIOD 1963 TO 2017


WEATHER ITEM   OBSERVED TIME   RECORD YEAR NORMAL DEPARTURE
                VALUE   (LST)  VALUE       VALUE  FROM
                                                  NORMAL
...............................................................
TEMPERATURE (F)
 YESTERDAY
  MAXIMUM         68    100 PM  80    2016  67      1
  MINIMUM         39    626 AM  36    2015  49    -10
                                      1982
                                      1976
  AVERAGE         54                        58     -4

PRECIPITATION (IN)
  YESTERDAY        0.00          0.57        0.10  -0.10
  MONTH TO DATE    5.09                      1.83   3.26
  SINCE SEP 1      6.93                      5.81   1.12
  SINCE JAN 1     42.45                     33.20   9.25

SNOWFALL (IN)
  YESTERDAY        0.0           0.0    MM   0.0    0.0
  MONTH TO DATE    0.0                       0.0    0.0
  SINCE NOV 1     10.1                       7.9    2.2
  SINCE JUL 1      0.0                       0.0    0.0

DEGREE DAYS
 HEATING
  YESTERDAY       11                                4
  MONTH TO DATE   48                              -45
  SINCE SEP 1     57                              -66
  SINCE JUL 1     57                              -67

 COOLING
  YESTERDAY        0                               -1
  MONTH TO DATE   82                               56
  SINCE SEP 1    265                               75
  SINCE JAN 1   1416                              226
...............................................................


WIND (MPH)
  HIGHEST WIND SPEED     9   HIGHEST WIND DIRECTION     S (180)
  HIGHEST GUST SPEED    24   HIGHEST GUST DIRECTION    NW (330)
  AVERAGE WIND SPEED     2.3




RELATIVE HUMIDITY (PERCENT)
 HIGHEST   100
 LOWEST     32
 AVERAGE    66

..........................................................


THE WALLOPS ISLAND VA CLIMATE NORMALS FOR TODAY
                         NORMAL    RECORD    YEAR
 MAXIMUM TEMPERATURE (F)   67        84      2016
 MINIMUM TEMPERATURE (F)   49        34      2015


SUNRISE AND SUNSET
OCTOBER 19 2017.......SUNRISE   714 AM EDT   SUNSET   618 PM EDT
OCTOBER 20 2017.......SUNRISE   715 AM EDT   SUNSET   617 PM EDT


-  INDICATES NEGATIVE NUMBERS.
R  INDICATES RECORD WAS SET OR TIED.
MM INDICATES DATA IS MISSING.
T  INDICATES TRACE AMOUNT.




$$
