000
CDUS41 KAKQ 170633
CLIWAL


CLIMATE REPORT
NATIONAL WEATHER SERVICE WAKEFIELD, VA
133 AM EST SUN DEC 17 2017


...................................

...THE WALLOPS ISLAND VA CLIMATE SUMMARY FOR DECEMBER 16 2017...

CLIMATE NORMAL PERIOD 1981 TO 2010
CLIMATE RECORD PERIOD 1963 TO 2017


WEATHER ITEM   OBSERVED TIME   RECORD YEAR NORMAL DEPARTURE
                VALUE   (LST)  VALUE       VALUE  FROM
                                                  NORMAL
...............................................................
TEMPERATURE (F)
 YESTERDAY
  MAXIMUM         46    313 PM  78    1971  49     -3
  MINIMUM         25    710 AM  16    2010  32     -7
  AVERAGE         36                        40     -4

PRECIPITATION (IN)
  YESTERDAY        0.00          1.07        0.12  -0.12
  MONTH TO DATE    1.84                      1.82   0.02
  SINCE DEC 1      1.84                      1.82   0.02
  SINCE JAN 1     48.51                     39.23   9.28

SNOWFALL (IN)
  YESTERDAY        0.0           3.5  2010   0.1   -0.1
  MONTH TO DATE    1.3                       1.0    0.3
  SINCE NOV 1      1.3                       1.1    0.2
  SINCE JUL 1      1.3                       1.1    0.2

DEGREE DAYS
 HEATING
  YESTERDAY       29                                4
  MONTH TO DATE  381                               20
  SINCE DEC 1    381                               20
  SINCE JUL 1    984                              -81

 COOLING
  YESTERDAY        0                                0
  MONTH TO DATE    0                                0
  SINCE DEC 1      0                                0
  SINCE JAN 1   1429                              232
...............................................................


WIND (MPH)
  HIGHEST WIND SPEED    15   HIGHEST WIND DIRECTION     W (260)
  HIGHEST GUST SPEED    22   HIGHEST GUST DIRECTION    SW (240)
  AVERAGE WIND SPEED     6.9




RELATIVE HUMIDITY (PERCENT)
 HIGHEST   100
 LOWEST     37
 AVERAGE    69

..........................................................


THE WALLOPS ISLAND VA CLIMATE NORMALS FOR TODAY
                         NORMAL    RECORD    YEAR
 MAXIMUM TEMPERATURE (F)   48        62      2015
 MINIMUM TEMPERATURE (F)   32        16      2010


SUNRISE AND SUNSET
DECEMBER 17 2017......SUNRISE   712 AM EST   SUNSET   444 PM EST
DECEMBER 18 2017......SUNRISE   712 AM EST   SUNSET   445 PM EST


-  INDICATES NEGATIVE NUMBERS.
R  INDICATES RECORD WAS SET OR TIED.
MM INDICATES DATA IS MISSING.
T  INDICATES TRACE AMOUNT.




$$
