000
CDUS46 KLOX 260905
CLIWJF


CLIMATE REPORT
NATIONAL WEATHER SERVICE LOS ANGELES/OXNARD CA
205 AM PDT WED JUL 26 2017


...................................

...THE LANCASTER FOX FIELD CA CLIMATE SUMMARY FOR JULY 25 2017...

CLIMATE NORMAL PERIOD 1981 TO 2010
CLIMATE RECORD PERIOD 1948 TO 2017


WEATHER ITEM   OBSERVED TIME   RECORD YEAR NORMAL DEPARTURE
                VALUE   (LST)  VALUE       VALUE  FROM
                                                  NORMAL
...............................................................
TEMPERATURE (F)
 YESTERDAY
  MAXIMUM         96    249 PM 110    2006  99     -3
                                      1975
  MINIMUM         73    207 AM  55    1995  67      6
  AVERAGE         85                        83      2

PRECIPITATION (IN)
  YESTERDAY        0.00          T    2013   0.01  -0.01
  MONTH TO DATE    T                         0.08  -0.08
  SINCE OCT 1      6.51                      7.12  -0.61
  SINCE JAN 1      4.52                      4.99  -0.47

SNOWFALL (IN)
  YESTERDAY        0.0           0.0    MM
  MONTH TO DATE    0.0
  SINCE JUN 1      0.0
  SINCE JUL 1      0.0
  SNOW DEPTH       0

DEGREE DAYS
 HEATING
  YESTERDAY        0                                0
  MONTH TO DATE    0                                0
  SINCE JUN 1      9                                1
  SINCE JUL 1      0                                0

 COOLING
  YESTERDAY       20                                2
  MONTH TO DATE  560                              130
  SINCE JUN 1   1035                              264
  SINCE JAN 1   1196                              236
...............................................................


WIND (MPH)
  HIGHEST WIND SPEED    25   HIGHEST WIND DIRECTION    SW (240)
  HIGHEST GUST SPEED    30   HIGHEST GUST DIRECTION    SW (240)
  AVERAGE WIND SPEED    15.4




RELATIVE HUMIDITY (PERCENT)
 HIGHEST    48
 LOWEST     22
 AVERAGE    35

..........................................................


THE LANCASTER FOX FIELD CA CLIMATE NORMALS FOR TODAY
                         NORMAL    RECORD    YEAR
 MAXIMUM TEMPERATURE (F)   99       109      1975
 MINIMUM TEMPERATURE (F)   67        53      1987


SUNRISE AND SUNSET
JULY 26 2017..........SUNRISE   559 AM PDT   SUNSET   800 PM PDT
JULY 27 2017..........SUNRISE   559 AM PDT   SUNSET   759 PM PDT


-  INDICATES NEGATIVE NUMBERS.
R  INDICATES RECORD WAS SET OR TIED.
MM INDICATES DATA IS MISSING.
T  INDICATES TRACE AMOUNT.




$$
