000
CDUS46 KLOX 230901
CLIWJF


CLIMATE REPORT
NATIONAL WEATHER SERVICE LOS ANGELES/OXNARD CA
200 AM PDT SUN APR 23 2017


...................................

...THE LANCASTER FOX FIELD CA CLIMATE SUMMARY FOR APRIL 22 2017...

CLIMATE NORMAL PERIOD 1981 TO 2010
CLIMATE RECORD PERIOD 1948 TO 2017


WEATHER ITEM   OBSERVED TIME   RECORD YEAR NORMAL DEPARTURE
                VALUE   (LST)  VALUE       VALUE  FROM
                                                  NORMAL
...............................................................
TEMPERATURE (F)
 YESTERDAY
  MAXIMUM         91    222 PM  98    1949  75     16
  MINIMUM         45    507 AM  30    1982  47     -2
  AVERAGE         68                        61      7

PRECIPITATION (IN)
  YESTERDAY        0.00          0.20 1967   0.01  -0.01
  MONTH TO DATE    T                         0.29  -0.29
  SINCE OCT 1      6.51                      6.84  -0.33
  SINCE JAN 1      4.52                      4.71  -0.19

SNOWFALL (IN)
  YESTERDAY        0.0           0.0    MM
  MONTH TO DATE    0.0
  SINCE MAR 1      0.0
  SINCE JUL 1      0.0
  SNOW DEPTH       0

DEGREE DAYS
 HEATING
  YESTERDAY        0                               -5
  MONTH TO DATE  105                              -66
  SINCE MAR 1    386                             -153
  SINCE JUL 1   2385                             -447

 COOLING
  YESTERDAY        3                                2
  MONTH TO DATE    4                               -9
  SINCE MAR 1      8                               -7
  SINCE JAN 1      8                               -7
...............................................................


WIND (MPH)
  HIGHEST WIND SPEED    24   HIGHEST WIND DIRECTION     W (270)
  HIGHEST GUST SPEED    29   HIGHEST GUST DIRECTION     W (260)
  AVERAGE WIND SPEED     7.9




RELATIVE HUMIDITY (PERCENT)
 HIGHEST    60
 LOWEST      9
 AVERAGE    35

..........................................................


THE LANCASTER FOX FIELD CA CLIMATE NORMALS FOR TODAY
                         NORMAL    RECORD    YEAR
 MAXIMUM TEMPERATURE (F)   75        98      1949
 MINIMUM TEMPERATURE (F)   47        30      1968


SUNRISE AND SUNSET
APRIL 23 2017.........SUNRISE   611 AM PDT   SUNSET   732 PM PDT
APRIL 24 2017.........SUNRISE   610 AM PDT   SUNSET   733 PM PDT


-  INDICATES NEGATIVE NUMBERS.
R  INDICATES RECORD WAS SET OR TIED.
MM INDICATES DATA IS MISSING.
T  INDICATES TRACE AMOUNT.




$$
