000
CDUS46 KLOX 210112
CLIWJF


CLIMATE REPORT
NATIONAL WEATHER SERVICE LOS ANGELES/OXNARD CA
612 PM PDT WED SEP 20 2017


...................................

...THE LANCASTER CLIMATE SUMMARY FOR SEPTEMBER 20 2017...
VALID TODAY AS OF 0600 PM LOCAL TIME.

CLIMATE NORMAL PERIOD 1981 TO 2010
CLIMATE RECORD PERIOD 1948 TO 2017


WEATHER ITEM   OBSERVED TIME   RECORD YEAR NORMAL DEPARTURE LAST
                VALUE   (LST)  VALUE       VALUE  FROM      YEAR
                                                  NORMAL
..................................................................
TEMPERATURE (F)
 TODAY
  MAXIMUM         82   1135 AM 100    2000  89     -7       92
                                      1949
  MINIMUM         60    604 AM  38    1978  55      5       67
  AVERAGE         71                        72     -1       80

PRECIPITATION (IN)
  TODAY            0.00          0.80 2005   0.01  -0.01     0.00
  MONTH TO DATE    0.07                      0.09  -0.02     0.00
  SINCE OCT 1      6.61                      7.32  -0.71     3.82
  SINCE JAN 1      4.62                      5.19  -0.57     2.53

SNOWFALL (IN)
  TODAY            0.0           0.0    MM   0.0             0.0
  MONTH TO DATE    0.0                       0.0             0.0
  SINCE SEP 1      0.0                       0.0             0.0
  SINCE JUL 1      0.0                       0.0             0.0
  SNOW DEPTH       0

DEGREE DAYS
 HEATING
  TODAY            0                         0      0        0
  MONTH TO DATE    0                         0      0        2
  SINCE SEP 1      0                         0      0        2
  SINCE JUL 1      0                         0      0        2

 COOLING
  TODAY            6                         8     -2       15
  MONTH TO DATE  248                       211     37      175
  SINCE SEP 1    248                       211     37      175
  SINCE JAN 1   2152                      1770    382     2037
..................................................................


WIND (MPH)
  HIGHEST WIND SPEED    32   HIGHEST WIND DIRECTION     W (270)
  HIGHEST GUST SPEED    39   HIGHEST GUST DIRECTION     W (270)
  AVERAGE WIND SPEED    23.4


SKY COVER
  POSSIBLE SUNSHINE  MM
  AVERAGE SKY COVER 0.0


WEATHER CONDITIONS
 THE FOLLOWING WEATHER WAS RECORDED TODAY.
  NO SIGNIFICANT WEATHER WAS OBSERVED.


RELATIVE HUMIDITY (PERCENT)
 HIGHEST    49           500 PM
 LOWEST     15          1000 AM
 AVERAGE    32

..........................................................


THE LANCASTER CLIMATE NORMALS FOR TOMORROW
                         NORMAL    RECORD    YEAR
 MAXIMUM TEMPERATURE (F)   89       104      1949
 MINIMUM TEMPERATURE (F)   55        38      1978


SUNRISE AND SUNSET
SEPTEMBER 20 2017.....SUNRISE   640 AM PDT   SUNSET   652 PM PDT
SEPTEMBER 21 2017.....SUNRISE   640 AM PDT   SUNSET   651 PM PDT


-  INDICATES NEGATIVE NUMBERS.
R  INDICATES RECORD WAS SET OR TIED.
MM INDICATES DATA IS MISSING.
T  INDICATES TRACE AMOUNT.




$$
