000
CDUS46 KLOX 041019
CLIWJF


CLIMATE REPORT
NATIONAL WEATHER SERVICE LOS ANGELES/OXNARD CA
316 AM PDT FRI SEP 4 2015


...................................

...THE LANCASTER FOX FIELD CA CLIMATE SUMMARY FOR SEPTEMBER 3 2015...

CLIMATE NORMAL PERIOD 1981 TO 2010
CLIMATE RECORD PERIOD 1948 TO 2015


WEATHER ITEM   OBSERVED TIME   RECORD YEAR NORMAL DEPARTURE
                VALUE   (LST)  VALUE       VALUE  FROM
                                                  NORMAL
...............................................................
TEMPERATURE (F)
 YESTERDAY
  MAXIMUM         87    127 PM 108    1955  95     -8
  MINIMUM         62    604 AM  43    1964  61      1
  AVERAGE         75                        78     -3

PRECIPITATION (IN)
  YESTERDAY        0.00          T    1997   0.01  -0.01
  MONTH TO DATE    0.00                      0.01  -0.01
  SINCE OCT 1      6.99                      7.24  -0.25
  SINCE JAN 1      4.07                      5.11  -1.04

SNOWFALL (IN)
  YESTERDAY        0.0           0.0    MM
  MONTH TO DATE    0.0
  SINCE SEP 1      0.0
  SINCE JUL 1      0.0
  SNOW DEPTH       0

DEGREE DAYS
 HEATING
  YESTERDAY        0                                0
  MONTH TO DATE    0                                0
  SINCE SEP 1      0                                0
  SINCE JUL 1      0                                0

 COOLING
  YESTERDAY       10                               -3
  MONTH TO DATE   34                               -5
  SINCE SEP 1     34                               -5
  SINCE JAN 1   1627                               29
...............................................................


WIND (MPH)
  HIGHEST WIND SPEED    24   HIGHEST WIND DIRECTION    SW (240)
  HIGHEST GUST SPEED    34   HIGHEST GUST DIRECTION     W (260)
  AVERAGE WIND SPEED    13.7




RELATIVE HUMIDITY (PERCENT)
 HIGHEST    49
 LOWEST     17
 AVERAGE    33

..........................................................


THE LANCASTER FOX FIELD CA CLIMATE NORMALS FOR TODAY
                         NORMAL    RECORD    YEAR
 MAXIMUM TEMPERATURE (F)   94       108      1955
 MINIMUM TEMPERATURE (F)   60        45      1961


SUNRISE AND SUNSET
SEPTEMBER  4 2015.....SUNRISE   628 AM PDT   SUNSET   715 PM PDT
SEPTEMBER  5 2015.....SUNRISE   629 AM PDT   SUNSET   714 PM PDT


-  INDICATES NEGATIVE NUMBERS.
R  INDICATES RECORD WAS SET OR TIED.
MM INDICATES DATA IS MISSING.
T  INDICATES TRACE AMOUNT.




$$
