000
CDUS46 KLOX 250902
CLIWJF


CLIMATE REPORT
NATIONAL WEATHER SERVICE LOS ANGELES/OXNARD CA
102 AM PST SAT FEB 25 2017


...................................

...THE LANCASTER FOX FIELD CA CLIMATE SUMMARY FOR FEBRUARY 24 2017...

CLIMATE NORMAL PERIOD 1981 TO 2010
CLIMATE RECORD PERIOD 1948 TO 2017


WEATHER ITEM   OBSERVED TIME   RECORD YEAR NORMAL DEPARTURE
                VALUE   (LST)  VALUE       VALUE  FROM
                                                  NORMAL
...............................................................
TEMPERATURE (F)
 YESTERDAY
  MAXIMUM         54    423 PM  80    1950  63     -9
  MINIMUM         31   1124 PM  20    1955  37     -6
  AVERAGE         43                        50     -7

PRECIPITATION (IN)
  YESTERDAY        0.00          0.25 1987   0.06  -0.06
  MONTH TO DATE    1.80                      1.56   0.24
  SINCE OCT 1      6.26                      5.19   1.07
  SINCE JAN 1      4.27                      3.06   1.21

SNOWFALL (IN)
  YESTERDAY        0.0           0.5  1987
  MONTH TO DATE    0.0
  SINCE DEC 1      0.0
  SINCE JUL 1      0.0
  SNOW DEPTH       0

DEGREE DAYS
 HEATING
  YESTERDAY       22                                7
  MONTH TO DATE  305                             -104
  SINCE DEC 1   1494                             -195
  SINCE JUL 1   1920                             -314

 COOLING
  YESTERDAY        0                                0
  MONTH TO DATE    0                                0
  SINCE DEC 1      0                                0
  SINCE JAN 1      0                                0
...............................................................


WIND (MPH)
  HIGHEST WIND SPEED    21   HIGHEST WIND DIRECTION     W (280)
  HIGHEST GUST SPEED    28   HIGHEST GUST DIRECTION     W (290)
  AVERAGE WIND SPEED     7.9




RELATIVE HUMIDITY (PERCENT)
 HIGHEST    75
 LOWEST     26
 AVERAGE    51

..........................................................


THE LANCASTER FOX FIELD CA CLIMATE NORMALS FOR TODAY
                         NORMAL    RECORD    YEAR
 MAXIMUM TEMPERATURE (F)   64        81      1986
 MINIMUM TEMPERATURE (F)   37        18      2013


SUNRISE AND SUNSET
FEBRUARY 25 2017......SUNRISE   627 AM PST   SUNSET   546 PM PST
FEBRUARY 26 2017......SUNRISE   625 AM PST   SUNSET   546 PM PST


-  INDICATES NEGATIVE NUMBERS.
R  INDICATES RECORD WAS SET OR TIED.
MM INDICATES DATA IS MISSING.
T  INDICATES TRACE AMOUNT.




$$
