000
CDUS46 KLOX 040123
CLIWJF


CLIMATE REPORT
NATIONAL WEATHER SERVICE LOS ANGELES/OXNARD CA
623 PM PDT TUE MAY 3 2016


...................................

...THE LANCASTER CLIMATE SUMMARY FOR MAY 3 2016...
VALID TODAY AS OF 0600 PM LOCAL TIME.

CLIMATE NORMAL PERIOD 1981 TO 2010
CLIMATE RECORD PERIOD 1948 TO 2016


WEATHER ITEM   OBSERVED TIME   RECORD YEAR NORMAL DEPARTURE LAST
                VALUE   (LST)  VALUE       VALUE  FROM      YEAR
                                                  NORMAL
..................................................................
TEMPERATURE (F)
 TODAY
  MAXIMUM         86    257 PM  98    2004  78      8       82
  MINIMUM         48    517 AM  35    1953  50     -2       51
  AVERAGE         67                        64      3       67

PRECIPITATION (IN)
  TODAY            0.00          0.21 2003   0.01  -0.01     0.00
  MONTH TO DATE    0.00                      0.02  -0.02     0.00
  SINCE OCT 1      3.82                      6.92  -3.10     4.33
  SINCE JAN 1      2.53                      4.79  -2.26     1.41

SNOWFALL (IN)
  TODAY            0.0           0.0    MM   0.0             0.0
  MONTH TO DATE    0.0                       0.0             0.0
  SINCE MAR 1      0.0                       0.0             0.0
  SINCE JUL 1      0.0                       2.3             0.0
  SNOW DEPTH       0

DEGREE DAYS
 HEATING
  TODAY            0                         3     -3        0
  MONTH TO DATE    2                        11     -9        0
  SINCE MAR 1    372                       586   -214      402
  SINCE JUL 1   2623                      2879   -256     2271

 COOLING
  TODAY            2                         3     -1        2
  MONTH TO DATE    3                         8     -5       10
  SINCE MAR 1     24                        38    -14       38
  SINCE JAN 1     27                        38    -11       38
..................................................................


WIND (MPH)
  HIGHEST WIND SPEED    20   HIGHEST WIND DIRECTION     E (100)
  HIGHEST GUST SPEED    26   HIGHEST GUST DIRECTION     E (70)
  AVERAGE WIND SPEED     5.0


SKY COVER
  POSSIBLE SUNSHINE  MM
  AVERAGE SKY COVER 0.0


WEATHER CONDITIONS
 THE FOLLOWING WEATHER WAS RECORDED TODAY.
  NO SIGNIFICANT WEATHER WAS OBSERVED.


RELATIVE HUMIDITY (PERCENT)
 HIGHEST    61           500 AM
 LOWEST     12           300 PM
 AVERAGE    37

..........................................................


THE LANCASTER CLIMATE NORMALS FOR TOMORROW
                         NORMAL    RECORD    YEAR
 MAXIMUM TEMPERATURE (F)   79        95      2004
 MINIMUM TEMPERATURE (F)   51        37      1991


SUNRISE AND SUNSET
MAY  3 2016...........SUNRISE   600 AM PDT   SUNSET   740 PM PDT
MAY  4 2016...........SUNRISE   559 AM PDT   SUNSET   741 PM PDT


-  INDICATES NEGATIVE NUMBERS.
R  INDICATES RECORD WAS SET OR TIED.
MM INDICATES DATA IS MISSING.
T  INDICATES TRACE AMOUNT.




$$
