000
CDUS46 KLOX 230112
CLIWJF


CLIMATE REPORT
NATIONAL WEATHER SERVICE LOS ANGELES/OXNARD CA
612 PM PDT WED OCT 22 2014


...................................

...THE LANCASTER CLIMATE SUMMARY FOR OCTOBER 22 2014...
VALID TODAY AS OF 0600 PM LOCAL TIME.

CLIMATE NORMAL PERIOD 1981 TO 2010
CLIMATE RECORD PERIOD 1948 TO 2014


WEATHER ITEM   OBSERVED TIME   RECORD YEAR NORMAL DEPARTURE LAST
                VALUE   (LST)  VALUE       VALUE  FROM      YEAR
                                                  NORMAL
..................................................................
TEMPERATURE (F)
 TODAY
  MAXIMUM         81    324 PM  95    2003  77      4       83
  MINIMUM         44    538 AM  25    1996  44      0       38
  AVERAGE         63                        60      3       61

PRECIPITATION (IN)
  TODAY            0.00          0.80 1987   0.02  -0.02     0.00
  MONTH TO DATE    0.00                      0.27  -0.27     0.02
  SINCE JUL 1      0.03                      0.61  -0.58     0.04
  SINCE JAN 1      2.35                      5.52  -3.17     1.14

SNOWFALL (IN)
  TODAY            0.0           0.0    MM   0.0             0.0
  MONTH TO DATE    0.0                       0.0             0.0
  SINCE SEP 1      0.0                       0.0             0.0
  SINCE JUL 1      0.0                       0.0             0.0
  SNOW DEPTH       0

DEGREE DAYS
 HEATING
  TODAY            2                         5     -3        4
  MONTH TO DATE   11                        65    -54      149
  SINCE SEP 1     13                        77    -64      170
  SINCE JUL 1     13                        77    -64      170

 COOLING
  TODAY            0                         1     -1        0
  MONTH TO DATE   71                        48     23       16
  SINCE SEP 1    401                       319     82      333
  SINCE JAN 1   2052                      1878    174     2204
..................................................................


WIND (MPH)
  HIGHEST WIND SPEED    21   HIGHEST WIND DIRECTION     W (290)
  HIGHEST GUST SPEED    26   HIGHEST GUST DIRECTION    NW (300)
  AVERAGE WIND SPEED     4.3


SKY COVER
  POSSIBLE SUNSHINE  MM
  AVERAGE SKY COVER 0.0


WEATHER CONDITIONS
 THE FOLLOWING WEATHER WAS RECORDED TODAY.
  NO SIGNIFICANT WEATHER WAS OBSERVED.


RELATIVE HUMIDITY (PERCENT)
 HIGHEST    65           500 AM
 LOWEST     16           200 PM
 AVERAGE    41

..........................................................


THE LANCASTER CLIMATE NORMALS FOR TOMORROW
                         NORMAL    RECORD    YEAR
 MAXIMUM TEMPERATURE (F)   77        93      1959
 MINIMUM TEMPERATURE (F)   44        30      1984


SUNRISE AND SUNSET
OCTOBER 22 2014.......SUNRISE   705 AM PDT   SUNSET   610 PM PDT
OCTOBER 23 2014.......SUNRISE   705 AM PDT   SUNSET   608 PM PDT


-  INDICATES NEGATIVE NUMBERS.
R  INDICATES RECORD WAS SET OR TIED.
MM INDICATES DATA IS MISSING.
T  INDICATES TRACE AMOUNT.




$$
