000
CDUS46 KLOX 280856
CLIWJF


CLIMATE REPORT
NATIONAL WEATHER SERVICE LOS ANGELES/OXNARD CA
1256 AM PST WED JAN 28 2015


...................................

...THE LANCASTER FOX FIELD CA CLIMATE SUMMARY FOR JANUARY 27 2015...

CLIMATE NORMAL PERIOD 1981 TO 2010
CLIMATE RECORD PERIOD 1948 TO 2015


WEATHER ITEM   OBSERVED TIME   RECORD YEAR NORMAL DEPARTURE
                VALUE   (LST)  VALUE       VALUE  FROM
                                                  NORMAL
...............................................................
TEMPERATURE (F)
 YESTERDAY
  MAXIMUM         57    426 PM  74    2003  60     -3
  MINIMUM         40   1148 PM  13    1950  32      8
  AVERAGE         49                        46      3

PRECIPITATION (IN)
  YESTERDAY        0.01          0.87 1983   0.04  -0.03
  MONTH TO DATE    0.92                      1.28  -0.36
  SINCE OCT 1      3.84                      3.41   0.43
  SINCE JAN 1      0.92                      1.28  -0.36

SNOWFALL (IN)
  YESTERDAY       MM             T    1975
  MONTH TO DATE    0.0
  SINCE DEC 1      0.0
  SINCE JUL 1      0.0
  SNOW DEPTH       0

DEGREE DAYS
 HEATING
  YESTERDAY       16                               -3
  MONTH TO DATE  532                              -15
  SINCE DEC 1   1098                             -106
  SINCE JUL 1   1495                             -254

 COOLING
  YESTERDAY        0                                0
  MONTH TO DATE    0                                0
  SINCE DEC 1      0                                0
  SINCE JAN 1      0                                0
...............................................................


WIND (MPH)
  HIGHEST WIND SPEED     9   HIGHEST WIND DIRECTION    NE (40)
  HIGHEST GUST SPEED    11   HIGHEST GUST DIRECTION    NE (40)
  AVERAGE WIND SPEED     3.4




RELATIVE HUMIDITY (PERCENT)
 HIGHEST   100
 LOWEST     72
 AVERAGE    86

..........................................................


THE LANCASTER FOX FIELD CA CLIMATE NORMALS FOR TODAY
                         NORMAL    RECORD    YEAR
 MAXIMUM TEMPERATURE (F)   60        71      1986
 MINIMUM TEMPERATURE (F)   32         6      1957


SUNRISE AND SUNSET
JANUARY 28 2015.......SUNRISE   654 AM PST   SUNSET   518 PM PST
JANUARY 29 2015.......SUNRISE   653 AM PST   SUNSET   519 PM PST


-  INDICATES NEGATIVE NUMBERS.
R  INDICATES RECORD WAS SET OR TIED.
MM INDICATES DATA IS MISSING.
T  INDICATES TRACE AMOUNT.




$$
