000
CDUS46 KLOX 020858
CLIWJF


CLIMATE REPORT
NATIONAL WEATHER SERVICE LOS ANGELES/OXNARD CA
1258 AM PST MON MAR 2 2015


...................................

...THE LANCASTER FOX FIELD CA CLIMATE SUMMARY FOR MARCH 1 2015...

CLIMATE NORMAL PERIOD 1981 TO 2010
CLIMATE RECORD PERIOD 1948 TO 2015


WEATHER ITEM   OBSERVED TIME   RECORD YEAR NORMAL DEPARTURE
                VALUE   (LST)  VALUE       VALUE  FROM
                                                  NORMAL
...............................................................
TEMPERATURE (F)
 YESTERDAY
  MAXIMUM         55    149 PM  80    1967  64     -9
  MINIMUM         39    327 AM  22    1997  37      2
  AVERAGE         47                        51     -4

PRECIPITATION (IN)
  YESTERDAY        0.04          2.93 1983   0.05  -0.01
  MONTH TO DATE    0.04                      0.05  -0.01
  SINCE OCT 1      4.32                      5.46  -1.14
  SINCE JAN 1      1.40                      3.33  -1.93

SNOWFALL (IN)
  YESTERDAY       MM             0.0    MM
  MONTH TO DATE   MM
  SINCE MAR 1     MM
  SINCE JUL 1      0.0
  SNOW DEPTH       0

DEGREE DAYS
 HEATING
  YESTERDAY       18                                4
  MONTH TO DATE   18                                4
  SINCE MAR 1     18                                4
  SINCE JUL 1   1887                             -420

 COOLING
  YESTERDAY        0                                0
  MONTH TO DATE    0                                0
  SINCE MAR 1      0                                0
  SINCE JAN 1      0                                0
...............................................................


WIND (MPH)
  HIGHEST WIND SPEED    17   HIGHEST WIND DIRECTION    SE (150)
  HIGHEST GUST SPEED    20   HIGHEST GUST DIRECTION     S (160)
  AVERAGE WIND SPEED     5.8




RELATIVE HUMIDITY (PERCENT)
 HIGHEST   100
 LOWEST     46
 AVERAGE    73

..........................................................


THE LANCASTER FOX FIELD CA CLIMATE NORMALS FOR TODAY
                         NORMAL    RECORD    YEAR
 MAXIMUM TEMPERATURE (F)   65        79      1999
 MINIMUM TEMPERATURE (F)   38        18      1971


SUNRISE AND SUNSET
MARCH  2 2015.........SUNRISE   621 AM PST   SUNSET   549 PM PST
MARCH  3 2015.........SUNRISE   620 AM PST   SUNSET   550 PM PST


-  INDICATES NEGATIVE NUMBERS.
R  INDICATES RECORD WAS SET OR TIED.
MM INDICATES DATA IS MISSING.
T  INDICATES TRACE AMOUNT.




$$
