000
CDUS46 KLOX 270856
CLIWJF


CLIMATE REPORT
NATIONAL WEATHER SERVICE LOS ANGELES/OXNARD CA
156 AM PDT WED MAY 27 2015


...................................

...THE LANCASTER FOX FIELD CA CLIMATE SUMMARY FOR MAY 26 2015...

CLIMATE NORMAL PERIOD 1981 TO 2010
CLIMATE RECORD PERIOD 1948 TO 2015


WEATHER ITEM   OBSERVED TIME   RECORD YEAR NORMAL DEPARTURE
                VALUE   (LST)  VALUE       VALUE  FROM
                                                  NORMAL
...............................................................
TEMPERATURE (F)
 YESTERDAY
  MAXIMUM         83    142 PM 104    1974  85     -2
  MINIMUM         53    508 AM  37    1953  57     -4
  AVERAGE         68                        71     -3

PRECIPITATION (IN)
  YESTERDAY        0.00          0.28 1950   0.00   0.00
  MONTH TO DATE    0.28                      0.08   0.20
  SINCE OCT 1      4.61                      6.98  -2.37
  SINCE JAN 1      1.69                      4.85  -3.16

SNOWFALL (IN)
  YESTERDAY        0.0           0.0    MM
  MONTH TO DATE    0.0
  SINCE MAR 1      0.0
  SINCE JUL 1      0.0
  SNOW DEPTH       0

DEGREE DAYS
 HEATING
  YESTERDAY        0                               -1
  MONTH TO DATE  105                               50
  SINCE MAR 1    507                             -123
  SINCE JUL 1   2376                             -547

 COOLING
  YESTERDAY        3                               -4
  MONTH TO DATE   22                              -99
  SINCE MAR 1     50                             -101
  SINCE JAN 1     50                             -101
...............................................................


WIND (MPH)
  HIGHEST WIND SPEED    28   HIGHEST WIND DIRECTION    SW (240)
  HIGHEST GUST SPEED    33   HIGHEST GUST DIRECTION    SW (240)
  AVERAGE WIND SPEED    13.5




RELATIVE HUMIDITY (PERCENT)
 HIGHEST    72
 LOWEST     23
 AVERAGE    48

..........................................................


THE LANCASTER FOX FIELD CA CLIMATE NORMALS FOR TODAY
                         NORMAL    RECORD    YEAR
 MAXIMUM TEMPERATURE (F)   86       101      1984
 MINIMUM TEMPERATURE (F)   57        43      1998


SUNRISE AND SUNSET
MAY 27 2015...........SUNRISE   543 AM PDT   SUNSET   758 PM PDT
MAY 28 2015...........SUNRISE   542 AM PDT   SUNSET   758 PM PDT


-  INDICATES NEGATIVE NUMBERS.
R  INDICATES RECORD WAS SET OR TIED.
MM INDICATES DATA IS MISSING.
T  INDICATES TRACE AMOUNT.




$$
