000
CDUS46 KLOX 180926
CLIWJF


CLIMATE REPORT
NATIONAL WEATHER SERVICE LOS ANGELES/OXNARD CA
126 AM PST THU JAN 18 2018


...................................

...THE LANCASTER FOX FIELD CA CLIMATE SUMMARY FOR JANUARY 17 2018...

CLIMATE NORMAL PERIOD 1981 TO 2010
CLIMATE RECORD PERIOD 1948 TO 2018


WEATHER ITEM   OBSERVED TIME   RECORD YEAR NORMAL DEPARTURE
                VALUE   (LST)  VALUE       VALUE  FROM
                                                  NORMAL
...............................................................
TEMPERATURE (F)
 YESTERDAY
  MAXIMUM         69    229 PM  76    2011  59     10
  MINIMUM         36    610 AM   8    2007  31      5
  AVERAGE         53                        45      8

PRECIPITATION (IN)
  YESTERDAY        0.00          1.41 1988   0.05  -0.05
  MONTH TO DATE    0.95                      0.83   0.12
  SINCE OCT 1      0.97                      2.96  -1.99
  SINCE JAN 1      0.95                      0.83   0.12

SNOWFALL (IN)
  YESTERDAY        0.0           T    1990
  MONTH TO DATE    0.0
  SINCE DEC 1      0.0
  SINCE JUL 1      0.0
  SNOW DEPTH       0

DEGREE DAYS
 HEATING
  YESTERDAY       12                               -8
  MONTH TO DATE  225                             -126
  SINCE DEC 1    866                             -142
  SINCE JUL 1   1228                             -325

 COOLING
  YESTERDAY        0                                0
  MONTH TO DATE    0                                0
  SINCE DEC 1      0                                0
  SINCE JAN 1      0                                0
...............................................................


WIND (MPH)
  HIGHEST WIND SPEED     9   HIGHEST WIND DIRECTION    NW (310)
  HIGHEST GUST SPEED    10   HIGHEST GUST DIRECTION     E (90)
  AVERAGE WIND SPEED     2.6




RELATIVE HUMIDITY (PERCENT)
 HIGHEST    85
 LOWEST     29
 AVERAGE    57

..........................................................


THE LANCASTER FOX FIELD CA CLIMATE NORMALS FOR TODAY
                         NORMAL    RECORD    YEAR
 MAXIMUM TEMPERATURE (F)   59        75      1959
 MINIMUM TEMPERATURE (F)   31        13      2007


SUNRISE AND SUNSET
JANUARY 18 2018.......SUNRISE   659 AM PST   SUNSET   508 PM PST
JANUARY 19 2018.......SUNRISE   658 AM PST   SUNSET   509 PM PST


-  INDICATES NEGATIVE NUMBERS.
R  INDICATES RECORD WAS SET OR TIED.
MM INDICATES DATA IS MISSING.
T  INDICATES TRACE AMOUNT.




$$
