000
CDUS46 KLOX 300908
CLIWJF


CLIMATE REPORT
NATIONAL WEATHER SERVICE LOS ANGELES/OXNARD CA
208 AM PDT MON MAY 30 2016


...................................

...THE LANCASTER FOX FIELD CA CLIMATE SUMMARY FOR MAY 29 2016...

CLIMATE NORMAL PERIOD 1981 TO 2010
CLIMATE RECORD PERIOD 1948 TO 2016


WEATHER ITEM   OBSERVED TIME   RECORD YEAR NORMAL DEPARTURE
                VALUE   (LST)  VALUE       VALUE  FROM
                                                  NORMAL
...............................................................
TEMPERATURE (F)
 YESTERDAY
  MAXIMUM         89    144 PM 101    1984  86      3
  MINIMUM         63    521 AM  39    2010  57      6
  AVERAGE         76                        72      4

PRECIPITATION (IN)
  YESTERDAY        0.00          0.02 2009   0.01  -0.01
                                      1988
                                      2011
  MONTH TO DATE    0.00                      0.09  -0.09
  SINCE OCT 1      3.82                      6.99  -3.17
  SINCE JAN 1      2.53                      4.86  -2.33

SNOWFALL (IN)
  YESTERDAY        0.0           0.0    MM
  MONTH TO DATE    0.0
  SINCE MAR 1      0.0
  SINCE JUL 1      0.0
  SNOW DEPTH       0

DEGREE DAYS
 HEATING
  YESTERDAY        0                               -1
  MONTH TO DATE   51                               -7
  SINCE MAR 1    421                             -212
  SINCE JUL 1   2672                             -254

 COOLING
  YESTERDAY       11                                3
  MONTH TO DATE  105                              -38
  SINCE MAR 1    126                              -47
  SINCE JAN 1    129                              -44
...............................................................


WIND (MPH)
  HIGHEST WIND SPEED    28   HIGHEST WIND DIRECTION    SW (240)
  HIGHEST GUST SPEED    33   HIGHEST GUST DIRECTION    SW (240)
  AVERAGE WIND SPEED    12.8




RELATIVE HUMIDITY (PERCENT)
 HIGHEST    46
 LOWEST     16
 AVERAGE    31

..........................................................


THE LANCASTER FOX FIELD CA CLIMATE NORMALS FOR TODAY
                         NORMAL    RECORD    YEAR
 MAXIMUM TEMPERATURE (F)   86       102      2001
 MINIMUM TEMPERATURE (F)   57        41      1966


SUNRISE AND SUNSET
MAY 30 2016...........SUNRISE   541 AM PDT   SUNSET   800 PM PDT
MAY 31 2016...........SUNRISE   541 AM PDT   SUNSET   801 PM PDT


-  INDICATES NEGATIVE NUMBERS.
R  INDICATES RECORD WAS SET OR TIED.
MM INDICATES DATA IS MISSING.
T  INDICATES TRACE AMOUNT.




$$
