000
CDUS46 KLOX 210908
CLIWJF


CLIMATE REPORT
NATIONAL WEATHER SERVICE LOS ANGELES/OXNARD CA
107 AM PST SUN DEC 21 2014


...................................

...THE LANCASTER FOX FIELD CA CLIMATE SUMMARY FOR DECEMBER 20 2014...

CLIMATE NORMAL PERIOD 1981 TO 2010
CLIMATE RECORD PERIOD 1948 TO 2014


WEATHER ITEM   OBSERVED TIME   RECORD YEAR NORMAL DEPARTURE
                VALUE   (LST)  VALUE       VALUE  FROM
                                                  NORMAL
...............................................................
TEMPERATURE (F)
 YESTERDAY
  MAXIMUM         57    353 PM  73    1969  57      0
  MINIMUM         37    735 AM  13    2012  29      8
  AVERAGE         47                        43      4

PRECIPITATION (IN)
  YESTERDAY        0.00          0.95 2010   0.04  -0.04
  MONTH TO DATE    2.62                      0.65   1.97
  SINCE JUL 1      2.95                      1.97   0.98
  SINCE JAN 1      5.27                      6.88  -1.61

SNOWFALL (IN)
  YESTERDAY        0.0           T    1998
  MONTH TO DATE    0.0
  SINCE DEC 1      0.0
  SINCE JUL 1      0.0
  SNOW DEPTH       0

DEGREE DAYS
 HEATING
  YESTERDAY       18                               -4
  MONTH TO DATE  335                              -84
  SINCE DEC 1    335                              -84
  SINCE JUL 1    732                             -232

 COOLING
  YESTERDAY        0                                0
  MONTH TO DATE    0                                0
  SINCE DEC 1      0                                0
  SINCE JAN 1   2055                              173
...............................................................


WIND (MPH)
  HIGHEST WIND SPEED    36   HIGHEST WIND DIRECTION     W (260)
  HIGHEST GUST SPEED    41   HIGHEST GUST DIRECTION     W (260)
  AVERAGE WIND SPEED     8.2




RELATIVE HUMIDITY (PERCENT)
 HIGHEST    92
 LOWEST     71
 AVERAGE    82

..........................................................


THE LANCASTER FOX FIELD CA CLIMATE NORMALS FOR TODAY
                         NORMAL    RECORD    YEAR
 MAXIMUM TEMPERATURE (F)   57        73      2000
 MINIMUM TEMPERATURE (F)   29        10      2012


SUNRISE AND SUNSET
DECEMBER 21 2014......SUNRISE   656 AM PST   SUNSET   446 PM PST
DECEMBER 22 2014......SUNRISE   657 AM PST   SUNSET   446 PM PST


-  INDICATES NEGATIVE NUMBERS.
R  INDICATES RECORD WAS SET OR TIED.
MM INDICATES DATA IS MISSING.
T  INDICATES TRACE AMOUNT.




$$
