000
CDUS45 KLKN 240931
CLIWMC


CLIMATE REPORT
NATIONAL WEATHER SERVICE ELKO NV
228 AM PDT FRI OCT 24 2014


...................................

...THE WINNEMUCCA AIRPORT NV CLIMATE SUMMARY FOR OCTOBER 23 2014...

CLIMATE NORMAL PERIOD 1981 TO 2010
CLIMATE RECORD PERIOD 1877 TO 2014


WEATHER ITEM   OBSERVED TIME   RECORD YEAR NORMAL DEPARTURE LAST
                VALUE   (LST)  VALUE       VALUE  FROM      YEAR
                                                  NORMAL
..................................................................
TEMPERATURE (F)
 YESTERDAY
  MAXIMUM         67   1249 PM  80    1937  64      3       74
  MINIMUM         37   1151 PM  12    1935  28      9       24
  AVERAGE         52                        46      6       49

PRECIPITATION (IN)
  YESTERDAY        0.00          0.38 2004   0.02  -0.02     0.00
                                      1983
  MONTH TO DATE    0.05                      0.48  -0.43     0.16
  SINCE OCT 1      0.05                      0.48  -0.43     0.16
  SINCE JAN 1      6.03                      6.28  -0.25     3.22

SNOWFALL (IN)
  YESTERDAY        0.0           0.9  2012   0.0    0.0      0.0
  MONTH TO DATE    0.0                       0.3   -0.3      0.0
  SINCE SEP 1      T                         0.3   -0.3      0.0
  SINCE JUL 1      T                         0.3   -0.3       T
  SNOW DEPTH       0

DEGREE DAYS
 HEATING
  YESTERDAY       13                        19     -6       16
  MONTH TO DATE  279                       351    -72      449
  SINCE SEP 1    364                       525   -161      597
  SINCE JUL 1    383                       555   -172      597

 COOLING
  YESTERDAY        0                         0      0        0
  MONTH TO DATE    0                         0      0        0
  SINCE SEP 1     49                        31     18       81
  SINCE JAN 1    674                       541    133      762
..................................................................


WIND (MPH)
  HIGHEST WIND SPEED    16   HIGHEST WIND DIRECTION    NW (320)
  HIGHEST GUST SPEED    20   HIGHEST GUST DIRECTION    NW (320)
  AVERAGE WIND SPEED     4.4



WEATHER CONDITIONS
 THE FOLLOWING WEATHER WAS RECORDED YESTERDAY.
  NO SIGNIFICANT WEATHER WAS OBSERVED.


RELATIVE HUMIDITY (PERCENT)
 HIGHEST    76          1000 PM
 LOWEST     24          1200 PM
 AVERAGE    50

..........................................................


THE WINNEMUCCA AIRPORT NV CLIMATE NORMALS FOR TODAY
                         NORMAL    RECORD    YEAR
 MAXIMUM TEMPERATURE (F)   63        85      1959
 MINIMUM TEMPERATURE (F)   27        11      2001
                                             1935


SUNRISE AND SUNSET
OCTOBER 24 2014.......SUNRISE   713 AM PDT   SUNSET   557 PM PDT
OCTOBER 25 2014.......SUNRISE   714 AM PDT   SUNSET   556 PM PDT


-  INDICATES NEGATIVE NUMBERS.
R  INDICATES RECORD WAS SET OR TIED.
MM INDICATES DATA IS MISSING.
T  INDICATES TRACE AMOUNT.




$$
