000
CDUS45 KLKN 010929
CLIWMC


CLIMATE REPORT
NATIONAL WEATHER SERVICE ELKO NV
228 AM PDT WED JUL 1 2015


...................................

...THE WINNEMUCCA AIRPORT NV CLIMATE SUMMARY FOR JUNE 30 2015...

CLIMATE NORMAL PERIOD 1981 TO 2010
CLIMATE RECORD PERIOD 1877 TO 2015


WEATHER ITEM   OBSERVED TIME   RECORD YEAR NORMAL DEPARTURE LAST
                VALUE   (LST)  VALUE       VALUE  FROM      YEAR
                                                  NORMAL
..................................................................
TEMPERATURE (F)
 YESTERDAY
  MAXIMUM        103    256 PM 106    2013  89     14       91
  MINIMUM         63    505 AM  32    1955  49     14       56
  AVERAGE         83                        69     14       74

PRECIPITATION (IN)
  YESTERDAY        0.00          0.36 1928   0.01  -0.01     0.00
  MONTH TO DATE    0.12                      0.56  -0.44     0.07
  SINCE OCT 1      8.24                      7.41   0.83     6.65
  SINCE JAN 1      5.67                      4.93   0.74     3.99

SNOWFALL (IN)
  YESTERDAY        0.0           0.0  1877   0.0    0.0      0.0
  MONTH TO DATE    0.0                       T      0.0      0.0
  SINCE JUN 1      0.0                       T      0.0      0.0
  SINCE JUL 1      5.3                      20.9  -15.6     23.4
  SNOW DEPTH       0

DEGREE DAYS
 HEATING
  YESTERDAY        0                         1     -1        0
  MONTH TO DATE   22                       104    -82       74
  SINCE JUN 1     22                       105    -83       74
  SINCE JUL 1   5277                      6305  -1028     6236

 COOLING
  YESTERDAY       18                         5     13        9
  MONTH TO DATE  213                        79    134       74
  SINCE JUN 1    213                        79    134       74
  SINCE JAN 1    217                        90    127       83
..................................................................


WIND (MPH)
  HIGHEST WIND SPEED    24   HIGHEST WIND DIRECTION     S (170)
  HIGHEST GUST SPEED    29   HIGHEST GUST DIRECTION     S (170)
  AVERAGE WIND SPEED     7.1



WEATHER CONDITIONS
 THE FOLLOWING WEATHER WAS RECORDED YESTERDAY.
  HAZE


RELATIVE HUMIDITY (PERCENT)
 HIGHEST    52           500 AM
 LOWEST     11           300 PM
 AVERAGE    32

..........................................................


THE WINNEMUCCA AIRPORT NV CLIMATE NORMALS FOR TODAY
                         NORMAL    RECORD    YEAR
 MAXIMUM TEMPERATURE (F)   89       107      2013
 MINIMUM TEMPERATURE (F)   50        34      1968


SUNRISE AND SUNSET
JULY  1 2015..........SUNRISE   523 AM PDT   SUNSET   827 PM PDT
JULY  2 2015..........SUNRISE   524 AM PDT   SUNSET   827 PM PDT


-  INDICATES NEGATIVE NUMBERS.
R  INDICATES RECORD WAS SET OR TIED.
MM INDICATES DATA IS MISSING.
T  INDICATES TRACE AMOUNT.




$$
