000
CDUS45 KLKN 290936
CLIWMC


CLIMATE REPORT
NATIONAL WEATHER SERVICE ELKO NV
233 AM PDT FRI JUL 29 2016


...................................

...THE WINNEMUCCA AIRPORT NV CLIMATE SUMMARY FOR JULY 28 2016...

CLIMATE NORMAL PERIOD 1981 TO 2010
CLIMATE RECORD PERIOD 1877 TO 2016


WEATHER ITEM   OBSERVED TIME   RECORD YEAR NORMAL DEPARTURE LAST
                VALUE   (LST)  VALUE       VALUE  FROM      YEAR
                                                  NORMAL
..................................................................
TEMPERATURE (F)
 YESTERDAY
  MAXIMUM        103    144 PM 106    1971  95      8       84
                                      1934
  MINIMUM         52    511 AM  37    1916  52      0       51
                                      1909
  AVERAGE         78                        74      4       68

PRECIPITATION (IN)
  YESTERDAY        0.00          0.23 1941   0.01  -0.01     0.00
  MONTH TO DATE    T                         0.22  -0.22     0.66
  SINCE OCT 1      8.86                      7.63   1.23     8.90
  SINCE JAN 1      4.58                      5.15  -0.57     6.33

SNOWFALL (IN)
  YESTERDAY        0.0           0.0  1877   0.0    0.0      0.0
  MONTH TO DATE    0.0                       0.0    0.0      0.0
  SINCE JUN 1      0.0                       T      0.0      0.0
  SINCE JUL 1      0.0                       0.0    0.0      0.0
  SNOW DEPTH       0

DEGREE DAYS
 HEATING
  YESTERDAY        0                         0      0        0
  MONTH TO DATE   17                         6     11        5
  SINCE JUN 1     71                       111    -40       27
  SINCE JUL 1     17                         6     11        5

 COOLING
  YESTERDAY       13                         9      4        3
  MONTH TO DATE  178                       220    -42      181
  SINCE JUN 1    311                       299     12      386
  SINCE JAN 1    311                       310      1      390
..................................................................


WIND (MPH)
  HIGHEST WIND SPEED    16   HIGHEST WIND DIRECTION    NE (50)
  HIGHEST GUST SPEED    22   HIGHEST GUST DIRECTION     W (260)
  AVERAGE WIND SPEED     6.1



WEATHER CONDITIONS
 THE FOLLOWING WEATHER WAS RECORDED YESTERDAY.
  NO SIGNIFICANT WEATHER WAS OBSERVED.


RELATIVE HUMIDITY (PERCENT)
 HIGHEST    35           300 AM
 LOWEST     10          1200 PM
 AVERAGE    23

..........................................................


THE WINNEMUCCA AIRPORT NV CLIMATE NORMALS FOR TODAY
                         NORMAL    RECORD    YEAR
 MAXIMUM TEMPERATURE (F)   95       105      1972
 MINIMUM TEMPERATURE (F)   52        40      1916


SUNRISE AND SUNSET
JULY 29 2016..........SUNRISE   545 AM PDT   SUNSET   810 PM PDT
JULY 30 2016..........SUNRISE   546 AM PDT   SUNSET   809 PM PDT


-  INDICATES NEGATIVE NUMBERS.
R  INDICATES RECORD WAS SET OR TIED.
MM INDICATES DATA IS MISSING.
T  INDICATES TRACE AMOUNT.




$$
