249
CDUS45 KLKN 260937
CLIWMC


CLIMATE REPORT
NATIONAL WEATHER SERVICE ELKO NV
233 AM PDT WED JUL 26 2017


...................................

...THE WINNEMUCCA AIRPORT NV CLIMATE SUMMARY FOR JULY 25 2017...

CLIMATE NORMAL PERIOD 1981 TO 2010
CLIMATE RECORD PERIOD 1877 TO 2017


WEATHER ITEM   OBSERVED TIME   RECORD YEAR NORMAL DEPARTURE LAST
                VALUE   (LST)  VALUE       VALUE  FROM      YEAR
                                                  NORMAL
..................................................................
TEMPERATURE (F)
 YESTERDAY
  MAXIMUM         94    321 PM 104    1978  95     -1       99
  MINIMUM         57    456 AM  39    1918  53      4       46
  AVERAGE         76                        74      2       73

PRECIPITATION (IN)
  YESTERDAY        0.00          0.71 1946   0.00   0.00     0.00
  MONTH TO DATE    0.06                      0.19  -0.13      T
  SINCE OCT 1     11.06                      7.60   3.46     8.86
  SINCE JAN 1      6.52                      5.12   1.40     4.58

SNOWFALL (IN)
  YESTERDAY        0.0           0.0  1877   0.0    0.0      0.0
  MONTH TO DATE    0.0                       0.0    0.0      0.0
  SINCE JUN 1      0.0                       T      0.0      0.0
  SINCE JUL 1      0.0                       0.0    0.0      0.0
  SNOW DEPTH       0

DEGREE DAYS
 HEATING
  YESTERDAY        0                         0      0        0
  MONTH TO DATE    0                         6     -6       17
  SINCE JUN 1     73                       111    -38       71
  SINCE JUL 1      0                         6     -6       17

 COOLING
  YESTERDAY       11                         9      2        8
  MONTH TO DATE  299                       193    106      142
  SINCE JUN 1    439                       272    167      275
  SINCE JAN 1    446                       283    163      275
..................................................................


WIND (MPH)
  HIGHEST WIND SPEED    28   HIGHEST WIND DIRECTION    SE (140)
  HIGHEST GUST SPEED    33   HIGHEST GUST DIRECTION    SE (140)
  AVERAGE WIND SPEED     6.0



WEATHER CONDITIONS
 THE FOLLOWING WEATHER WAS RECORDED YESTERDAY.
  NO SIGNIFICANT WEATHER WAS OBSERVED.


RELATIVE HUMIDITY (PERCENT)
 HIGHEST    MM
 LOWEST     MM
 AVERAGE    MM

..........................................................


THE WINNEMUCCA AIRPORT NV CLIMATE NORMALS FOR TODAY
                         NORMAL    RECORD    YEAR
 MAXIMUM TEMPERATURE (F)   95       106      1975
 MINIMUM TEMPERATURE (F)   53        39      1987


SUNRISE AND SUNSET
JULY 26 2017..........SUNRISE   542 AM PDT   SUNSET   813 PM PDT
JULY 27 2017..........SUNRISE   543 AM PDT   SUNSET   812 PM PDT


-  INDICATES NEGATIVE NUMBERS.
R  INDICATES RECORD WAS SET OR TIED.
MM INDICATES DATA IS MISSING.
T  INDICATES TRACE AMOUNT.




$$
