522
CDUS45 KLKN 300933
CLIWMC


CLIMATE REPORT
NATIONAL WEATHER SERVICE ELKO NV
228 AM PDT TUE MAY 30 2017


...................................

...THE WINNEMUCCA AIRPORT NV CLIMATE SUMMARY FOR MAY 29 2017...

CLIMATE NORMAL PERIOD 1981 TO 2010
CLIMATE RECORD PERIOD 1877 TO 2017


WEATHER ITEM   OBSERVED TIME   RECORD YEAR NORMAL DEPARTURE LAST
                VALUE   (LST)  VALUE       VALUE  FROM      YEAR
                                                  NORMAL
..................................................................
TEMPERATURE (F)
 YESTERDAY
  MAXIMUM         88    222 PM  98    2003  76     12       83
  MINIMUM         42    354 AM  26    2006  41      1       37
                                      1989
                                      1927
  AVERAGE         65                        59      6       60

PRECIPITATION (IN)
  YESTERDAY        0.00          0.47 1896   0.03  -0.03     0.00
  MONTH TO DATE    0.44                      1.06  -0.62     0.65
  SINCE OCT 1      9.78                      6.79   2.99     8.85
  SINCE JAN 1      5.24                      4.31   0.93     4.57

SNOWFALL (IN)
  YESTERDAY        0.0           T    2011   0.0    0.0      0.0
  MONTH TO DATE    0.2                       0.1    0.1      0.0
  SINCE MAR 1      2.4                       4.9   -2.5      1.7
  SINCE JUL 1     18.5                      20.9   -2.4     21.1
  SNOW DEPTH       0

DEGREE DAYS
 HEATING
  YESTERDAY        0                         7     -7        5
  MONTH TO DATE  300                       306     -6      323
  SINCE MAR 1   1491                      1597   -106     1445
  SINCE JUL 1   5930                      6186   -256     5622

 COOLING
  YESTERDAY        0                         1     -1        0
  MONTH TO DATE    2                         7     -5        0
  SINCE MAR 1      2                         7     -5        0
  SINCE JAN 1      2                         7     -5        0
..................................................................


WIND (MPH)
  HIGHEST WIND SPEED    16   HIGHEST WIND DIRECTION    NE (50)
  HIGHEST GUST SPEED    20   HIGHEST GUST DIRECTION     N (350)
  AVERAGE WIND SPEED     7.6



WEATHER CONDITIONS
 THE FOLLOWING WEATHER WAS RECORDED YESTERDAY.
  NO SIGNIFICANT WEATHER WAS OBSERVED.


RELATIVE HUMIDITY (PERCENT)
 HIGHEST    62           400 AM
 LOWEST     10           400 PM
 AVERAGE    36

..........................................................


THE WINNEMUCCA AIRPORT NV CLIMATE NORMALS FOR TODAY
                         NORMAL    RECORD    YEAR
 MAXIMUM TEMPERATURE (F)   77        96      2002
                                             1986
                                             1910
 MINIMUM TEMPERATURE (F)   41        25      1985


SUNRISE AND SUNSET
MAY 30 2017...........SUNRISE   522 AM PDT   SUNSET   816 PM PDT
MAY 31 2017...........SUNRISE   522 AM PDT   SUNSET   816 PM PDT


-  INDICATES NEGATIVE NUMBERS.
R  INDICATES RECORD WAS SET OR TIED.
MM INDICATES DATA IS MISSING.
T  INDICATES TRACE AMOUNT.




$$
