000
CDUS45 KLKN 240928
CLIWMC


CLIMATE REPORT
NATIONAL WEATHER SERVICE ELKO NV
128 AM PST FRI NOV 4  2017


...................................

...THE WINNEMUCCA AIRPORT NV CLIMATE SUMMARY FOR NOVEMBER 23 2017...

CLIMATE NORMAL PERIOD 1981 TO 2010
CLIMATE RECORD PERIOD 1877 TO 2017


WEATHER ITEM   OBSERVED TIME   RECORD YEAR NORMAL DEPARTURE LAST
                VALUE   (LST)  VALUE       VALUE  FROM      YEAR
                                                  NORMAL
..................................................................
TEMPERATURE (F)
 YESTERDAY
  MAXIMUM         72R   147 PM  65    1998  48     24       46
                                      1954
  MINIMUM         35    326 AM  -3    1947  21     14       27
  AVERAGE         54                        34     20       37

PRECIPITATION (IN)
  YESTERDAY        0.00          0.81 1981   0.03  -0.03     0.04
  MONTH TO DATE    0.58                      0.67  -0.09     0.34
  SINCE OCT 1      0.66                      1.34  -0.68     2.28
  SINCE JAN 1      7.74                      7.14   0.60     7.10

SNOWFALL (IN)
  YESTERDAY        0.0           4.8  1918   0.1   -0.1       T
  MONTH TO DATE    T                         2.0   -2.0       T
  SINCE SEP 1      T                         2.5   -2.5       T
  SINCE JUL 1      T                         2.5   -2.5       T
  SNOW DEPTH       0

DEGREE DAYS
 HEATING
  YESTERDAY       11                        31    -20       28
  MONTH TO DATE  478                       619   -141      475
  SINCE SEP 1   1287                      1314    -27     1106
  SINCE JUL 1   1287                      1344    -57     1126

 COOLING
  YESTERDAY        0                         0      0        0
  MONTH TO DATE    0                         0      0        0
  SINCE SEP 1    120                        31     89       12
  SINCE JAN 1    927                       541    386      577
..................................................................


WIND (MPH)
  HIGHEST WIND SPEED    16   HIGHEST WIND DIRECTION     S (170)
  HIGHEST GUST SPEED    21   HIGHEST GUST DIRECTION    SW (210)
  AVERAGE WIND SPEED     5.2



WEATHER CONDITIONS
 THE FOLLOWING WEATHER WAS RECORDED YESTERDAY.
  NO SIGNIFICANT WEATHER WAS OBSERVED.


RELATIVE HUMIDITY (PERCENT)
 HIGHEST    92           300 AM
 LOWEST     28           300 PM
 AVERAGE    60

..........................................................


THE WINNEMUCCA AIRPORT NV CLIMATE NORMALS FOR TODAY
                         NORMAL    RECORD    YEAR
 MAXIMUM TEMPERATURE (F)   47        71      1995
 MINIMUM TEMPERATURE (F)   21        -9      2010


SUNRISE AND SUNSET
NOVEMBER 24 2017......SUNRISE   649 AM PST   SUNSET   426 PM PST
NOVEMBER 25 2017......SUNRISE   650 AM PST   SUNSET   426 PM PST


-  INDICATES NEGATIVE NUMBERS.
R  INDICATES RECORD WAS SET OR TIED.
MM INDICATES DATA IS MISSING.
T  INDICATES TRACE AMOUNT.




$$
