000
CDUS45 KLKN 240940
CLIWMC


CLIMATE REPORT
NATIONAL WEATHER SERVICE ELKO NV
239 AM PDT THU APR 24 2014


...................................

...THE WINNEMUCCA AIRPORT NV CLIMATE SUMMARY FOR APRIL 23 2014...

CLIMATE NORMAL PERIOD 1981 TO 2010
CLIMATE RECORD PERIOD 1877 TO 2014


WEATHER ITEM   OBSERVED TIME   RECORD YEAR NORMAL DEPARTURE LAST
                VALUE   (LST)  VALUE       VALUE  FROM      YEAR
                                                  NORMAL
..................................................................
TEMPERATURE (F)
 YESTERDAY
  MAXIMUM         59    439 PM  90    2012  65     -6       60
  MINIMUM         24    409 AM  14    1970  32     -8       22
  AVERAGE         42                        48     -6       41

PRECIPITATION (IN)
  YESTERDAY        0.00          0.58 1906   0.03  -0.03     0.00
  MONTH TO DATE    0.25                      0.66  -0.41     0.55
  SINCE OCT 1      5.63                      5.50   0.13     3.75
  SINCE JAN 1      2.97                      3.02  -0.05     1.34

SNOWFALL (IN)
  YESTERDAY        0.0           1.2  1971   0.1   -0.1      0.0
  MONTH TO DATE    1.2                       1.4   -0.2       T
  SINCE MAR 1      1.9                       4.6   -2.7       T
  SINCE JUL 1     23.4                      20.6    2.8     21.9
  SNOW DEPTH       0

DEGREE DAYS
 HEATING
  YESTERDAY       23                        17      6       24
  MONTH TO DATE  395                       443    -48      470
  SINCE MAR 1   1098                      1182    -84     1180
  SINCE JUL 1   5757                      5771    -14     5946

 COOLING
  YESTERDAY        0                         0      0        0
  MONTH TO DATE    0                         0      0        0
  SINCE MAR 1      0                         0      0        0
  SINCE JAN 1      0                         0      0        0
..................................................................


WIND (MPH)
  HIGHEST WIND SPEED    18   HIGHEST WIND DIRECTION    SW (220)
  HIGHEST GUST SPEED    24   HIGHEST GUST DIRECTION     W (250)
  AVERAGE WIND SPEED     8.6



WEATHER CONDITIONS
 THE FOLLOWING WEATHER WAS RECORDED YESTERDAY.
  NO SIGNIFICANT WEATHER WAS OBSERVED.


RELATIVE HUMIDITY (PERCENT)
 HIGHEST    81           400 AM
 LOWEST     23           300 PM
 AVERAGE    52

..........................................................


THE WINNEMUCCA AIRPORT NV CLIMATE NORMALS FOR TODAY
                         NORMAL    RECORD    YEAR
 MAXIMUM TEMPERATURE (F)   65        89      1977
 MINIMUM TEMPERATURE (F)   32        14      1985


SUNRISE AND SUNSET
APRIL 24 2014.........SUNRISE   559 AM PDT   SUNSET   740 PM PDT
APRIL 25 2014.........SUNRISE   557 AM PDT   SUNSET   742 PM PDT


-  INDICATES NEGATIVE NUMBERS.
R  INDICATES RECORD WAS SET OR TIED.
MM INDICATES DATA IS MISSING.
T  INDICATES TRACE AMOUNT.




$$
