000
CDUS45 KLKN 240932
CLIWMC


CLIMATE REPORT
NATIONAL WEATHER SERVICE ELKO NV
127 AM PST SAT FEB 24 2018


...................................

...THE WINNEMUCCA AIRPORT NV CLIMATE SUMMARY FOR FEBRUARY 23 2018...

CLIMATE NORMAL PERIOD 1981 TO 2010
CLIMATE RECORD PERIOD 1877 TO 2018


WEATHER ITEM   OBSERVED TIME   RECORD YEAR NORMAL DEPARTURE LAST
                VALUE   (LST)  VALUE       VALUE  FROM      YEAR
                                                  NORMAL
..................................................................
TEMPERATURE (F)
 YESTERDAY
  MAXIMUM         31   1257 PM  68    1995  50    -19       35
  MINIMUM         16    924 PM   2    1890  24     -8       18
  AVERAGE         24                        37    -13       27

PRECIPITATION (IN)
  YESTERDAY        0.01          0.36 1934   0.03  -0.02      T
  MONTH TO DATE    0.43                      0.54  -0.11     0.74
  SINCE OCT 1      2.30                      3.89  -1.59     7.09
  SINCE JAN 1      0.96                      1.41  -0.45     2.55

SNOWFALL (IN)
  YESTERDAY        T             4.0  1969   0.1   -0.1       T
  MONTH TO DATE    6.6                       2.9    3.7      0.7
  SINCE DEC 1     10.1                      12.0   -1.9     15.2
  SINCE JUL 1     10.1                      15.5   -5.4     15.8
  SNOW DEPTH       3

DEGREE DAYS
 HEATING
  YESTERDAY       41                        28     13       38
  MONTH TO DATE  721                       700     21      549
  SINCE DEC 1   2607                      2885   -278     2924
  SINCE JUL 1   4043                      4453   -410     4259

 COOLING
  YESTERDAY        0                         0      0        0
  MONTH TO DATE    0                         0      0        0
  SINCE DEC 1      0                         0      0        0
  SINCE JAN 1      0                         0      0        0
..................................................................


WIND (MPH)
  HIGHEST WIND SPEED    17   HIGHEST WIND DIRECTION    NW (320)
  HIGHEST GUST SPEED    21   HIGHEST GUST DIRECTION    NW (330)
  AVERAGE WIND SPEED     9.4



WEATHER CONDITIONS
 THE FOLLOWING WEATHER WAS RECORDED YESTERDAY.
  LIGHT SNOW
  FOG


RELATIVE HUMIDITY (PERCENT)
 HIGHEST    84          1200 AM
 LOWEST     46           400 PM
 AVERAGE    65

..........................................................


THE WINNEMUCCA AIRPORT NV CLIMATE NORMALS FOR TODAY
                         NORMAL    RECORD    YEAR
 MAXIMUM TEMPERATURE (F)   50        71      1986
 MINIMUM TEMPERATURE (F)   24         3      1960


SUNRISE AND SUNSET
FEBRUARY 24 2018......SUNRISE   633 AM PST   SUNSET   537 PM PST
FEBRUARY 25 2018......SUNRISE   631 AM PST   SUNSET   538 PM PST


-  INDICATES NEGATIVE NUMBERS.
R  INDICATES RECORD WAS SET OR TIED.
MM INDICATES DATA IS MISSING.
T  INDICATES TRACE AMOUNT.




$$
