000
CDUS45 KLKN 110929
CLIWMC


CLIMATE REPORT
NATIONAL WEATHER SERVICE ELKO NV
229 AM PDT FRI JUL 11 2014


...................................

...THE WINNEMUCCA AIRPORT NV CLIMATE SUMMARY FOR JULY 10 2014...

CLIMATE NORMAL PERIOD 1981 TO 2010
CLIMATE RECORD PERIOD 1877 TO 2014


WEATHER ITEM   OBSERVED TIME   RECORD YEAR NORMAL DEPARTURE LAST
                VALUE   (LST)  VALUE       VALUE  FROM      YEAR
                                                  NORMAL
..................................................................
TEMPERATURE (F)
 YESTERDAY
  MAXIMUM         98    342 PM 107    2002  93      5       95
  MINIMUM         56    506 AM  29    1983  52      4       58
  AVERAGE         77                        72      5       77

PRECIPITATION (IN)
  YESTERDAY        T             0.41 1950   0.01  -0.01     0.00
  MONTH TO DATE    T                         0.08  -0.08     0.26
  SINCE OCT 1      6.65                      7.49  -0.84     4.63
  SINCE JAN 1      3.99                      5.01  -1.02     2.22

SNOWFALL (IN)
  YESTERDAY        0.0           0.0  1877   0.0    0.0      0.0
  MONTH TO DATE    0.0                       0.0    0.0       T
  SINCE JUN 1      0.0                       T      0.0       T
  SINCE JUL 1      0.0                       0.0    0.0       T
  SNOW DEPTH       0

DEGREE DAYS
 HEATING
  YESTERDAY        0                         0      0        0
  MONTH TO DATE    0                         6     -6        0
  SINCE JUN 1     74                       111    -37       70
  SINCE JUL 1      0                         6     -6        0

 COOLING
  YESTERDAY       12                         7      5       12
  MONTH TO DATE  134                        64     70      140
  SINCE JUN 1    208                       143     65      268
  SINCE JAN 1    217                       154     63      269
..................................................................


WIND (MPH)
  HIGHEST WIND SPEED    22   HIGHEST WIND DIRECTION    SE (150)
  HIGHEST GUST SPEED    40   HIGHEST GUST DIRECTION    NE (50)
  AVERAGE WIND SPEED     6.3



WEATHER CONDITIONS
 THE FOLLOWING WEATHER WAS RECORDED YESTERDAY.
  NO SIGNIFICANT WEATHER WAS OBSERVED.


RELATIVE HUMIDITY (PERCENT)
 HIGHEST    72           500 AM
 LOWEST     11           200 PM
 AVERAGE    42

..........................................................


THE WINNEMUCCA AIRPORT NV CLIMATE NORMALS FOR TODAY
                         NORMAL    RECORD    YEAR
 MAXIMUM TEMPERATURE (F)   93       109      2002
 MINIMUM TEMPERATURE (F)   52        32      1974


SUNRISE AND SUNSET
JULY 11 2014..........SUNRISE   529 AM PDT   SUNSET   824 PM PDT
JULY 12 2014..........SUNRISE   530 AM PDT   SUNSET   823 PM PDT


-  INDICATES NEGATIVE NUMBERS.
R  INDICATES RECORD WAS SET OR TIED.
MM INDICATES DATA IS MISSING.
T  INDICATES TRACE AMOUNT.




$$
