000
CDUS45 KLKN 270941
CLIWMC


CLIMATE REPORT
NATIONAL WEATHER SERVICE ELKO NV
139 AM PST MON FEB 27 2017


...................................

...THE WINNEMUCCA AIRPORT NV CLIMATE SUMMARY FOR FEBRUARY 26 2017...

CLIMATE NORMAL PERIOD 1981 TO 2010
CLIMATE RECORD PERIOD 1877 TO 2017


WEATHER ITEM   OBSERVED TIME   RECORD YEAR NORMAL DEPARTURE LAST
                VALUE   (LST)  VALUE       VALUE  FROM      YEAR
                                                  NORMAL
..................................................................
TEMPERATURE (F)
 YESTERDAY
  MAXIMUM         42    219 PM  69    1908  51     -9       66
  MINIMUM         16    644 AM  -1    1987  25     -9       27
  AVERAGE         29                        38     -9       47

PRECIPITATION (IN)
  YESTERDAY        0.01          0.64 1922   0.02  -0.01     0.00
  MONTH TO DATE    0.75                      0.61   0.14     0.21
  SINCE OCT 1      7.10                      3.96   3.14     6.39
  SINCE JAN 1      2.56                      1.48   1.08     2.11

SNOWFALL (IN)
  YESTERDAY       MM             4.6  2007   0.1   MM        0.0
  MONTH TO DATE    0.7                       3.2   -2.5      1.2
  SINCE DEC 1     15.2                      12.3    2.9     19.1
  SINCE JUL 1     15.8                      15.8    0.0     19.4
  SNOW DEPTH      MM

DEGREE DAYS
 HEATING
  YESTERDAY       36                        27      9       18
  MONTH TO DATE  661                       782   -121      683
  SINCE DEC 1   3036                      2967     69     2770
  SINCE JUL 1   4371                      4535   -164     4119

 COOLING
  YESTERDAY        0                         0      0        0
  MONTH TO DATE    0                         0      0        0
  SINCE DEC 1      0                         0      0        0
  SINCE JAN 1      0                         0      0        0
..................................................................


WIND (MPH)
  HIGHEST WIND SPEED    24   HIGHEST WIND DIRECTION    SW (230)
  HIGHEST GUST SPEED    31   HIGHEST GUST DIRECTION    SW (230)
  AVERAGE WIND SPEED    10.1



WEATHER CONDITIONS
 THE FOLLOWING WEATHER WAS RECORDED YESTERDAY.
  LIGHT SNOW


RELATIVE HUMIDITY (PERCENT)
 HIGHEST    MM
 LOWEST     MM
 AVERAGE    MM

..........................................................


THE WINNEMUCCA AIRPORT NV CLIMATE NORMALS FOR TODAY
                         NORMAL    RECORD    YEAR
 MAXIMUM TEMPERATURE (F)   51        71      1986
 MINIMUM TEMPERATURE (F)   25       -22      1890


SUNRISE AND SUNSET
FEBRUARY 27 2017......SUNRISE   628 AM PST   SUNSET   540 PM PST
FEBRUARY 28 2017......SUNRISE   626 AM PST   SUNSET   542 PM PST


-  INDICATES NEGATIVE NUMBERS.
R  INDICATES RECORD WAS SET OR TIED.
MM INDICATES DATA IS MISSING.
T  INDICATES TRACE AMOUNT.




$$
