000
CDUS45 KLKN 010928
CLIWMC


CLIMATE REPORT
NATIONAL WEATHER SERVICE ELKO NV
226 AM PDT TUE SEP 1 2015


...................................

...THE WINNEMUCCA AIRPORT NV CLIMATE SUMMARY FOR AUGUST 31 2015...

CLIMATE NORMAL PERIOD 1981 TO 2010
CLIMATE RECORD PERIOD 1877 TO 2015


WEATHER ITEM   OBSERVED TIME   RECORD YEAR NORMAL DEPARTURE LAST
                VALUE   (LST)  VALUE       VALUE  FROM      YEAR
                                                  NORMAL
..................................................................
TEMPERATURE (F)
 YESTERDAY
  MAXIMUM         88    349 PM  98    1987  87      1       81
                                      1950
  MINIMUM         37    539 AM  26    1887  45     -8       42
  AVERAGE         63                        66     -3       62

PRECIPITATION (IN)
  YESTERDAY        0.00          0.48 1896   0.01  -0.01     0.00
  MONTH TO DATE    0.23                      0.18   0.05     0.49
  SINCE OCT 1      9.13                      7.84   1.29     7.24
  SINCE JAN 1      6.56                      5.36   1.20     4.58

SNOWFALL (IN)
  YESTERDAY        0.0           0.0  1877   0.0    0.0      0.0
  MONTH TO DATE    0.0                       0.0    0.0      0.0
  SINCE JUN 1      0.0                       T      0.0      0.0
  SINCE JUL 1      0.0                       0.0    0.0      0.0
  SNOW DEPTH       0

DEGREE DAYS
 HEATING
  YESTERDAY        2                         2      0        3
  MONTH TO DATE    5                        18    -13       19
  SINCE JUN 1     32                       135   -103       93
  SINCE JUL 1     10                        30    -20       19

 COOLING
  YESTERDAY        0                         3     -3        0
  MONTH TO DATE  178                       177      1      148
  SINCE JUN 1    583                       499     84      616
  SINCE JAN 1    587                       510     77      625
..................................................................


WIND (MPH)
  HIGHEST WIND SPEED    15   HIGHEST WIND DIRECTION     W (260)
  HIGHEST GUST SPEED    18   HIGHEST GUST DIRECTION     S (190)
  AVERAGE WIND SPEED     4.4



WEATHER CONDITIONS
 THE FOLLOWING WEATHER WAS RECORDED YESTERDAY.
  NO SIGNIFICANT WEATHER WAS OBSERVED.


RELATIVE HUMIDITY (PERCENT)
 HIGHEST    44           500 AM
 LOWEST     10           200 PM
 AVERAGE    27

..........................................................


THE WINNEMUCCA AIRPORT NV CLIMATE NORMALS FOR TODAY
                         NORMAL    RECORD    YEAR
 MAXIMUM TEMPERATURE (F)   87       101      1950
 MINIMUM TEMPERATURE (F)   45        28      1887


SUNRISE AND SUNSET
SEPTEMBER  1 2015.....SUNRISE   618 AM PDT   SUNSET   724 PM PDT
SEPTEMBER  2 2015.....SUNRISE   619 AM PDT   SUNSET   722 PM PDT


-  INDICATES NEGATIVE NUMBERS.
R  INDICATES RECORD WAS SET OR TIED.
MM INDICATES DATA IS MISSING.
T  INDICATES TRACE AMOUNT.




$$
