000
CDUS45 KLKN 230937
CLIWMC


CLIMATE REPORT
NATIONAL WEATHER SERVICE ELKO NV
130 AM PST MON JAN 23 2017


...................................

...THE WINNEMUCCA AIRPORT NV CLIMATE SUMMARY FOR JANUARY 22 2017...

CLIMATE NORMAL PERIOD 1981 TO 2010
CLIMATE RECORD PERIOD 1877 TO 2017


WEATHER ITEM   OBSERVED TIME   RECORD YEAR NORMAL DEPARTURE LAST
                VALUE   (LST)  VALUE       VALUE  FROM      YEAR
                                                  NORMAL
..................................................................
TEMPERATURE (F)
 YESTERDAY
  MAXIMUM         39    129 PM  59    1970  42     -3       41
  MINIMUM         31    347 AM -19    1937  19     12       32
  AVERAGE         35                        31      4       37

PRECIPITATION (IN)
  YESTERDAY        0.14          0.56 1956   0.02   0.12     0.00
  MONTH TO DATE    1.72                      0.65   1.07     1.21
  SINCE OCT 1      6.26                      3.13   3.13     5.49
  SINCE JAN 1      1.72                      0.65   1.07     1.21

SNOWFALL (IN)
  YESTERDAY        T             4.2  1964   0.1   -0.1      0.0
  MONTH TO DATE    6.0                       2.7    3.3      5.5
  SINCE DEC 1     12.2                       8.0    4.2     14.5
  SINCE JUL 1     12.8                      11.5    1.3     14.8
  SNOW DEPTH       0

DEGREE DAYS
 HEATING
  YESTERDAY       30                        34     -4       28
  MONTH TO DATE  809                       779     30      770
  SINCE DEC 1   2009                      1884    125     1826
  SINCE JUL 1   3344                      3452   -108     3175

 COOLING
  YESTERDAY        0                         0      0        0
  MONTH TO DATE    0                         0      0        0
  SINCE DEC 1      0                         0      0        0
  SINCE JAN 1      0                         0      0        0
..................................................................


WIND (MPH)
  HIGHEST WIND SPEED    26   HIGHEST WIND DIRECTION    SE (150)
  HIGHEST GUST SPEED    33   HIGHEST GUST DIRECTION    SE (150)
  AVERAGE WIND SPEED    10.1



WEATHER CONDITIONS
 THE FOLLOWING WEATHER WAS RECORDED YESTERDAY.
  LIGHT SNOW
  FOG


RELATIVE HUMIDITY (PERCENT)
 HIGHEST   100           700 PM
 LOWEST     64           500 AM
 AVERAGE    82

..........................................................


THE WINNEMUCCA AIRPORT NV CLIMATE NORMALS FOR TODAY
                         NORMAL    RECORD    YEAR
 MAXIMUM TEMPERATURE (F)   42        62      1970
 MINIMUM TEMPERATURE (F)   20       -22      1962
                                             1937


SUNRISE AND SUNSET
JANUARY 23 2017.......SUNRISE   709 AM PST   SUNSET   458 PM PST
JANUARY 24 2017.......SUNRISE   708 AM PST   SUNSET   459 PM PST


-  INDICATES NEGATIVE NUMBERS.
R  INDICATES RECORD WAS SET OR TIED.
MM INDICATES DATA IS MISSING.
T  INDICATES TRACE AMOUNT.




$$
