000
CDUS45 KLKN 040927
CLIWMC


CLIMATE REPORT
NATIONAL WEATHER SERVICE ELKO NV
126 AM PST SUN DEC 4 2016


...................................

...THE WINNEMUCCA AIRPORT NV CLIMATE SUMMARY FOR DECEMBER 3 2016...

CLIMATE NORMAL PERIOD 1981 TO 2010
CLIMATE RECORD PERIOD 1877 TO 2016


WEATHER ITEM   OBSERVED TIME   RECORD YEAR NORMAL DEPARTURE LAST
                VALUE   (LST)  VALUE       VALUE  FROM      YEAR
                                                  NORMAL
..................................................................
TEMPERATURE (F)
 YESTERDAY
  MAXIMUM         44    302 PM  67    2007  44      0       58
  MINIMUM         19   1159 PM  -1    2006  19      0       34
  AVERAGE         32                        31      1       46

PRECIPITATION (IN)
  YESTERDAY        0.00          0.81 1880   0.03  -0.03     0.00
  MONTH TO DATE    0.00                      0.09  -0.09     0.00
  SINCE OCT 1      2.34                      1.64   0.70     2.51
  SINCE JAN 1      7.16                      7.44  -0.28     9.13

SNOWFALL (IN)
  YESTERDAY        0.0           8.1  1880   0.1   -0.1      0.0
  MONTH TO DATE    0.0                       0.4   -0.4      0.0
  SINCE DEC 1      0.0                       0.4   -0.4      0.0
  SINCE JUL 1      0.6                       3.9   -3.3      0.3
  SNOW DEPTH       0

DEGREE DAYS
 HEATING
  YESTERDAY       33                        34     -1       19
  MONTH TO DATE  110                       101      9       92
  SINCE DEC 1    110                       101      9       92
  SINCE JUL 1   1445                      1669   -224     1441

 COOLING
  YESTERDAY        0                         0      0        0
  MONTH TO DATE    0                         0      0        0
  SINCE DEC 1      0                         0      0        0
  SINCE JAN 1    577                       541     36      617
..................................................................


WIND (MPH)
  HIGHEST WIND SPEED    15   HIGHEST WIND DIRECTION     S (170)
  HIGHEST GUST SPEED    21   HIGHEST GUST DIRECTION     S (180)
  AVERAGE WIND SPEED     4.8



WEATHER CONDITIONS
 THE FOLLOWING WEATHER WAS RECORDED YESTERDAY.
  NO SIGNIFICANT WEATHER WAS OBSERVED.


RELATIVE HUMIDITY (PERCENT)
 HIGHEST    91          1100 PM
 LOWEST     30           100 PM
 AVERAGE    61

..........................................................


THE WINNEMUCCA AIRPORT NV CLIMATE NORMALS FOR TODAY
                         NORMAL    RECORD    YEAR
 MAXIMUM TEMPERATURE (F)   43        63      1979
 MINIMUM TEMPERATURE (F)   19        -5      2006


SUNRISE AND SUNSET
DECEMBER  4 2016......SUNRISE   700 AM PST   SUNSET   423 PM PST
DECEMBER  5 2016......SUNRISE   701 AM PST   SUNSET   423 PM PST


-  INDICATES NEGATIVE NUMBERS.
R  INDICATES RECORD WAS SET OR TIED.
MM INDICATES DATA IS MISSING.
T  INDICATES TRACE AMOUNT.




$$
