000
CDUS45 KRIW 210741
CLIWRL


CLIMATE REPORT
NATIONAL WEATHER SERVICE RIVERTON WY
128 AM MDT THU AUG 21 2014


...................................

...THE WORLAND WY CLIMATE SUMMARY FOR AUGUST 20 2014...

CLIMATE NORMAL PERIOD 1981 TO 2010
CLIMATE RECORD PERIOD 1947 TO 2014


WEATHER ITEM   OBSERVED TIME   RECORD YEAR NORMAL DEPARTURE LAST
                VALUE   (LST)  VALUE       VALUE  FROM      YEAR
                                                  NORMAL
..................................................................
TEMPERATURE (F)
 YESTERDAY
  MAXIMUM         83    208 PM 102    1973  87     -4       96
  MINIMUM         58    459 AM  43    1964  52      6       56
  AVERAGE         71                        70      1       76

PRECIPITATION (IN)
  YESTERDAY        T             0.38 1983   0.01  -0.01     0.00
  MONTH TO DATE    0.28                      0.28   0.00     0.07
  SINCE JUN 1      2.15                      2.14   0.01     0.46
  SINCE JAN 1      4.36                      5.30  -0.94     3.15

DEGREE DAYS
 HEATING
  YESTERDAY        0                         1     -1        0
  MONTH TO DATE    0                         4     -4        0
  SINCE JUN 1     91                       110    -19       45
  SINCE JUL 1      1                        17    -16        0

 COOLING
  YESTERDAY        6                         5      1       11
  MONTH TO DATE  162                       137     25      167
  SINCE JUN 1    470                       450     20      633
  SINCE JAN 1    500                       462     38      650
..................................................................


WIND (MPH)
  HIGHEST WIND SPEED    20   HIGHEST WIND DIRECTION    NW (320)
  HIGHEST GUST SPEED    23   HIGHEST GUST DIRECTION    NW (320)
  AVERAGE WIND SPEED     5.7


SKY COVER
  POSSIBLE SUNSHINE  MM
  AVERAGE SKY COVER 0.4


WEATHER CONDITIONS
 THE FOLLOWING WEATHER WAS RECORDED YESTERDAY.
  LIGHT RAIN


RELATIVE HUMIDITY (PERCENT)
 HIGHEST    86           500 AM
 LOWEST     25           300 PM
 AVERAGE    56

..........................................................


THE WORLAND WY CLIMATE NORMALS FOR TODAY
                         NORMAL    RECORD    YEAR
 MAXIMUM TEMPERATURE (F)   87        99      1969
 MINIMUM TEMPERATURE (F)   52        41      1974


SUNRISE AND SUNSET
AUGUST 21 2014........SUNRISE   623 AM MDT   SUNSET   806 PM MDT
AUGUST 22 2014........SUNRISE   624 AM MDT   SUNSET   805 PM MDT


-  INDICATES NEGATIVE NUMBERS.
R  INDICATES RECORD WAS SET OR TIED.
MM INDICATES DATA IS MISSING.
T  INDICATES TRACE AMOUNT.




$$
