000
CDUS45 KRIW 160738
CLIWRL


CLIMATE REPORT
NATIONAL WEATHER SERVICE RIVERTON WY
1237 AM MST MON JAN 16 2017


...................................

...THE WORLAND WY CLIMATE SUMMARY FOR JANUARY 15 2017...

CLIMATE NORMAL PERIOD 1981 TO 2010
CLIMATE RECORD PERIOD 1947 TO 2017


WEATHER ITEM   OBSERVED TIME   RECORD YEAR NORMAL DEPARTURE LAST
                VALUE   (LST)  VALUE       VALUE  FROM      YEAR
                                                  NORMAL
..................................................................
TEMPERATURE (F)
 YESTERDAY
  MAXIMUM         11    325 PM  55    2000  30    -19       31
  MINIMUM        -17    807 AM -21    2007   3    -20        5
  AVERAGE         -3                        17    -20       18

PRECIPITATION (IN)
  YESTERDAY        0.00          0.04 1989   0.00   0.00     0.00
  MONTH TO DATE    0.04                      0.11  -0.07     0.03
  SINCE DEC 1      0.23                      0.34  -0.11     0.31
  SINCE JAN 1      0.04                      0.11  -0.07     0.03

DEGREE DAYS
 HEATING
  YESTERDAY       68                        48     20       47
  MONTH TO DATE  750                       730     20      777
  SINCE DEC 1   2407                      2201    206     2239
  SINCE JUL 1   3946                      4093   -147     3823

 COOLING
  YESTERDAY        0                         0      0        0
  MONTH TO DATE    0                         0      0        0
  SINCE DEC 1      0                         0      0        0
  SINCE JAN 1      0                         0      0        0
..................................................................


WIND (MPH)
  HIGHEST WIND SPEED    13   HIGHEST WIND DIRECTION    SW (210)
  HIGHEST GUST SPEED    13   HIGHEST GUST DIRECTION     S (160)
  AVERAGE WIND SPEED     2.1


SKY COVER
  POSSIBLE SUNSHINE  MM
  AVERAGE SKY COVER 0.0


WEATHER CONDITIONS
 THE FOLLOWING WEATHER WAS RECORDED YESTERDAY.
  NO SIGNIFICANT WEATHER WAS OBSERVED.


RELATIVE HUMIDITY (PERCENT)
 HIGHEST    95           100 AM
 LOWEST     66           200 PM
 AVERAGE    81

..........................................................


THE WORLAND WY CLIMATE NORMALS FOR TODAY
                         NORMAL    RECORD    YEAR
 MAXIMUM TEMPERATURE (F)   31        61      1974
 MINIMUM TEMPERATURE (F)    3       -23      1962


SUNRISE AND SUNSET
JANUARY 16 2017.......SUNRISE   742 AM MST   SUNSET   501 PM MST
JANUARY 17 2017.......SUNRISE   742 AM MST   SUNSET   503 PM MST


-  INDICATES NEGATIVE NUMBERS.
R  INDICATES RECORD WAS SET OR TIED.
MM INDICATES DATA IS MISSING.
T  INDICATES TRACE AMOUNT.




$$
