000
CDUS45 KRIW 050733
CLIWRL


CLIMATE REPORT
NATIONAL WEATHER SERVICE RIVERTON WY
1231 AM MST MON DEC 5 2016


...................................

...THE WORLAND WY CLIMATE SUMMARY FOR DECEMBER 4 2016...

CLIMATE NORMAL PERIOD 1981 TO 2010
CLIMATE RECORD PERIOD 1947 TO 2016


WEATHER ITEM   OBSERVED TIME   RECORD YEAR NORMAL DEPARTURE LAST
                VALUE   (LST)  VALUE       VALUE  FROM      YEAR
                                                  NORMAL
..................................................................
TEMPERATURE (F)
 YESTERDAY
  MAXIMUM         42   1250 PM  59    1995  33      9       36
  MINIMUM         17    149 AM -22    1972   8      9       11
  AVERAGE         30                        20     10       24

PRECIPITATION (IN)
  YESTERDAY        0.00          0.17 1972   0.00   0.00     0.00
  MONTH TO DATE    0.00                      0.03  -0.03      T
  SINCE DEC 1      0.00                      0.03  -0.03      T
  SINCE JAN 1      9.75                      7.37   2.38     7.26

DEGREE DAYS
 HEATING
  YESTERDAY       35                        45    -10       41
  MONTH TO DATE  143                       176    -33      205
  SINCE DEC 1    143                       176    -33      205
  SINCE JUL 1   1682                      2068   -386     1789

 COOLING
  YESTERDAY        0                         0      0        0
  MONTH TO DATE    0                         0      0        0
  SINCE DEC 1      0                         0      0        0
  SINCE JAN 1    690                       535    155      631
..................................................................


WIND (MPH)
  HIGHEST WIND SPEED    12   HIGHEST WIND DIRECTION     S (170)
  HIGHEST GUST SPEED    13   HIGHEST GUST DIRECTION     S (170)
  AVERAGE WIND SPEED     2.4


SKY COVER
  POSSIBLE SUNSHINE  MM
  AVERAGE SKY COVER 0.1


WEATHER CONDITIONS
 THE FOLLOWING WEATHER WAS RECORDED YESTERDAY.
  NO SIGNIFICANT WEATHER WAS OBSERVED.


RELATIVE HUMIDITY (PERCENT)
 HIGHEST    88          1100 PM
 LOWEST     38           100 PM
 AVERAGE    63

..........................................................


THE WORLAND WY CLIMATE NORMALS FOR TODAY
                         NORMAL    RECORD    YEAR
 MAXIMUM TEMPERATURE (F)   33        62      1987
 MINIMUM TEMPERATURE (F)    7       -35      1972


SUNRISE AND SUNSET
DECEMBER  5 2016......SUNRISE   731 AM MST   SUNSET   434 PM MST
DECEMBER  6 2016......SUNRISE   732 AM MST   SUNSET   434 PM MST


-  INDICATES NEGATIVE NUMBERS.
R  INDICATES RECORD WAS SET OR TIED.
MM INDICATES DATA IS MISSING.
T  INDICATES TRACE AMOUNT.




$$
