000
CDUS45 KRIW 310743
CLIWRL


CLIMATE REPORT
NATIONAL WEATHER SERVICE RIVERTON WY
128 AM MDT TUE MAY 31 2016


...................................

...THE WORLAND WY CLIMATE SUMMARY FOR MAY 30 2016...

CLIMATE NORMAL PERIOD 1981 TO 2010
CLIMATE RECORD PERIOD 1947 TO 2016


WEATHER ITEM   OBSERVED TIME   RECORD YEAR NORMAL DEPARTURE LAST
                VALUE   (LST)  VALUE       VALUE  FROM      YEAR
                                                  NORMAL
..................................................................
TEMPERATURE (F)
 YESTERDAY
  MAXIMUM         74   1232 PM  94    1966  74      0       79
  MINIMUM         52    245 AM  32    1982  45      7       47
  AVERAGE         63                        60      3       63

PRECIPITATION (IN)
  YESTERDAY        T             0.84 2011   0.05  -0.05     0.04
  MONTH TO DATE    1.42                      1.37   0.05     3.05
  SINCE MAR 1      3.73                      2.69   1.04     3.40
  SINCE JAN 1      3.76                      3.11   0.65     4.17

DEGREE DAYS
 HEATING
  YESTERDAY        2                         6     -4        2
  MONTH TO DATE  305                       302      3      341
  SINCE MAR 1   1598                      1768   -170     1606
  SINCE JUL 1   6983                      7769   -786     7515

 COOLING
  YESTERDAY        0                         1     -1        0
  MONTH TO DATE    2                         4     -2        0
  SINCE MAR 1      2                         5     -3        0
  SINCE JAN 1      2                         5     -3        0
..................................................................


WIND (MPH)
  HIGHEST WIND SPEED    30   HIGHEST WIND DIRECTION     N (350)
  HIGHEST GUST SPEED    37   HIGHEST GUST DIRECTION     N (340)
  AVERAGE WIND SPEED    11.2


SKY COVER
  POSSIBLE SUNSHINE  MM
  AVERAGE SKY COVER 0.5


WEATHER CONDITIONS
 THE FOLLOWING WEATHER WAS RECORDED YESTERDAY.
  LIGHT RAIN


RELATIVE HUMIDITY (PERCENT)
 HIGHEST    64           300 AM
 LOWEST     31          1200 PM
 AVERAGE    48

..........................................................


THE WORLAND WY CLIMATE NORMALS FOR TODAY
                         NORMAL    RECORD    YEAR
 MAXIMUM TEMPERATURE (F)   75        93      1986
 MINIMUM TEMPERATURE (F)   45        37      2011
                                             2006
                                             1983


SUNRISE AND SUNSET
MAY 31 2016...........SUNRISE   532 AM MDT   SUNSET   847 PM MDT
JUNE  1 2016..........SUNRISE   532 AM MDT   SUNSET   848 PM MDT


-  INDICATES NEGATIVE NUMBERS.
R  INDICATES RECORD WAS SET OR TIED.
MM INDICATES DATA IS MISSING.
T  INDICATES TRACE AMOUNT.




$$
