000
CDUS45 KRIW 010045
CLIWRL


CLIMATE REPORT
NATIONAL WEATHER SERVICE RIVERTON WY
643 PM MDT SUN APR 30 2017


...................................

...THE WORLAND WY CLIMATE SUMMARY FOR APRIL 30 2017...
VALID TODAY AS OF 0500 PM LOCAL TIME.

CLIMATE NORMAL PERIOD 1981 TO 2010
CLIMATE RECORD PERIOD 1947 TO 2017


WEATHER ITEM   OBSERVED TIME   RECORD YEAR NORMAL DEPARTURE LAST
                VALUE   (LST)  VALUE       VALUE  FROM      YEAR
                                                  NORMAL
..................................................................
TEMPERATURE (F)
 TODAY
  MAXIMUM         61        MM  88    1992  65     -4       50
  MINIMUM         30    100 AM  20    1967  36     -6       40
  AVERAGE         46                        50     -4       45

PRECIPITATION (IN)
  TODAY            0.00          1.31 2003   0.04  -0.04     0.03
  MONTH TO DATE    2.50                      0.86   1.64     1.34
  SINCE MAR 1      3.48                      1.32   2.16     2.31
  SINCE JAN 1      3.88                      1.74   2.14     2.34

DEGREE DAYS
 HEATING
  TODAY           19                        15      4       20
  MONTH TO DATE  569                       581    -12      500
  SINCE MAR 1   1239                      1466   -227     1293
  SINCE JUL 1   7114                      7467   -353     6678

 COOLING
  TODAY            0                         0      0        0
  MONTH TO DATE    0                         1     -1        0
  SINCE MAR 1      0                         1     -1        0
  SINCE JAN 1      0                         1     -1        0
..................................................................


WIND (MPH)
  HIGHEST WIND SPEED    12   HIGHEST WIND DIRECTION    SE (130)
  HIGHEST GUST SPEED    MM   HIGHEST GUST DIRECTION    MM
  AVERAGE WIND SPEED     6.2


SKY COVER
  POSSIBLE SUNSHINE  MM
  AVERAGE SKY COVER 0.1


WEATHER CONDITIONS
 THE FOLLOWING WEATHER WAS RECORDED TODAY.
  NO SIGNIFICANT WEATHER WAS OBSERVED.


RELATIVE HUMIDITY (PERCENT)
 HIGHEST    92           100 AM
 LOWEST     28           300 PM
 AVERAGE    60

..........................................................


THE WORLAND WY CLIMATE NORMALS FOR TOMORROW
                         NORMAL    RECORD    YEAR
 MAXIMUM TEMPERATURE (F)   65        86      1981
 MINIMUM TEMPERATURE (F)   36        24      2014
                                             2011
                                             1972


SUNRISE AND SUNSET
APRIL 30 2017.........SUNRISE   604 AM MDT   SUNSET   814 PM MDT
MAY  1 2017...........SUNRISE   603 AM MDT   SUNSET   815 PM MDT


-  INDICATES NEGATIVE NUMBERS.
R  INDICATES RECORD WAS SET OR TIED.
MM INDICATES DATA IS MISSING.
T  INDICATES TRACE AMOUNT.




$$
