605
CDUS45 KRIW 260739
CLIWRL


CLIMATE REPORT
NATIONAL WEATHER SERVICE RIVERTON WY
139 AM MDT TUE JUL 26 2016


...................................

...THE WORLAND WY CLIMATE SUMMARY FOR JULY 25 2016...

CLIMATE NORMAL PERIOD 1981 TO 2010
CLIMATE RECORD PERIOD 1947 TO 2016


WEATHER ITEM   OBSERVED TIME   RECORD YEAR NORMAL DEPARTURE LAST
                VALUE   (LST)  VALUE       VALUE  FROM      YEAR
                                                  NORMAL
..................................................................
TEMPERATURE (F)
 YESTERDAY
  MAXIMUM         97    311 PM 102    1975  90      7       91
  MINIMUM         51    426 AM  47    1993  56     -5       57
  AVERAGE         74                        73      1       74

PRECIPITATION (IN)
  YESTERDAY        0.00          0.79 1981   0.02  -0.02     0.00
  MONTH TO DATE    0.06                      0.57  -0.51     0.38
  SINCE JUN 1      0.35                      1.72  -1.37     1.44
  SINCE JAN 1      4.11                      4.88  -0.77     5.62

DEGREE DAYS
 HEATING
  YESTERDAY        0                         0      0        0
  MONTH TO DATE    4                        10     -6        0
  SINCE JUN 1     10                       103    -93        4
  SINCE JUL 1      4                        10     -6        0

 COOLING
  YESTERDAY        9                         8      1        9
  MONTH TO DATE  198                       180     18      169
  SINCE JUN 1    393                       264    129      348
  SINCE JAN 1    395                       276    119      350
..................................................................


WIND (MPH)
  HIGHEST WIND SPEED    13   HIGHEST WIND DIRECTION     S (170)
  HIGHEST GUST SPEED    16   HIGHEST GUST DIRECTION     E (110)
  AVERAGE WIND SPEED     3.7


SKY COVER
  POSSIBLE SUNSHINE  MM
  AVERAGE SKY COVER 0.0


WEATHER CONDITIONS
 THE FOLLOWING WEATHER WAS RECORDED YESTERDAY.
  HAZE


RELATIVE HUMIDITY (PERCENT)
 HIGHEST    43           600 AM
 LOWEST      7           200 PM
 AVERAGE    25

..........................................................


THE WORLAND WY CLIMATE NORMALS FOR TODAY
                         NORMAL    RECORD    YEAR
 MAXIMUM TEMPERATURE (F)   90       102      1988
 MINIMUM TEMPERATURE (F)   56        50      2005


SUNRISE AND SUNSET
JULY 26 2016..........SUNRISE   554 AM MDT   SUNSET   842 PM MDT
JULY 27 2016..........SUNRISE   555 AM MDT   SUNSET   841 PM MDT


-  INDICATES NEGATIVE NUMBERS.
R  INDICATES RECORD WAS SET OR TIED.
MM INDICATES DATA IS MISSING.
T  INDICATES TRACE AMOUNT.




$$
