000
CDUS45 KRIW 250735
CLIWRL


CLIMATE REPORT
NATIONAL WEATHER SERVICE RIVERTON WY
135 AM MDT FRI JUL 25 2014


...................................

...THE WORLAND WY CLIMATE SUMMARY FOR JULY 24 2014...

CLIMATE NORMAL PERIOD 1981 TO 2010
CLIMATE RECORD PERIOD 1947 TO 2014


WEATHER ITEM   OBSERVED TIME   RECORD YEAR NORMAL DEPARTURE LAST
                VALUE   (LST)  VALUE       VALUE  FROM      YEAR
                                                  NORMAL
..................................................................
TEMPERATURE (F)
 YESTERDAY
  MAXIMUM        102    124 PM 104    1976  90     12       94
  MINIMUM         63   1130 PM  48    2004  56      7       56
                                      1972
  AVERAGE         83                        73     10       75

PRECIPITATION (IN)
  YESTERDAY        0.00          0.33 1995   0.02  -0.02     0.00
  MONTH TO DATE    0.08                      0.55  -0.47     0.20
  SINCE JUN 1      1.70                      1.70   0.00     0.29
  SINCE JAN 1      3.91                      4.86  -0.95     2.98

DEGREE DAYS
 HEATING
  YESTERDAY        0                         0      0        0
  MONTH TO DATE    1                        10     -9        0
  SINCE JUN 1     91                       103    -12       45
  SINCE JUL 1      1                        10     -9        0

 COOLING
  YESTERDAY       18                         8     10       10
  MONTH TO DATE  236                       172     64      278
  SINCE JUN 1    265                       256      9      411
  SINCE JAN 1    295                       268     27      428
..................................................................


WIND (MPH)
  HIGHEST WIND SPEED    31   HIGHEST WIND DIRECTION    SW (240)
  HIGHEST GUST SPEED    39   HIGHEST GUST DIRECTION     W (250)
  AVERAGE WIND SPEED    11.4


SKY COVER
  POSSIBLE SUNSHINE  MM
  AVERAGE SKY COVER 0.0


WEATHER CONDITIONS
 THE FOLLOWING WEATHER WAS RECORDED YESTERDAY.
  NO SIGNIFICANT WEATHER WAS OBSERVED.


RELATIVE HUMIDITY (PERCENT)
 HIGHEST    33          1200 AM
 LOWEST      8           400 PM
 AVERAGE    21

..........................................................


THE WORLAND WY CLIMATE NORMALS FOR TODAY
                         NORMAL    RECORD    YEAR
 MAXIMUM TEMPERATURE (F)   90       102      1975
 MINIMUM TEMPERATURE (F)   56        47      1993


SUNRISE AND SUNSET
JULY 25 2014..........SUNRISE   553 AM MDT   SUNSET   843 PM MDT
JULY 26 2014..........SUNRISE   554 AM MDT   SUNSET   842 PM MDT


-  INDICATES NEGATIVE NUMBERS.
R  INDICATES RECORD WAS SET OR TIED.
MM INDICATES DATA IS MISSING.
T  INDICATES TRACE AMOUNT.




$$
