000
CDUS45 KRIW 080035
CLIWRL


CLIMATE REPORT
NATIONAL WEATHER SERVICE RIVERTON WY
635 PM MDT TUE JUL 7 2015


...................................

...THE WORLAND WY CLIMATE SUMMARY FOR JULY 7 2015...
VALID TODAY AS OF 0500 PM LOCAL TIME.

CLIMATE NORMAL PERIOD 1981 TO 2010
CLIMATE RECORD PERIOD 1947 TO 2015


WEATHER ITEM   OBSERVED TIME   RECORD YEAR NORMAL DEPARTURE LAST
                VALUE   (LST)  VALUE       VALUE  FROM      YEAR
                                                  NORMAL
..................................................................
TEMPERATURE (F)
 TODAY
  MAXIMUM         84        MM 102    1983  88     -4       86
  MINIMUM         59        MM  41    2010  54      5       59
                                      1993
  AVERAGE         72                        71      1       73

PRECIPITATION (IN)
  TODAY            0.00          0.29 1994   0.02  -0.02     0.00
  MONTH TO DATE    0.10                      0.15  -0.05     0.00
  SINCE JUN 1      1.16                      1.30  -0.14     1.62
  SINCE JAN 1      5.34                      4.46   0.88     3.83

DEGREE DAYS
 HEATING
  TODAY            0                         1     -1        0
  MONTH TO DATE    0                         7     -7        1
  SINCE JUN 1      4                       100    -96       91
  SINCE JUL 1      0                         7     -7        1

 COOLING
  TODAY            7                         7      0        8
  MONTH TO DATE   57                        42     15       57
  SINCE JUN 1    236                       126    110       86
  SINCE JAN 1    238                       138    100      116
..................................................................


WIND (MPH)
  HIGHEST WIND SPEED     9   HIGHEST WIND DIRECTION     S (180)
  HIGHEST GUST SPEED    37   HIGHEST GUST DIRECTION    NW (310)
  AVERAGE WIND SPEED     4.0


SKY COVER
  POSSIBLE SUNSHINE  MM
  AVERAGE SKY COVER 0.3


WEATHER CONDITIONS
 THE FOLLOWING WEATHER WAS RECORDED TODAY.
  THUNDERSTORM
  HAZE


RELATIVE HUMIDITY (PERCENT)
 HIGHEST    78          1200 AM
 LOWEST     28           300 PM
 AVERAGE    53

..........................................................


THE WORLAND WY CLIMATE NORMALS FOR TOMORROW
                         NORMAL    RECORD    YEAR
 MAXIMUM TEMPERATURE (F)   88       104      1989
 MINIMUM TEMPERATURE (F)   54        45      1993


SUNRISE AND SUNSET
JULY  7 2015..........SUNRISE   537 AM MDT   SUNSET   857 PM MDT
JULY  8 2015..........SUNRISE   537 AM MDT   SUNSET   856 PM MDT


-  INDICATES NEGATIVE NUMBERS.
R  INDICATES RECORD WAS SET OR TIED.
MM INDICATES DATA IS MISSING.
T  INDICATES TRACE AMOUNT.




$$
