000
CDUS45 KRIW 270735
CLIWRL


CLIMATE REPORT
NATIONAL WEATHER SERVICE RIVERTON WY
134 AM MDT THU JUL 27 2017


...................................

...THE WORLAND WY CLIMATE SUMMARY FOR JULY 26 2017...

CLIMATE NORMAL PERIOD 1981 TO 2010
CLIMATE RECORD PERIOD 1947 TO 2017


WEATHER ITEM   OBSERVED TIME   RECORD YEAR NORMAL DEPARTURE LAST
                VALUE   (LST)  VALUE       VALUE  FROM      YEAR
                                                  NORMAL
..................................................................
TEMPERATURE (F)
 YESTERDAY
  MAXIMUM         89    318 PM 102    1988  90     -1       95
  MINIMUM         52    522 AM  50    2005  56     -4       62
  AVERAGE         71                        73     -2       79

PRECIPITATION (IN)
  YESTERDAY        0.00          0.19 1991   0.02  -0.02      T
  MONTH TO DATE    0.05                      0.59  -0.54     0.06
  SINCE JUN 1      0.41                      1.74  -1.33     0.35
  SINCE JAN 1      5.21                      4.90   0.31     4.11

DEGREE DAYS
 HEATING
  YESTERDAY        0                         0      0        0
  MONTH TO DATE    0                        10    -10        4
  SINCE JUN 1     46                       103    -57       10
  SINCE JUL 1      0                        10    -10        4

 COOLING
  YESTERDAY        6                         8     -2       14
  MONTH TO DATE  262                       188     74      212
  SINCE JUN 1    352                       272     80      407
  SINCE JAN 1    352                       284     68      409
..................................................................


WIND (MPH)
  HIGHEST WIND SPEED    16   HIGHEST WIND DIRECTION    SE (120)
  HIGHEST GUST SPEED    20   HIGHEST GUST DIRECTION    SE (120)
  AVERAGE WIND SPEED     5.7


SKY COVER
  POSSIBLE SUNSHINE  MM
  AVERAGE SKY COVER 0.1


WEATHER CONDITIONS
 THE FOLLOWING WEATHER WAS RECORDED YESTERDAY.
  NO SIGNIFICANT WEATHER WAS OBSERVED.


RELATIVE HUMIDITY (PERCENT)
 HIGHEST   100           500 AM
 LOWEST     26           300 PM
 AVERAGE    63

..........................................................


THE WORLAND WY CLIMATE NORMALS FOR TODAY
                         NORMAL    RECORD    YEAR
 MAXIMUM TEMPERATURE (F)   90       104      1975
 MINIMUM TEMPERATURE (F)   56        44      1993


SUNRISE AND SUNSET
JULY 27 2017..........SUNRISE   555 AM MDT   SUNSET   841 PM MDT
JULY 28 2017..........SUNRISE   556 AM MDT   SUNSET   840 PM MDT


-  INDICATES NEGATIVE NUMBERS.
R  INDICATES RECORD WAS SET OR TIED.
MM INDICATES DATA IS MISSING.
T  INDICATES TRACE AMOUNT.




$$
