403
CDUS45 KRIW 200733
CLIWRL


CLIMATE REPORT
NATIONAL WEATHER SERVICE RIVERTON WY
132 AM MDT WED SEP 20 2017


...................................

...THE WORLAND WY CLIMATE SUMMARY FOR SEPTEMBER 19 2017...

CLIMATE NORMAL PERIOD 1981 TO 2010
CLIMATE RECORD PERIOD 1947 TO 2017


WEATHER ITEM   OBSERVED TIME   RECORD YEAR NORMAL DEPARTURE LAST
                VALUE   (LST)  VALUE       VALUE  FROM      YEAR
                                                  NORMAL
..................................................................
TEMPERATURE (F)
 YESTERDAY
  MAXIMUM         57    253 PM  93    2010  73    -16       86
                                      1981
  MINIMUM         36   1059 PM  26    1965  41     -5       45
  AVERAGE         47                        57    -10       66

PRECIPITATION (IN)
  YESTERDAY        0.20          0.39 1985   0.03   0.17     0.00
  MONTH TO DATE    1.22                      0.49   0.73     0.18
  SINCE SEP 1      1.22                      0.49   0.73     0.18
  SINCE JAN 1      6.72                      5.94   0.78     4.65

DEGREE DAYS
 HEATING
  YESTERDAY       18                         9      9        0
  MONTH TO DATE   96                        99     -3      100
  SINCE SEP 1     96                        99     -3      100
  SINCE JUL 1     97                       135    -38      131

 COOLING
  YESTERDAY        0                         0      0        1
  MONTH TO DATE   52                        28     24       25
  SINCE SEP 1     52                        28     24       25
  SINCE JAN 1    588                       534     54      690
..................................................................


WIND (MPH)
  HIGHEST WIND SPEED    22   HIGHEST WIND DIRECTION     N (340)
  HIGHEST GUST SPEED    30   HIGHEST GUST DIRECTION     N (10)
  AVERAGE WIND SPEED     8.6


SKY COVER
  POSSIBLE SUNSHINE  MM
  AVERAGE SKY COVER 0.7


WEATHER CONDITIONS
 THE FOLLOWING WEATHER WAS RECORDED YESTERDAY.
  THUNDERSTORM
  RAIN
  LIGHT RAIN
  FOG


RELATIVE HUMIDITY (PERCENT)
 HIGHEST   100          1100 PM
 LOWEST     51           300 PM
 AVERAGE    76

..........................................................


THE WORLAND WY CLIMATE NORMALS FOR TODAY
                         NORMAL    RECORD    YEAR
 MAXIMUM TEMPERATURE (F)   72        91      1984
 MINIMUM TEMPERATURE (F)   41        24      1983


SUNRISE AND SUNSET
SEPTEMBER 20 2017.....SUNRISE   657 AM MDT   SUNSET   712 PM MDT
SEPTEMBER 21 2017.....SUNRISE   658 AM MDT   SUNSET   710 PM MDT


-  INDICATES NEGATIVE NUMBERS.
R  INDICATES RECORD WAS SET OR TIED.
MM INDICATES DATA IS MISSING.
T  INDICATES TRACE AMOUNT.




$$
