000
CDAK47 PAYA 170918
CLIYAK

CLIMATE REPORT
NATIONAL WEATHER SERVICE YAKUTAT, AK
1218 AM AKST WED DEC 17 2014

...................................
...THE YAKUTAT AP CLIMATE SUMMARY FOR DECEMBER 16 2014...

CLIMATE NORMAL PERIOD  1981 TO  2010
CLIMATE RECORD PERIOD  1948 TO  2014

WEATHER ITEM   OBSERVED TIME    RECORD YEAR NORMAL DEPARTURE LAST
               VALUE    (LST)   VALUE       VALUE  FROM      YEAR
                                                   NORMAL
...................................................................
TEMPERATURE
YESTERDAY
 MAXIMUM            44  0246 AM    50  2005     35       9     29
 MINIMUM            34  1159 PM    -1  1955     25       9     15
 AVERAGE            39                          30       9     22

PRECIPITATION
(INCHES)
 YESTERDAY        0.59           2.24  1988   0.54    0.05   0.11
 MONTH TO DATE    8.28                        8.48   -0.20   4.19
 SINCE DEC 1      8.28                        8.48   -0.20   4.19
 SINCE JAN 1    131.19                      147.32  -16.13 131.89

SNOWFALL
(INCHES)
 YESTERDAY           T            8.7  2006    0.7    -0.7    2.3
 MONTH TO DATE     1.4                        11.8   -10.4   18.1
 SINCE DEC 1       1.4                        11.8   -10.4   18.1
 SINCE JUL 1       6.7                        32.5   -25.8   27.3
 SNOW DEPTH (IN)     0                                         11

DEGREE DAYS
 HEATING
  YESTERDAY         26                          35      -9     43
  MONTH TO DATE    482                         560     -78    617
  SINCE DEC 1      482                         560     -78    617
  SINCE JUL 1     3162                        3458    -296   3227

 COOLING
  YESTERDAY          0                           0       0      0
  MONTH TO DATE      0                           0       0      0
  SINCE DEC 1        0                           0       0      0
  SINCE JAN 1        0                           0       0      0
...................................................................

WIND (MPH)
 HIGHEST WIND SPEED    24     HIGHEST WIND DIRECTION    150
 HIGHEST GUST SPEED    38     HIGHEST GUST DIRECTION    150
 AVERAGE WIND SPEED  10.2

SKY COVER
  POSSIBLE SUNSHINE    MM          AVERAGE SKY COVER     MM

WEATHER CONDITIONS
 THE FOLLOWING WEATHER WAS RECORDED YESTERDAY.
  FOG
SLEET
RAIN
SNOW


RELATIVE HUMIDITY
 HIGHEST RH     MM PERCENT       MM
 LOWEST  RH     MM PERCENT       MM
 AVERAGE RH     MM PERCENT       MM
...................................................................

THE YAKUTAT CLIMATE NORMALS FOR TODAY
                           NORMAL    RECORD   YEAR
 MAXIMUM TEMPERATURE (F)     35        51     1969
 MINIMUM TEMPERATURE (F)     24        -4     1990

SUNRISE AND SUNSET
 DEC 17 2014..........SUNRISE  9:14 AM      SUNSET  3:17 PM
 DEC 18 2014..........SUNRISE  9:15 AM      SUNSET  3:17 PM

-  INDICATES NEGATIVE NUMBERS.
R  INDICATES RECORD HAS BEEN SET OR TIED.
MM INDICATES DATA IS MISSING.
T  INDICATES TRACE OF PRECIPITATION.

&&
-------------------------------------------------------------------

AMOUNT OF DAYLIGHT TODAY  (HOUR:MIN)........6 HOURS 3 MINUTES
GAIN/LOSS SINCE YESTERDAY (HOUR:MIN:SEC)....-0:00:48

$$
*** DEC 14
