248
CDAK47 PAYA 090904
CLIYAK

CLIMATE REPORT
NATIONAL WEATHER SERVICE YAKUTAT, AK
1204 AM AKST TUE FEB 9 2016

...................................
...THE YAKUTAT AP CLIMATE SUMMARY FOR FEBRUARY 8 2016...

CLIMATE NORMAL PERIOD  1981 TO  2010
CLIMATE RECORD PERIOD  1948 TO  2016

WEATHER ITEM   OBSERVED TIME    RECORD YEAR NORMAL DEPARTURE LAST
               VALUE    (LST)   VALUE       VALUE  FROM      YEAR
                                                   NORMAL
...................................................................
TEMPERATURE
YESTERDAY
 MAXIMUM            39  0551 PM    48  2012     36       3     25
 MINIMUM            31  0915 AM    -6  2008     23       8     19
 AVERAGE            35                          29       6     22

PRECIPITATION
(INCHES)
 YESTERDAY        0.40           3.26  2004   0.37    0.03   0.06
 MONTH TO DATE    2.84                        3.01   -0.17   0.06
 SINCE DEC 1     27.21                       32.95   -5.74  26.13
 SINCE JAN 1     17.26                       16.67    0.59  14.08

SNOWFALL
(INCHES)
 YESTERDAY           T            8.9  1984    1.1    -1.1    2.6
 MONTH TO DATE     1.1                         8.6    -7.5    2.6
 SINCE DEC 1      25.3                        62.9   -37.6    6.1
 SINCE JUL 1      48.1                        83.6   -35.5   11.4
 SNOW DEPTH (IN)     1                                          T

DEGREE DAYS
 HEATING
  YESTERDAY         30                          36      -6     43
  MONTH TO DATE    236                         288     -52    333
  SINCE DEC 1     2150                        2529    -379   2209
  SINCE JUL 1     4771                        5427    -656   4889

 COOLING
  YESTERDAY          0                           0       0      0
  MONTH TO DATE      0                           0       0      0
  SINCE DEC 1        0                           0       0      0
  SINCE JAN 1        0                           0       0      0
...................................................................

WIND (MPH)
 HIGHEST WIND SPEED    14     HIGHEST WIND DIRECTION     60
 HIGHEST GUST SPEED    16     HIGHEST GUST DIRECTION     60
 AVERAGE WIND SPEED   3.3

SKY COVER
  POSSIBLE SUNSHINE    MM          AVERAGE SKY COVER     MM

WEATHER CONDITIONS
 THE FOLLOWING WEATHER WAS RECORDED YESTERDAY.
  FOG
SLEET
RAIN


RELATIVE HUMIDITY
 HIGHEST RH     MM PERCENT       MM
 LOWEST  RH     MM PERCENT       MM
 AVERAGE RH     MM PERCENT       MM
...................................................................

THE YAKUTAT CLIMATE NORMALS FOR TODAY
                           NORMAL    RECORD   YEAR
 MAXIMUM TEMPERATURE (F)     36        47     2012
 MINIMUM TEMPERATURE (F)     23        -2     1969

SUNRISE AND SUNSET
 FEB 9 2016..........SUNRISE  8:12 AM      SUNSET  4:56 PM
 FEB 10 2016..........SUNRISE  8:09 AM      SUNSET  4:59 PM

-  INDICATES NEGATIVE NUMBERS.
R  INDICATES RECORD HAS BEEN SET OR TIED.
MM INDICATES DATA IS MISSING.
T  INDICATES TRACE OF PRECIPITATION.

&&
-------------------------------------------------------------------

AMOUNT OF DAYLIGHT TODAY  (HOUR:MIN)........8 HOURS 44 MINUTES
GAIN/LOSS SINCE YESTERDAY (HOUR:MIN:SEC)....+0:05:05

$$
*** FEB 16
