000
CDAK47 PAYA 030906
CLIYAK

CLIMATE REPORT
NATIONAL WEATHER SERVICE YAKUTAT, AK
106 AM AKDT WED JUN 3 2015

...................................
...THE YAKUTAT AP CLIMATE SUMMARY FOR JUNE 2 2015...

CLIMATE NORMAL PERIOD  1981 TO  2010
CLIMATE RECORD PERIOD  1948 TO  2015

WEATHER ITEM   OBSERVED TIME    RECORD YEAR NORMAL DEPARTURE LAST
               VALUE    (LST)   VALUE       VALUE  FROM      YEAR
                                                   NORMAL
...................................................................
TEMPERATURE
YESTERDAY
 MAXIMUM            52  0602 PM    77  1953     55      -3     53
 MINIMUM            48  0533 AM    30  1969     42       6     40
 AVERAGE            50                          49       1     47

PRECIPITATION
(INCHES)
 YESTERDAY        0.01           4.81  1992   0.23   -0.22   0.04
 MONTH TO DATE    0.01                        0.46   -0.45   0.18
 SINCE JUN 1      0.01                        0.46   -0.45   0.18
 SINCE JAN 1     50.59                       53.42   -2.83  39.29

SNOWFALL
(INCHES)
 YESTERDAY         0.0            0.0  2015    0.0     0.0    0.0
 MONTH TO DATE     0.0                         0.0     0.0    0.0
 SINCE JUN 1       0.0                         0.0     0.0    0.0
 SINCE JUL 1      47.1                       140.0   -92.9  109.0
 SNOW DEPTH (IN)     0                                          0

DEGREE DAYS
 HEATING
  YESTERDAY         15                          16      -1     18
  MONTH TO DATE     29                          33      -4     37
  SINCE JUN 1       29                          33      -4     37
  SINCE JUL 1     7691                        8628    -937   8301

 COOLING
  YESTERDAY          0                           0       0      0
  MONTH TO DATE      0                           0       0      0
  SINCE JUN 1        0                           0       0      0
  SINCE JAN 1        0                           0       0      0
...................................................................

WIND (MPH)
 HIGHEST WIND SPEED     9     HIGHEST WIND DIRECTION    170
 HIGHEST GUST SPEED    13     HIGHEST GUST DIRECTION    180
 AVERAGE WIND SPEED   4.4

SKY COVER
  POSSIBLE SUNSHINE    MM          AVERAGE SKY COVER     MM

WEATHER CONDITIONS
 THE FOLLOWING WEATHER WAS RECORDED YESTERDAY.
  FOG
DRIZZLE
RAIN


RELATIVE HUMIDITY
 HIGHEST RH     MM PERCENT       MM
 LOWEST  RH     MM PERCENT       MM
 AVERAGE RH     MM PERCENT       MM
...................................................................

THE YAKUTAT CLIMATE NORMALS FOR TODAY
                           NORMAL    RECORD   YEAR
 MAXIMUM TEMPERATURE (F)     56        78     1997
 MINIMUM TEMPERATURE (F)     42        30     1995

SUNRISE AND SUNSET
 JUN 3 2015..........SUNRISE  4:10 AM      SUNSET 10:25 PM
 JUN 4 2015..........SUNRISE  4:09 AM      SUNSET 10:27 PM

-  INDICATES NEGATIVE NUMBERS.
R  INDICATES RECORD HAS BEEN SET OR TIED.
MM INDICATES DATA IS MISSING.
T  INDICATES TRACE OF PRECIPITATION.

&&
-------------------------------------------------------------------

AMOUNT OF DAYLIGHT TODAY  (HOUR:MIN)........18 HOURS 15 MINUTES
GAIN/LOSS SINCE YESTERDAY (HOUR:MIN:SEC)....+0:02:53

$$
*** JUN 15
