099
CDAK47 PAYA 250911
CLIYAK

CLIMATE REPORT
NATIONAL WEATHER SERVICE YAKUTAT, AK
111 AM AKDT THU AUG 25 2016

...................................
...THE YAKUTAT AP CLIMATE SUMMARY FOR AUGUST 24 2016...

CLIMATE NORMAL PERIOD  1981 TO  2010
CLIMATE RECORD PERIOD  1948 TO  2016

WEATHER ITEM   OBSERVED TIME    RECORD YEAR NORMAL DEPARTURE LAST
               VALUE    (LST)   VALUE       VALUE  FROM      YEAR
                                                   NORMAL
...................................................................
TEMPERATURE
YESTERDAY
 MAXIMUM            60  0159 PM    78  1987     60       0     62
 MINIMUM            54  0352 AM    29  1974     46       8     46
 AVERAGE            57                          53       4     54

PRECIPITATION
(INCHES)
 YESTERDAY        0.89           6.85  2005   0.50    0.39   0.05
 MONTH TO DATE   11.55                       10.37    1.18  10.85
 SINCE JUN 1     25.64                       24.64    1.00  31.31
 SINCE JAN 1     77.20                       77.60   -0.40  81.89

SNOWFALL
(INCHES)
 YESTERDAY         0.0            0.0  2016    0.0     0.0    0.0
 MONTH TO DATE     0.0                         0.0     0.0    0.0
 SINCE JUN 1       0.0                         0.0     0.0    0.0
 SINCE JUL 1       0.0                         0.0     0.0    0.0
 SNOW DEPTH (IN)     0                                          0

DEGREE DAYS
 HEATING
  YESTERDAY          8                          12      -4     11
  MONTH TO DATE    178                         255     -77    217
  SINCE JUN 1      735                        1013    -278    819
  SINCE JUL 1      408                         587    -179    485

 COOLING
  YESTERDAY          0                           0       0      0
  MONTH TO DATE      0                           0       0      0
  SINCE JUN 1        0                           0       0      0
  SINCE JAN 1        0                           0       0      0
...................................................................

WIND (MPH)
 HIGHEST WIND SPEED    10     HIGHEST WIND DIRECTION     90
 HIGHEST GUST SPEED    13     HIGHEST GUST DIRECTION     90
 AVERAGE WIND SPEED    MM

SKY COVER
  POSSIBLE SUNSHINE    MM          AVERAGE SKY COVER     MM

WEATHER CONDITIONS
 THE FOLLOWING WEATHER WAS RECORDED YESTERDAY.
  FOG
RAIN


RELATIVE HUMIDITY
 HIGHEST RH     MM PERCENT       MM
 LOWEST  RH     MM PERCENT       MM
 AVERAGE RH     MM PERCENT       MM
...................................................................

THE YAKUTAT CLIMATE NORMALS FOR TODAY
                           NORMAL    RECORD   YEAR
 MAXIMUM TEMPERATURE (F)     60        75     1987
 MINIMUM TEMPERATURE (F)     45        30     1969

SUNRISE AND SUNSET
 AUG 25 2016..........SUNRISE  6:01 AM      SUNSET  8:40 PM
 AUG 26 2016..........SUNRISE  6:03 AM      SUNSET  8:37 PM

-  INDICATES NEGATIVE NUMBERS.
R  INDICATES RECORD HAS BEEN SET OR TIED.
MM INDICATES DATA IS MISSING.
T  INDICATES TRACE OF PRECIPITATION.

&&
-------------------------------------------------------------------

AMOUNT OF DAYLIGHT TODAY  (HOUR:MIN)........14 HOURS 39 MINUTES
GAIN/LOSS SINCE YESTERDAY (HOUR:MIN:SEC)....-0:05:12

$$
TR AUG 16
