782
CDUS46 KPDT 240839
CLIYKM

CLIMATE REPORT
NATIONAL WEATHER SERVICE PENDLETON OR
136 AM PDT WED AUG 24 2016


...................................

...THE YAKIMA WA CLIMATE SUMMARY FOR AUGUST 23 2016...

CLIMATE NORMAL PERIOD 1981 TO 2010
CLIMATE RECORD PERIOD 1946 TO 2016


WEATHER ITEM   OBSERVED TIME   RECORD YEAR NORMAL DEPARTURE LAST
                VALUE   (LST)  VALUE       VALUE  FROM      YEAR
                                                  NORMAL
..................................................................
TEMPERATURE (F)
 YESTERDAY
  MAXIMUM         85    439 PM  98    1970  85      0       89
                                      1961
                                      1958
  MINIMUM         46    457 AM  38    1992  50     -4       48
  AVERAGE         66                        68     -2       69

PRECIPITATION (IN)
  YESTERDAY        0.00          0.38 1989   0.01  -0.01      T
  MONTH TO DATE    T                         0.18  -0.18      T
  SINCE OCT 1     10.54                      7.81   2.73     6.39
  SINCE JAN 1      5.89                      4.69   1.20     4.29

SNOWFALL (IN)
  YESTERDAY        0.0           0.0  2002   0.0    0.0      0.0
                                      2001
                                      1999
  MONTH TO DATE    0.0                       0.0    0.0      0.0
  SINCE JAN 1     12.5                       8.6    3.9      1.6
  SINCE JUL 1      0.0                       0.0    0.0      0.0
  SNOW DEPTH       0

DEGREE DAYS
 HEATING
  YESTERDAY        0                         1     -1        0
  MONTH TO DATE    3                        16    -13        1
  SINCE JUN 1     71                       135    -64        4
  SINCE JUL 1      3                        37    -34        1

 COOLING
  YESTERDAY        1                         4     -3        4
  MONTH TO DATE  201                       134     67      229
  SINCE JUN 1    660                       394    266      918
  SINCE JAN 1    699                       414    285     1010
..................................................................


WIND (MPH)
  HIGHEST WIND SPEED    12   HIGHEST WIND DIRECTION    SE (150)
  HIGHEST GUST SPEED    15   HIGHEST GUST DIRECTION    SE (150)
  AVERAGE WIND SPEED     4.8


SKY COVER
  POSSIBLE SUNSHINE  MM
  AVERAGE SKY COVER 0.1


WEATHER CONDITIONS
 THE FOLLOWING WEATHER WAS RECORDED YESTERDAY.
  NO SIGNIFICANT WEATHER WAS OBSERVED.


RELATIVE HUMIDITY (PERCENT)
 HIGHEST    71           500 AM
 LOWEST     17           200 PM
 AVERAGE    44

..........................................................


THE YAKIMA WA CLIMATE NORMALS FOR TODAY
                         NORMAL    RECORD    YEAR
 MAXIMUM TEMPERATURE (F)   85       100      1958
 MINIMUM TEMPERATURE (F)   50        37      1993


SUNRISE AND SUNSET
AUGUST 24 2016........SUNRISE   613 AM PDT   SUNSET   755 PM PDT
AUGUST 25 2016........SUNRISE   614 AM PDT   SUNSET   753 PM PDT


-  INDICATES NEGATIVE NUMBERS.
R  INDICATES RECORD WAS SET OR TIED.
MM INDICATES DATA IS MISSING.
T  INDICATES TRACE AMOUNT.




$$
