000
CDUS46 KPDT 100837 RRA
CLIYKM

CLIMATE REPORT
NATIONAL WEATHER SERVICE PENDLETON OR
1237 AM PST SAT DEC 10 2016


...................................

...THE YAKIMA WA CLIMATE SUMMARY FOR DECEMBER 9 2016...

CLIMATE NORMAL PERIOD 1981 TO 2010
CLIMATE RECORD PERIOD 1946 TO 2016


WEATHER ITEM   OBSERVED TIME   RECORD YEAR NORMAL DEPARTURE LAST
                VALUE   (LST)  VALUE       VALUE  FROM      YEAR
                                                  NORMAL
..................................................................
TEMPERATURE (F)
 YESTERDAY
  MAXIMUM         29    126 PM  57    1991  37     -8       56
                                      1979
                                      1956
  MINIMUM         21    617 PM  -3    2009  22     -1       36
  AVERAGE         25                        29     -4       46

PRECIPITATION (IN)
  YESTERDAY        0.04          1.37 1987   0.05  -0.01     0.04
  MONTH TO DATE    0.31                      0.44  -0.13     1.59
  SINCE OCT 1      3.36                      2.03   1.33     2.77
  SINCE JAN 1      9.42                      7.16   2.26     7.08

SNOWFALL (IN)
  YESTERDAY       MM             2.3  1987   0.2   MM        0.0
  MONTH TO DATE    4.5                       2.5    2.0      1.3
  SINCE JAN 1     17.0                      14.7    2.3      5.9
  SINCE JUL 1      4.5                       6.1   -1.6      4.3
  SNOW DEPTH      MM

DEGREE DAYS
 HEATING
  YESTERDAY       40                        36      4       19
  MONTH TO DATE  300                       312    -12      253
  SINCE DEC 1    300                       312    -12      253
  SINCE JUL 1   1319                      1845   -526     1367

 COOLING
  YESTERDAY        0                         0      0        0
  MONTH TO DATE    0                         0      0        0
  SINCE DEC 1      0                         0      0        0
  SINCE JAN 1    774                       472    302     1094
..................................................................


WIND (MPH)
  HIGHEST WIND SPEED     9   HIGHEST WIND DIRECTION     W (250)
  HIGHEST GUST SPEED    11   HIGHEST GUST DIRECTION    SW (240)
  AVERAGE WIND SPEED     3.7


SKY COVER
  POSSIBLE SUNSHINE  MM
  AVERAGE SKY COVER 0.9


WEATHER CONDITIONS
 THE FOLLOWING WEATHER WAS RECORDED YESTERDAY.
  LIGHT SNOW
  FOG
  HAZE


RELATIVE HUMIDITY (PERCENT)
 HIGHEST    92           600 PM
 LOWEST     63           100 PM
 AVERAGE    78

..........................................................


THE YAKIMA WA CLIMATE NORMALS FOR TODAY
                         NORMAL    RECORD    YEAR
 MAXIMUM TEMPERATURE (F)   36        64      1946
 MINIMUM TEMPERATURE (F)   21        -5      1972


SUNRISE AND SUNSET
DECEMBER 10 2016......SUNRISE   736 AM PST   SUNSET   415 PM PST
DECEMBER 11 2016......SUNRISE   737 AM PST   SUNSET   415 PM PST


-  INDICATES NEGATIVE NUMBERS.
R  INDICATES RECORD WAS SET OR TIED.
MM INDICATES DATA IS MISSING.
T  INDICATES TRACE AMOUNT.


$$
