000
CDUS46 KPDT 220859
CLIYKM

CLIMATE REPORT
NATIONAL WEATHER SERVICE PENDLETON OR
159 AM PDT TUE JUL 22 2014


...................................

...THE YAKIMA WA CLIMATE SUMMARY FOR JULY 21 2014...

CLIMATE NORMAL PERIOD 1981 TO 2010
CLIMATE RECORD PERIOD 1946 TO 2014


WEATHER ITEM   OBSERVED TIME   RECORD YEAR NORMAL DEPARTURE LAST
                VALUE   (LST)  VALUE       VALUE  FROM      YEAR
                                                  NORMAL
..................................................................
TEMPERATURE (F)
 YESTERDAY
  MAXIMUM         83    528 PM 102    2006  89     -6      100
                                      1994
                                      1971
  MINIMUM         48    516 AM  42    1984  54     -6       52
  AVERAGE         66                        72     -6       76

PRECIPITATION (IN)
  YESTERDAY        0.00          T    2011   0.00   0.00     0.00
                                      2000
                                      1999
  MONTH TO DATE    T                         0.16  -0.16      T
  SINCE OCT 1      3.83                      7.57  -3.74     7.97
  SINCE JAN 1      3.00                      4.45  -1.45     4.17

SNOWFALL (IN)
  YESTERDAY        0.0           0.0  2002   0.0    0.0      0.0
                                      2001
                                      2000
  MONTH TO DATE    0.0                       0.0    0.0      0.0
  SINCE JAN 1     19.9                       8.6   11.3      1.1
  SINCE JUL 1      0.0                       0.0    0.0      0.0
  SNOW DEPTH       0

DEGREE DAYS
 HEATING
  YESTERDAY        0                         0      0        0
  MONTH TO DATE    0                        19    -19        0
  SINCE JUN 1     30                       117    -87       39
  SINCE JUL 1      0                        19    -19        0

 COOLING
  YESTERDAY        1                         7     -6       11
  MONTH TO DATE  305                       120    185      253
  SINCE JUN 1    407                       185    222      369
  SINCE JAN 1    430                       205    225      421
..................................................................


WIND (MPH)
  HIGHEST WIND SPEED    22   HIGHEST WIND DIRECTION     N (340)
  HIGHEST GUST SPEED    27   HIGHEST GUST DIRECTION     N (340)
  AVERAGE WIND SPEED     4.8


SKY COVER
  POSSIBLE SUNSHINE  MM
  AVERAGE SKY COVER 0.0


WEATHER CONDITIONS
 THE FOLLOWING WEATHER WAS RECORDED YESTERDAY.
  NO SIGNIFICANT WEATHER WAS OBSERVED.


RELATIVE HUMIDITY (PERCENT)
 HIGHEST    71           400 AM
 LOWEST     24           500 PM
 AVERAGE    48

..........................................................


THE YAKIMA WA CLIMATE NORMALS FOR TODAY
                         NORMAL    RECORD    YEAR
 MAXIMUM TEMPERATURE (F)   90       103      2003
                                             1994
 MINIMUM TEMPERATURE (F)   54        41      1973


SUNRISE AND SUNSET
JULY 22 2014..........SUNRISE   531 AM PDT   SUNSET   845 PM PDT
JULY 23 2014..........SUNRISE   532 AM PDT   SUNSET   844 PM PDT


-  INDICATES NEGATIVE NUMBERS.
R  INDICATES RECORD WAS SET OR TIED.
MM INDICATES DATA IS MISSING.
T  INDICATES TRACE AMOUNT.




$$
