000
CDUS46 KPDT 010842
CLIYKM

CLIMATE REPORT
NATIONAL WEATHER SERVICE PENDLETON OR
139 AM PDT TUE SEP 1 2015


...................................

...THE YAKIMA WA CLIMATE SUMMARY FOR AUGUST 31 2015...

CLIMATE NORMAL PERIOD 1981 TO 2010
CLIMATE RECORD PERIOD 1946 TO 2015


WEATHER ITEM   OBSERVED TIME   RECORD YEAR NORMAL DEPARTURE LAST
                VALUE   (LST)  VALUE       VALUE  FROM      YEAR
                                                  NORMAL
..................................................................
TEMPERATURE (F)
 YESTERDAY
  MAXIMUM         81    419 PM  97    1998  83     -2       78
                                      1949
  MINIMUM         49    311 AM  37    1999  48      1       49
  AVERAGE         65                        66     -1       64

PRECIPITATION (IN)
  YESTERDAY        0.00          0.10 1999   0.01  -0.01     0.00
  MONTH TO DATE    0.01                      0.26  -0.25     0.90
  SINCE OCT 1      6.40                      7.89  -1.49     4.79
  SINCE JAN 1      4.30                      4.77  -0.47     3.96

SNOWFALL (IN)
  YESTERDAY        0.0           0.0  2002   0.0    0.0      0.0
                                      2001
                                      1999
  MONTH TO DATE    0.0                       0.0    0.0      0.0
  SINCE JAN 1      1.6                       8.6   -7.0     19.9
  SINCE JUL 1      0.0                       0.0    0.0      0.0
  SNOW DEPTH       0

DEGREE DAYS
 HEATING
  YESTERDAY        0                         2     -2        1
  MONTH TO DATE    1                        28    -27        1
  SINCE JUN 1      4                       146   -142       36
  SINCE JUL 1      1                        48    -47        6

 COOLING
  YESTERDAY        0                         3     -3        0
  MONTH TO DATE  276                       160    116      294
  SINCE JUN 1    965                       420    545      804
  SINCE JAN 1   1057                       440    617      827
..................................................................


WIND (MPH)
  HIGHEST WIND SPEED    24   HIGHEST WIND DIRECTION    NW (310)
  HIGHEST GUST SPEED    31   HIGHEST GUST DIRECTION    NW (330)
  AVERAGE WIND SPEED     5.9


SKY COVER
  POSSIBLE SUNSHINE  MM
  AVERAGE SKY COVER 0.2


WEATHER CONDITIONS
 THE FOLLOWING WEATHER WAS RECORDED YESTERDAY.
  NO SIGNIFICANT WEATHER WAS OBSERVED.


RELATIVE HUMIDITY (PERCENT)
 HIGHEST    74           300 AM
 LOWEST     30           400 PM
 AVERAGE    52

..........................................................


THE YAKIMA WA CLIMATE NORMALS FOR TODAY
                         NORMAL    RECORD    YEAR
 MAXIMUM TEMPERATURE (F)   83       100      1949
 MINIMUM TEMPERATURE (F)   48        36      2000


SUNRISE AND SUNSET
SEPTEMBER  1 2015.....SUNRISE   622 AM PDT   SUNSET   741 PM PDT
SEPTEMBER  2 2015.....SUNRISE   623 AM PDT   SUNSET   739 PM PDT


-  INDICATES NEGATIVE NUMBERS.
R  INDICATES RECORD WAS SET OR TIED.
MM INDICATES DATA IS MISSING.
T  INDICATES TRACE AMOUNT.




$$
