000
CDUS46 KPDT 260036 RRA
CLIYKM

CLIMATE REPORT
NATIONAL WEATHER SERVICE PENDLETON OR
434 PM PST SAT FEB 25 2017


...................................

...THE YAKIMA WA CLIMATE SUMMARY FOR FEBRUARY 25 2017...
VALID TODAY AS OF 0400 PM LOCAL TIME.

CLIMATE NORMAL PERIOD 1981 TO 2010
CLIMATE RECORD PERIOD 1946 TO 2017


WEATHER ITEM   OBSERVED TIME   RECORD YEAR NORMAL DEPARTURE LAST
                VALUE   (LST)  VALUE       VALUE  FROM      YEAR
                                                  NORMAL
..................................................................
TEMPERATURE (F)
 TODAY
  MAXIMUM         43    347 PM  67    1986  50     -7       60
  MINIMUM         16    654 AM   3    1993  27    -11       30
  AVERAGE         30                        38     -8       45

PRECIPITATION (IN)
  TODAY            0.00          0.44 2004   0.03  -0.03     0.00
  MONTH TO DATE    2.25                      0.70   1.55     0.39
  SINCE OCT 1      8.33                      4.96   3.37     7.35
  SINCE JAN 1      4.41                      1.84   2.57     2.70

SNOWFALL (IN)
  TODAY            0.0           T    2007   0.1   -0.1      0.0
                                      2004
  MONTH TO DATE    9.9                       2.4    7.5      0.8
  SINCE JAN 1     29.0                       7.7   21.3     12.5
  SINCE JUL 1     36.4                      20.7   15.7     31.4
  SNOW DEPTH       0

DEGREE DAYS
 HEATING
  TODAY           35                        27      8       20
  MONTH TO DATE  827                       730     97      567
  SINCE DEC 1   3317                      2915    402     2565
  SINCE JUL 1   4336                      4448   -112     3679

 COOLING
  TODAY            0                         0      0        0
  MONTH TO DATE    0                         0      0        0
  SINCE DEC 1      0                         0      0        0
  SINCE JAN 1      0                         0      0        0
..................................................................


WIND (MPH)
  HIGHEST WIND SPEED    10   HIGHEST WIND DIRECTION     W (280)
  HIGHEST GUST SPEED    11   HIGHEST GUST DIRECTION     W (280)
  AVERAGE WIND SPEED     4.0


SKY COVER
  POSSIBLE SUNSHINE  MM
  AVERAGE SKY COVER 0.0


WEATHER CONDITIONS
 THE FOLLOWING WEATHER WAS RECORDED TODAY.
  NO SIGNIFICANT WEATHER WAS OBSERVED.


RELATIVE HUMIDITY (PERCENT)
 HIGHEST    88           700 AM
 LOWEST     51           300 PM
 AVERAGE    70

..........................................................


THE YAKIMA WA CLIMATE NORMALS FOR TOMORROW
                         NORMAL    RECORD    YEAR
 MAXIMUM TEMPERATURE (F)   50        65      1953
 MINIMUM TEMPERATURE (F)   27         4      2011


SUNRISE AND SUNSET
FEBRUARY 25 2017......SUNRISE   648 AM PST   SUNSET   543 PM PST
FEBRUARY 26 2017......SUNRISE   646 AM PST   SUNSET   544 PM PST


-  INDICATES NEGATIVE NUMBERS.
R  INDICATES RECORD WAS SET OR TIED.
MM INDICATES DATA IS MISSING.
T  INDICATES TRACE AMOUNT.




$$
