000
CDUS46 KPDT 240053 RRC
CLIYKM

CLIMATE REPORT
NATIONAL WEATHER SERVICE PENDLETON OR
448 PM PST THU NOV 23 2017


...................................

...THE YAKIMA WA CLIMATE SUMMARY FOR NOVEMBER 23 2017...
VALID TODAY AS OF 0400 PM LOCAL TIME.

CLIMATE NORMAL PERIOD 1981 TO 2010
CLIMATE RECORD PERIOD 1946 TO 2017


WEATHER ITEM   OBSERVED TIME   RECORD YEAR NORMAL DEPARTURE LAST
                VALUE   (LST)  VALUE       VALUE  FROM      YEAR
                                                  NORMAL
..................................................................
TEMPERATURE (F)
 TODAY
  MAXIMUM         69R  1221 PM  69    1959  44     25       54
  MINIMUM         43    736 AM -13    1985  25     18       34
  AVERAGE         56                        34     22       44

PRECIPITATION (IN)
  TODAY            T             0.76 1949   0.04  -0.04      T
  MONTH TO DATE    1.06                      0.76   0.30     0.59
  SINCE OCT 1      1.85                      1.30   0.55     3.02
  SINCE JAN 1      9.80                      6.43   3.37     9.08

SNOWFALL (IN)
  TODAY            0.0           3.2  1996   0.2   -0.2      0.0
  MONTH TO DATE    0.4                       2.0   -1.6      0.0
  SINCE JAN 1     29.5                      10.7   18.8     12.5
  SINCE JUL 1      0.4                       2.1   -1.7      0.0
  SNOW DEPTH       0

DEGREE DAYS
 HEATING
  TODAY            9                        31    -22       21
  MONTH TO DATE  523                       606    -83      406
  SINCE SEP 1   1084                      1262   -178      861
  SINCE JUL 1   1084                      1310   -226      864

 COOLING
  TODAY            0                         0      0        0
  MONTH TO DATE    0                         0      0        0
  SINCE SEP 1    116                        32     84       21
  SINCE JAN 1   1054                       472    582      774
..................................................................


WIND (MPH)
  HIGHEST WIND SPEED    24   HIGHEST WIND DIRECTION    NW (300)
  HIGHEST GUST SPEED    32   HIGHEST GUST DIRECTION    SW (210)
  AVERAGE WIND SPEED     7.2


SKY COVER
  POSSIBLE SUNSHINE  MM
  AVERAGE SKY COVER 0.4


WEATHER CONDITIONS
 THE FOLLOWING WEATHER WAS RECORDED TODAY.
  LIGHT RAIN
  FOG
  FOG W/VISIBILITY <= 1/4 MILE


RELATIVE HUMIDITY (PERCENT)
 HIGHEST    93          1200 AM
 LOWEST     48           300 PM
 AVERAGE    71

..........................................................


THE YAKIMA WA CLIMATE NORMALS FOR TOMORROW
                         NORMAL    RECORD    YEAR
 MAXIMUM TEMPERATURE (F)   43        67      1990
 MINIMUM TEMPERATURE (F)   25       -11      1985


SUNRISE AND SUNSET
NOVEMBER 23 2017......SUNRISE   716 AM PST   SUNSET   421 PM PST
NOVEMBER 24 2017......SUNRISE   717 AM PST   SUNSET   420 PM PST


-  INDICATES NEGATIVE NUMBERS.
R  INDICATES RECORD WAS SET OR TIED.
MM INDICATES DATA IS MISSING.
T  INDICATES TRACE AMOUNT.




$$
