000
CDUS41 KCLE 270528
CLIYNG


CLIMATE REPORT
NATIONAL WEATHER SERVICE CLEVELAND OH
128 AM EDT SAT MAY 27 2017


...................................

...THE YOUNGSTOWN OH CLIMATE SUMMARY FOR MAY 26 2017...

CLIMATE NORMAL PERIOD 1981 TO 2010
CLIMATE RECORD PERIOD 1897 TO 2017


WEATHER ITEM   OBSERVED TIME   RECORD YEAR NORMAL DEPARTURE LAST
                VALUE   (LST)  VALUE       VALUE  FROM      YEAR
                                                  NORMAL
..................................................................
TEMPERATURE (F)
 YESTERDAY
  MAXIMUM         65    351 PM  87    1939  72     -7       82
  MINIMUM         49   1157 PM  30    1988  50     -1       67
  AVERAGE         57                        60     -3       75

PRECIPITATION (IN)
  YESTERDAY        0.03                      0.12  -0.09     0.00
  MONTH TO DATE    3.67                      3.14   0.53     2.29
  SINCE MAR 1     12.55                      9.44   3.11     9.91
  SINCE JAN 1     20.43                     14.14   6.29    15.10

SNOWFALL (IN)
  YESTERDAY        0.0                       0.0    0.0      0.0
  MONTH TO DATE    0.0                       0.0    0.0      0.2
  SINCE MAR 1     22.1                      13.9    8.2     13.3
  SINCE JUL 1     69.5                      62.7    6.8     44.9
  SNOW DEPTH       0

DEGREE DAYS
 HEATING
  YESTERDAY        8                         6      2        0
  MONTH TO DATE  246                       226     20      246
  SINCE MAR 1   1427                      1605   -178     1405
  SINCE JUL 1   5211                      6253  -1042     5253

 COOLING
  YESTERDAY        0                         2     -2       10
  MONTH TO DATE   25                        20      5       16
  SINCE MAR 1     41                        29     12       16
  SINCE JAN 1     41                        29     12       16
..................................................................


WIND (MPH)
  HIGHEST WIND SPEED    20   HIGHEST WIND DIRECTION    NW (320)
  HIGHEST GUST SPEED    26   HIGHEST GUST DIRECTION    NW (320)
  AVERAGE WIND SPEED     8.6


SKY COVER
  POSSIBLE SUNSHINE  MM
  AVERAGE SKY COVER 1.0


WEATHER CONDITIONS
 THE FOLLOWING WEATHER WAS RECORDED YESTERDAY.
  LIGHT RAIN
  FOG


RELATIVE HUMIDITY (PERCENT)
 HIGHEST   100           100 AM
 LOWEST     60           500 PM
 AVERAGE    80

..........................................................


THE YOUNGSTOWN OH CLIMATE NORMALS FOR TODAY
                         NORMAL    RECORD    YEAR
 MAXIMUM TEMPERATURE (F)   72        92      1939
 MINIMUM TEMPERATURE (F)   50        30      1969


SUNRISE AND SUNSET
MAY 27 2017...........SUNRISE   554 AM EDT   SUNSET   846 PM EDT
MAY 28 2017...........SUNRISE   554 AM EDT   SUNSET   847 PM EDT


-  INDICATES NEGATIVE NUMBERS.
R  INDICATES RECORD WAS SET OR TIED.
MM INDICATES DATA IS MISSING.
T  INDICATES TRACE AMOUNT.




$$
