000
CDUS41 KPBZ 290702
CLIZZV


CLIMATE REPORT
NATIONAL WEATHER SERVICE PITTSBURGH PA
302 AM EDT SAT AUG 29 2015


...................................

...THE ZANESVILLE OH CLIMATE SUMMARY FOR AUGUST 28 2015...

CLIMATE NORMAL PERIOD 1981 TO 2010
CLIMATE RECORD PERIOD 1946 TO 2015


WEATHER ITEM   OBSERVED TIME   RECORD YEAR NORMAL DEPARTURE LAST
                VALUE   (LST)  VALUE       VALUE  FROM      YEAR
                                                  NORMAL
..................................................................
TEMPERATURE (F)
 YESTERDAY
  MAXIMUM         81    536 PM  96    1953  82     -1       76
  MINIMUM         51    554 AM  44    1986  59     -8       59
  AVERAGE         66                        70     -4       68

PRECIPITATION (IN)
  YESTERDAY        0.00         MM      MM   0.10  -0.10     0.00
  MONTH TO DATE    0.76                      2.91  -2.15     3.12
  SINCE JUN 1     10.67                     10.74  -0.07    13.47
  SINCE JAN 1     26.57                     26.20   0.37    27.80

DEGREE DAYS
 HEATING
  YESTERDAY        0                         1     -1        0
  MONTH TO DATE    8                         1      7        9
  SINCE JUN 1     32                        36     -4       31
  SINCE JUL 1      8                         4      4       21

 COOLING
  YESTERDAY        1                         6     -5        3
  MONTH TO DATE  156                       201    -45      177
  SINCE JUN 1    571                       608    -37      536
  SINCE JAN 1    688                       662     26      618
..................................................................


WIND (MPH)
  HIGHEST WIND SPEED     9   HIGHEST WIND DIRECTION     N (10)
  HIGHEST GUST SPEED    13   HIGHEST GUST DIRECTION     N (20)
  AVERAGE WIND SPEED     2.0


SKY COVER
  POSSIBLE SUNSHINE  MM
  AVERAGE SKY COVER 0.1


WEATHER CONDITIONS
 THE FOLLOWING WEATHER WAS RECORDED YESTERDAY.
  FOG
  HAZE


RELATIVE HUMIDITY (PERCENT)
 HIGHEST    93          1200 AM
 LOWEST     35           400 PM
 AVERAGE    64

..........................................................


THE ZANESVILLE OH CLIMATE NORMALS FOR TODAY
                         NORMAL    RECORD    YEAR
 MAXIMUM TEMPERATURE (F)   82        97      1953
 MINIMUM TEMPERATURE (F)   59        36      1965


SUNRISE AND SUNSET
AUGUST 29 2015........SUNRISE   652 AM EDT   SUNSET   804 PM EDT
AUGUST 30 2015........SUNRISE   653 AM EDT   SUNSET   802 PM EDT


-  INDICATES NEGATIVE NUMBERS.
R  INDICATES RECORD WAS SET OR TIED.
MM INDICATES DATA IS MISSING.
T  INDICATES TRACE AMOUNT.




$$
