000
CDUS41 KPBZ 192214
CLIZZV


CLIMATE REPORT
NATIONAL WEATHER SERVICE PITTSBURGH PA
514 PM EST SUN NOV 19 2017


...................................

...THE ZANESVILLE OH CLIMATE SUMMARY FOR NOVEMBER 19 2017...
VALID TODAY AS OF 0500 PM LOCAL TIME.

CLIMATE NORMAL PERIOD 1981 TO 2010
CLIMATE RECORD PERIOD 1895 TO 2017


WEATHER ITEM   OBSERVED TIME   RECORD YEAR NORMAL DEPARTURE LAST
                VALUE   (LST)  VALUE       VALUE  FROM      YEAR
                                                  NORMAL
..................................................................
TEMPERATURE (F)
 TODAY
  MAXIMUM         40    359 PM  75    1985  51    -11       64
                                      1934
  MINIMUM         37    623 AM  12    2014  33      4       33
  AVERAGE         39                        42     -3       49

PRECIPITATION (IN)
  TODAY            0.05          1.29 1932   0.11  -0.06     0.25
  MONTH TO DATE    4.19                      1.94   2.25     0.59
  SINCE JUN 1     21.39                     18.62   2.77    13.15
  SINCE JAN 1     39.51                     34.08   5.43    28.13

DEGREE DAYS
 HEATING
  TODAY           26                        23      3       16
  MONTH TO DATE  393                       375     18      312
  SINCE SEP 1    715                       851   -136      590
  SINCE JUL 1    719                       862   -143      590

 COOLING
  TODAY            0                         0      0        0
  MONTH TO DATE    2                         0      2        2
  SINCE SEP 1    149                        91     58      204
  SINCE JAN 1    877                       768    109     1355
..................................................................


WIND (MPH)
  HIGHEST WIND SPEED    25   HIGHEST WIND DIRECTION     W (290)
  HIGHEST GUST SPEED    35   HIGHEST GUST DIRECTION    NW (300)
  AVERAGE WIND SPEED    12.8


SKY COVER
  POSSIBLE SUNSHINE  MM
  AVERAGE SKY COVER 1.0


WEATHER CONDITIONS
 THE FOLLOWING WEATHER WAS RECORDED TODAY.
  LIGHT RAIN
  FOG


RELATIVE HUMIDITY (PERCENT)
 HIGHEST    86          1200 AM
 LOWEST     59           900 AM
 AVERAGE    73

..........................................................


THE ZANESVILLE OH CLIMATE NORMALS FOR TOMORROW
                         NORMAL    RECORD    YEAR
 MAXIMUM TEMPERATURE (F)   51        77      1942
 MINIMUM TEMPERATURE (F)   32        11      1951


SUNRISE AND SUNSET
NOVEMBER 19 2017......SUNRISE   717 AM EST   SUNSET   508 PM EST
NOVEMBER 20 2017......SUNRISE   719 AM EST   SUNSET   508 PM EST


-  INDICATES NEGATIVE NUMBERS.
R  INDICATES RECORD WAS SET OR TIED.
MM INDICATES DATA IS MISSING.
T  INDICATES TRACE AMOUNT.




$$
