000
CDUS41 KPBZ 200705
CLIZZV


CLIMATE REPORT
NATIONAL WEATHER SERVICE PITTSBURGH PA
305 AM EDT WED AUG 20 2014


...................................

...THE ZANESVILLE OH CLIMATE SUMMARY FOR AUGUST 19 2014...

CLIMATE NORMAL PERIOD 1981 TO 2010
CLIMATE RECORD PERIOD 1946 TO 2014


WEATHER ITEM   OBSERVED TIME   RECORD YEAR NORMAL DEPARTURE LAST
                VALUE   (LST)  VALUE       VALUE  FROM      YEAR
                                                  NORMAL
..................................................................
TEMPERATURE (F)
 YESTERDAY
  MAXIMUM         85    435 PM  93    1955  83      2       80
  MINIMUM         61    556 AM  41    1953  61      0       63
  AVERAGE         73                        72      1       72

PRECIPITATION (IN)
  YESTERDAY        0.00         MM      MM   0.11  -0.11     0.00
  MONTH TO DATE    2.38                      1.99   0.39     3.02
  SINCE JUN 1     12.73                      9.82   2.91    15.70
  SINCE JAN 1     27.06                     25.28   1.78    26.29

DEGREE DAYS
 HEATING
  YESTERDAY        0                         0      0        0
  MONTH TO DATE    9                         0      9        9
  SINCE JUN 1     31                        35     -4       27
  SINCE JUL 1     21                         3     18        9

 COOLING
  YESTERDAY        8                         7      1        7
  MONTH TO DATE   97                       143    -46       90
  SINCE JUN 1    456                       550    -94      521
  SINCE JAN 1    538                       604    -66      629
..................................................................


WIND (MPH)
  HIGHEST WIND SPEED     9   HIGHEST WIND DIRECTION     S (200)
  HIGHEST GUST SPEED    19   HIGHEST GUST DIRECTION    SW (220)
  AVERAGE WIND SPEED     3.5


SKY COVER
  POSSIBLE SUNSHINE  MM
  AVERAGE SKY COVER 0.1


WEATHER CONDITIONS
 THE FOLLOWING WEATHER WAS RECORDED YESTERDAY.
  FOG


RELATIVE HUMIDITY (PERCENT)
 HIGHEST    93           500 AM
 LOWEST     55           100 PM
 AVERAGE    74

..........................................................


THE ZANESVILLE OH CLIMATE NORMALS FOR TODAY
                         NORMAL    RECORD    YEAR
 MAXIMUM TEMPERATURE (F)   83       100      1962
 MINIMUM TEMPERATURE (F)   60        46      1953


SUNRISE AND SUNSET
AUGUST 20 2014........SUNRISE   644 AM EDT   SUNSET   817 PM EDT
AUGUST 21 2014........SUNRISE   645 AM EDT   SUNSET   816 PM EDT


-  INDICATES NEGATIVE NUMBERS.
R  INDICATES RECORD WAS SET OR TIED.
MM INDICATES DATA IS MISSING.
T  INDICATES TRACE AMOUNT.




$$
