000
CDUS41 KPBZ 240802
CLIZZV


CLIMATE REPORT
NATIONAL WEATHER SERVICE PITTSBURGH PA
301 AM EST FRI FEB 24 2017


...................................

...THE ZANESVILLE OH CLIMATE SUMMARY FOR FEBRUARY 23 2017...

CLIMATE NORMAL PERIOD 1981 TO 2010
CLIMATE RECORD PERIOD 1946 TO 2017


WEATHER ITEM   OBSERVED TIME   RECORD YEAR NORMAL DEPARTURE LAST
                VALUE   (LST)  VALUE       VALUE  FROM      YEAR
                                                  NORMAL
..................................................................
TEMPERATURE (F)
 YESTERDAY
  MAXIMUM         71R   319 PM  64    2000  43     28       57
  MINIMUM         53    101 AM  -3    2015  24     29       32
  AVERAGE         62                        34     28       45

PRECIPITATION (IN)
  YESTERDAY        0.57         MM      MM   0.09   0.48     0.00
  MONTH TO DATE    1.83                      1.77   0.06     1.81
  SINCE JUN 1     23.36                     26.83  -3.47    25.06
  SINCE JAN 1      4.74                      4.43   0.31     2.73

DEGREE DAYS
 HEATING
  YESTERDAY        3                        31    -28       20
  MONTH TO DATE  550                       771   -221      696
  SINCE DEC 1   2400                      2897   -497     2376
  SINCE JUL 1   3257                      4038   -781     3218

 COOLING
  YESTERDAY        0                         0      0        0
  MONTH TO DATE    0                         0      0        0
  SINCE DEC 1      0                         0      0        0
  SINCE JAN 1      0                         0      0        0
..................................................................


WIND (MPH)
  HIGHEST WIND SPEED    16   HIGHEST WIND DIRECTION     S (200)
  HIGHEST GUST SPEED    22   HIGHEST GUST DIRECTION     S (200)
  AVERAGE WIND SPEED     7.3


SKY COVER
  POSSIBLE SUNSHINE  MM
  AVERAGE SKY COVER 0.9


WEATHER CONDITIONS
 THE FOLLOWING WEATHER WAS RECORDED YESTERDAY.
  THUNDERSTORM
  HEAVY RAIN
  RAIN
  LIGHT RAIN
  FOG


RELATIVE HUMIDITY (PERCENT)
 HIGHEST    93          1200 AM
 LOWEST     53           300 PM
 AVERAGE    73

..........................................................


THE ZANESVILLE OH CLIMATE NORMALS FOR TODAY
                         NORMAL    RECORD    YEAR
 MAXIMUM TEMPERATURE (F)   44        70      1961
 MINIMUM TEMPERATURE (F)   25       -14      2015


SUNRISE AND SUNSET
FEBRUARY 24 2017......SUNRISE   708 AM EST   SUNSET   614 PM EST
FEBRUARY 25 2017......SUNRISE   706 AM EST   SUNSET   615 PM EST


-  INDICATES NEGATIVE NUMBERS.
R  INDICATES RECORD WAS SET OR TIED.
MM INDICATES DATA IS MISSING.
T  INDICATES TRACE AMOUNT.




$$
