000
CDUS41 KPBZ 242121
CLIZZV


CLIMATE REPORT
NATIONAL WEATHER SERVICE PITTSBURGH PA
517 PM EDT MON JUL 24 2017


...................................

...THE ZANESVILLE OH CLIMATE SUMMARY FOR JULY 24 2017...
VALID TODAY AS OF 0500 PM LOCAL TIME.

CLIMATE NORMAL PERIOD 1981 TO 2010
CLIMATE RECORD PERIOD 1895 TO 2017


WEATHER ITEM   OBSERVED TIME   RECORD YEAR NORMAL DEPARTURE LAST
                VALUE   (LST)  VALUE       VALUE  FROM      YEAR
                                                  NORMAL
..................................................................
TEMPERATURE (F)
 TODAY
  MAXIMUM         82    313 PM 102    1934  84     -2       97
  MINIMUM         64    602 AM  49    1954  62      2       71
                                      1947
  AVERAGE         73                        73      0       84

PRECIPITATION (IN)
  TODAY            0.00          2.89 1896   0.11  -0.11     0.00
  MONTH TO DATE    5.80                      3.05   2.75     1.59
  SINCE JUN 1     10.21                      7.09   3.12     4.03
  SINCE JAN 1     28.33                     22.55   5.78    19.01

DEGREE DAYS
 HEATING
  TODAY            0                         0      0        0
  MONTH TO DATE    0                         0      0        0
  SINCE JUN 1     23                        32     -9        4
  SINCE JUL 1      0                         0      0        0

 COOLING
  TODAY            8                         8      0       19
  MONTH TO DATE  233                       192     41      289
  SINCE JUN 1    420                       350     70      569
  SINCE JAN 1    507                       404    103      663
..................................................................


WIND (MPH)
  HIGHEST WIND SPEED    18   HIGHEST WIND DIRECTION    NW (330)
  HIGHEST GUST SPEED    25   HIGHEST GUST DIRECTION    NW (330)
  AVERAGE WIND SPEED     5.6


SKY COVER
  POSSIBLE SUNSHINE  MM
  AVERAGE SKY COVER 0.5


WEATHER CONDITIONS
 THE FOLLOWING WEATHER WAS RECORDED TODAY.
  FOG
  FOG W/VISIBILITY <= 1/4 MILE


RELATIVE HUMIDITY (PERCENT)
 HIGHEST    93          1200 AM
 LOWEST     55           200 PM
 AVERAGE    74

..........................................................


THE ZANESVILLE OH CLIMATE NORMALS FOR TOMORROW
                         NORMAL    RECORD    YEAR
 MAXIMUM TEMPERATURE (F)   84       106      1934
 MINIMUM TEMPERATURE (F)   62        49      1953


SUNRISE AND SUNSET
JULY 24 2017..........SUNRISE   619 AM EDT   SUNSET   849 PM EDT
JULY 25 2017..........SUNRISE   620 AM EDT   SUNSET   848 PM EDT


-  INDICATES NEGATIVE NUMBERS.
R  INDICATES RECORD WAS SET OR TIED.
MM INDICATES DATA IS MISSING.
T  INDICATES TRACE AMOUNT.




$$
