000
CDUS41 KPBZ 180804
CLIZZV


CLIMATE REPORT
NATIONAL WEATHER SERVICE PITTSBURGH PA
304 AM EST THU DEC 18 2014


...................................

...THE ZANESVILLE OH CLIMATE SUMMARY FOR DECEMBER 17 2014...

CLIMATE NORMAL PERIOD 1981 TO 2010
CLIMATE RECORD PERIOD 1946 TO 2014


WEATHER ITEM   OBSERVED TIME   RECORD YEAR NORMAL DEPARTURE LAST
                VALUE   (LST)  VALUE       VALUE  FROM      YEAR
                                                  NORMAL
..................................................................
TEMPERATURE (F)
 YESTERDAY
  MAXIMUM         38   1256 AM  69    1984  40     -2       33
  MINIMUM         27   1159 PM -15    1989  24      3       26
  AVERAGE         33                        32      1       30

PRECIPITATION (IN)
  YESTERDAY        0.01         MM      MM   0.07  -0.06     0.06
  MONTH TO DATE    2.08                      1.44   0.64     2.41
  SINCE JUN 1     21.22                     21.26  -0.04    26.58
  SINCE JAN 1     35.55                     36.72  -1.17    37.17

DEGREE DAYS
 HEATING
  YESTERDAY       32                        33     -1       35
  MONTH TO DATE  484                       521    -37      566
  SINCE DEC 1    484                       521    -37      566
  SINCE JUL 1   1791                      1662    129     1742

 COOLING
  YESTERDAY        0                         0      0        0
  MONTH TO DATE    0                         0      0        0
  SINCE DEC 1      0                         0      0        0
  SINCE JAN 1    727                       768    -41      856
..................................................................


WIND (MPH)
  HIGHEST WIND SPEED    18   HIGHEST WIND DIRECTION     W (290)
  HIGHEST GUST SPEED    25   HIGHEST GUST DIRECTION     W (250)
  AVERAGE WIND SPEED    11.6


SKY COVER
  POSSIBLE SUNSHINE  MM
  AVERAGE SKY COVER 1.0


WEATHER CONDITIONS
 THE FOLLOWING WEATHER WAS RECORDED YESTERDAY.
  LIGHT RAIN
  FOG


RELATIVE HUMIDITY (PERCENT)
 HIGHEST    92          1200 AM
 LOWEST     66          1200 PM
 AVERAGE    79

..........................................................


THE ZANESVILLE OH CLIMATE NORMALS FOR TODAY
                         NORMAL    RECORD    YEAR
 MAXIMUM TEMPERATURE (F)   40        65      1967
 MINIMUM TEMPERATURE (F)   24       -11      1989


SUNRISE AND SUNSET
DECEMBER 18 2014......SUNRISE   744 AM EST   SUNSET   504 PM EST
DECEMBER 19 2014......SUNRISE   745 AM EST   SUNSET   505 PM EST


-  INDICATES NEGATIVE NUMBERS.
R  INDICATES RECORD WAS SET OR TIED.
MM INDICATES DATA IS MISSING.
T  INDICATES TRACE AMOUNT.




$$
