000
CDUS41 KPBZ 271221
CLIZZV


CLIMATE REPORT
NATIONAL WEATHER SERVICE PITTSBURGH PA
820 AM EDT FRI MAR 27 2015


...................................

...THE ZANESVILLE OH CLIMATE SUMMARY FOR MARCH 27 2015...
VALID AS OF 0800 AM LOCAL TIME.

CLIMATE NORMAL PERIOD 1981 TO 2010
CLIMATE RECORD PERIOD 1946 TO 2015


WEATHER ITEM   OBSERVED TIME   RECORD YEAR NORMAL DEPARTURE LAST
                VALUE   (LST)  VALUE       VALUE  FROM      YEAR
                                                  NORMAL
..................................................................
TEMPERATURE (F)
 TODAY
  MINIMUM         29    642 AM  14    2001  33     -4       19

PRECIPITATION (IN)
  TODAY            0.00         MM      MM   0.11  -0.11      T
  MONTH TO DATE    3.78                      2.55   1.23     1.15
  SINCE JUN 1     29.69                     29.78  -0.09    32.04
  SINCE JAN 1      7.28                      7.38  -0.10     3.73

DEGREE DAYS
 HEATING
  TODAY           31

 COOLING
  TODAY            0
..................................................................







THE ZANESVILLE OH CLIMATE NORMALS FOR TOMORROW
                         NORMAL    RECORD    YEAR
 MAXIMUM TEMPERATURE (F)   56        83      1989
 MINIMUM TEMPERATURE (F)   34        12      1982


SUNRISE AND SUNSET
MARCH 27 2015.........SUNRISE   720 AM EDT   SUNSET   747 PM EDT
MARCH 28 2015.........SUNRISE   718 AM EDT   SUNSET   748 PM EDT


-  INDICATES NEGATIVE NUMBERS.
R  INDICATES RECORD WAS SET OR TIED.
MM INDICATES DATA IS MISSING.
T  INDICATES TRACE AMOUNT.




$$
