000
CDUS41 KPBZ 030701
CLIZZV


CLIMATE REPORT
NATIONAL WEATHER SERVICE PITTSBURGH PA
300 AM EDT FRI JUL 3 2015


...................................

...THE ZANESVILLE OH CLIMATE SUMMARY FOR JULY 2 2015...

CLIMATE NORMAL PERIOD 1981 TO 2010
CLIMATE RECORD PERIOD 1946 TO 2015


WEATHER ITEM   OBSERVED TIME   RECORD YEAR NORMAL DEPARTURE LAST
                VALUE   (LST)  VALUE       VALUE  FROM      YEAR
                                                  NORMAL
..................................................................
TEMPERATURE (F)
 YESTERDAY
  MAXIMUM         75    511 PM  97    2012  84     -9       84
                                      1966
  MINIMUM         57    504 AM  46    2010  62     -5       66
                                      2007
  AVERAGE         66                        72     -6       75

PRECIPITATION (IN)
  YESTERDAY        0.00         MM      MM   0.14  -0.14     0.01
  MONTH TO DATE    0.00                      0.27  -0.27     0.31
  SINCE JUN 1      7.34                      4.31   3.03     7.05
  SINCE JAN 1     23.24                     19.77   3.47    21.38

DEGREE DAYS
 HEATING
  YESTERDAY        0                         0      0        0
  MONTH TO DATE    0                         0      0        0
  SINCE JUN 1     24                        32     -8       10
  SINCE JUL 1      0                         0      0        0

 COOLING
  YESTERDAY        1                         8     -7       10
  MONTH TO DATE    5                        16    -11       23
  SINCE JUN 1    192                       174     18      219
  SINCE JAN 1    309                       228     81      301
..................................................................


WIND (MPH)
  HIGHEST WIND SPEED     6   HIGHEST WIND DIRECTION    NE (40)
  HIGHEST GUST SPEED     8   HIGHEST GUST DIRECTION     E (70)
  AVERAGE WIND SPEED     1.3


SKY COVER
  POSSIBLE SUNSHINE  MM
  AVERAGE SKY COVER 0.6


WEATHER CONDITIONS
 THE FOLLOWING WEATHER WAS RECORDED YESTERDAY.
  FOG
  FOG W/VISIBILITY <= 1/4 MILE
  HAZE


RELATIVE HUMIDITY (PERCENT)
 HIGHEST    93           400 AM
 LOWEST     61          1100 AM
 AVERAGE    77

..........................................................


THE ZANESVILLE OH CLIMATE NORMALS FOR TODAY
                         NORMAL    RECORD    YEAR
 MAXIMUM TEMPERATURE (F)   84        98      1966
 MINIMUM TEMPERATURE (F)   62        46      1947


SUNRISE AND SUNSET
JULY  3 2015..........SUNRISE   604 AM EDT   SUNSET   900 PM EDT
JULY  4 2015..........SUNRISE   604 AM EDT   SUNSET   900 PM EDT


-  INDICATES NEGATIVE NUMBERS.
R  INDICATES RECORD WAS SET OR TIED.
MM INDICATES DATA IS MISSING.
T  INDICATES TRACE AMOUNT.




$$
