000
CXUS51 KBTV 011359
CLM1V4


CLIMATE REPORT
NATIONAL WEATHER SERVICE BURLINGTON VT
955 AM EDT WED OCT 1 2014

...................................

...THE ST. JOHNSBURY VT CLIMATE SUMMARY FOR THE MONTH OF SEPTEMBER 2014...

CLIMATE NORMAL PERIOD 1981 TO 2010
CLIMATE RECORD PERIOD 1894 TO 2014

WEATHER         OBSERVED          NORMAL  DEPART  LAST YEAR`S
                 VALUE   DATE(S)  VALUE   FROM    VALUE  DATE(S)
                                          NORMAL
................................................................
TEMPERATURE (F)
RECORD
 HIGH              95   09/16/1939
 LOW               22   09/28/1947
                        09/27/1947
                        09/30/1941
HIGHEST            85   09/05        MM      MM       90  09/11
LOWEST             29   09/19        MM      MM       32  09/17
AVG. MAXIMUM     69.3              70.7    -1.4     68.5
AVG. MINIMUM     46.9              49.3    -2.4     47.2
MEAN             58.1              60.0    -1.9     57.9
DAYS MAX >= 90      0               0.1    -0.1        1
DAYS MAX <= 32      0               0.0     0.0        0
DAYS MIN <= 32      1               0.7     0.3        1
DAYS MIN <= 0       0               0.0     0.0        0

PRECIPITATION (INCHES)
RECORD
 MAXIMUM         8.59   1999
 MINIMUM         0.68   1908
TOTALS           1.43              3.39   -1.96     3.65
DAILY AVG.       0.05              0.11   -0.06     0.12
DAYS >= .01        12              12.0     0.0       12
DAYS >= .10         6               7.0    -1.0        7
DAYS >= .50         1               2.1    -1.1        3
DAYS >= 1.00        0               0.8    -0.8        1
GREATEST
 24 HR. TOTAL    0.52   09/02 TO 09/02           09/12 TO 09/13
                        09/02 TO 09/03                    09/30 TO 09/30
                                                          09/30 TO 09/30
 STORM TOTAL       MM                                 MM
 (MM/DD(HH))            MM                    09/13(00) TO 09/13(00)
                                                 09/30(00) TO 09/30(00)0
                                                 09/30(00) TO 09/30(00)0

DEGREE_DAYS
HEATING TOTAL     227               184      43      248
 SINCE 7/1        284               234      50      308
COOLING TOTAL      28                34      -6       40
 SINCE 1/1        247               432    -185      407
.................................................

WIND (MPH)
AVERAGE WIND SPEED              MM
HIGHEST WIND SPEED/DIRECTION    MM        DATE   MM
HIGHEST GUST SPEED/DIRECTION    MM        DATE   MM

SKY COVER
POSSIBLE SUNSHINE (PERCENT)   MM
AVERAGE SKY COVER             MM
NUMBER OF DAYS FAIR          MM
NUMBER OF DAYS PC            MM
NUMBER OF DAYS CLOUDY        MM

AVERAGE RH (PERCENT)     76

WEATHER CONDITIONS. NUMBER OF DAYS WITH
THUNDERSTORM              0     MIXED PRECIP               0
HEAVY RAIN                0     RAIN                       0
LIGHT RAIN                0     FREEZING RAIN              0
LT FREEZING RAIN          0     HAIL                       0
HEAVY SNOW                0     SNOW                       0
LIGHT SNOW                0     SLEET                      0
FOG                       0     FOG W/VIS <= 1/4 MILE      0
HAZE                      0

-  INDICATES NEGATIVE NUMBERS.
R  INDICATES RECORD WAS SET OR TIED.
MM INDICATES DATA IS MISSING.
T  INDICATES TRACE AMOUNT.

$$
