000
CXUS53 KABR 011505
CLM8D3


CLIMATE REPORT
NATIONAL WEATHER SERVICE ABERDEEN SD
1005 AM CDT SAT OCT 1 2016

...................................

...THE SISSETON SD CLIMATE SUMMARY FOR THE MONTH OF SEPTEMBER 2016...

CLIMATE NORMAL PERIOD 1981 TO 2010
CLIMATE RECORD PERIOD 1900 TO 2016

WEATHER         OBSERVED          NORMAL  DEPART  LAST YEAR`S
                 VALUE   DATE(S)  VALUE   FROM    VALUE  DATE(S)
                                          NORMAL
................................................................
TEMPERATURE (F)
RECORD
 HIGH             102   09/08/1959
 LOW               22   09/26/1965
                        09/21/1934
HIGHEST            86   09/04        MM      MM       92  09/03
LOWEST             34   09/29        MM      MM       35  09/29
                        09/14
AVG. MAXIMUM     73.5              72.2     1.3     79.0
AVG. MINIMUM     51.0              47.3     3.7     52.2
MEAN             62.2              59.7     2.5     65.6
DAYS MAX >= 90      0               1.2    -1.2        3
DAYS MAX <= 32      0               0.0     0.0        0
DAYS MIN <= 32      0               0.8    -0.8        0
DAYS MIN <= 0       0               0.0     0.0        0

PRECIPITATION (INCHES)
RECORD
 MAXIMUM         6.42   2004
 MINIMUM            T   1998
TOTALS           2.20              2.54   -0.34     0.34
DAYS >= .01        10                MM      MM        5
DAYS >= .10         5                MM      MM        2
DAYS >= .50         1                MM      MM        0
DAYS >= 1.00        1                MM      MM        0

SNOWFALL (INCHES)
RECORDS
 TOTAL             MM   MM
 SNOW DEPTH        MM   MM
TOTALS            0.0                MM      MM      0.0
SINCE 7/1         0.0                MM      MM      0.0
SNOWDEPTH AVG.      0                MM      MM        0
DAYS >= TRACE       0                MM      MM        0
DAYS >= 1.0         0                MM      MM        0
GREATEST
 SNOW DEPTH         0   MM                             0  MM

DEGREE_DAYS
HEATING TOTAL     118               202     -84       92
 SINCE 7/1        145               245    -100      150
COOLING TOTAL      44                44       0      118
 SINCE 1/1        625               523     102      619

FREEZE DATES
RECORD
 EARLIEST     MM
 LATEST       MM
EARLIEST                        MM
LATEST                          MM
.................................................................

WIND (MPH)
AVERAGE WIND SPEED              9.4
RESULTANT WIND SPEED/DIRECTION   1/226
HIGHEST WIND SPEED/DIRECTION    31/330    DATE  09/25
HIGHEST GUST SPEED/DIRECTION    42/300    DATE  09/25

SKY COVER
POSSIBLE SUNSHINE (PERCENT)   MM
AVERAGE SKY COVER           0.00
NUMBER OF DAYS FAIR           30
NUMBER OF DAYS PC              0
NUMBER OF DAYS CLOUDY          0

AVERAGE RH (PERCENT)     71

WEATHER CONDITIONS. NUMBER OF DAYS WITH
THUNDERSTORM              0     MIXED PRECIP               0
HEAVY RAIN                2     RAIN                       7
LIGHT RAIN                4     FREEZING RAIN              0
LT FREEZING RAIN          0     HAIL                       0
HEAVY SNOW                0     SNOW                       0
LIGHT SNOW                0     SLEET                      0
FOG                       0     FOG W/VIS <= 1/4 MILE      0
HAZE                      0

-  INDICATES NEGATIVE NUMBERS.
R  INDICATES RECORD WAS SET OR TIED.
MM INDICATES DATA IS MISSING.
T  INDICATES TRACE AMOUNT.

$$
