000
CXUS52 KTAE 011814
CLMAAF

CLIMATE REPORT
NATIONAL WEATHER SERVICE TALLAHASSEE FL
920 AM EDT TUE JUL 1 2014

...................................

...THE APALACHICOLA CLIMATE SUMMARY FOR THE MONTH OF JUNE 2014...

CLIMATE NORMAL PERIOD 1981 TO 2010
CLIMATE RECORD PERIOD 1931 TO 2014

WEATHER         OBSERVED                   LAST YEAR`S
                 VALUE   DATE(S)           VALUE  DATE(S)

.........................................................
TEMPERATURE (F)
HIGHEST            97   06/29                  94  06/19
LOWEST             70   06/05                  68  06/07
                        06/04
AVG. MAXIMUM     89.6                        88.5
AVG. MINIMUM     74.2                        74.7
MEAN             81.9                        81.6
DAYS MAX >= 90     12                          11
DAYS MAX <= 32      0                           0
DAYS MIN <= 32      0                           0
DAYS MIN <= 0       0                           0

PRECIPITATION (INCHES)
TOTALS           3.46                        3.88
DAILY AVG.       0.13                        0.13
DAYS >= .01         7                           9
DAYS >= .10         5                           6
DAYS >= .50         2                           2
DAYS >= 1.00        1                           2
GREATEST
 24 HR. TOTAL    2.68   06/01 TO 06/02       1.37

DEGREE_DAYS
HEATING TOTAL       0                           0
 SINCE 7/1       1136                        1129
COOLING TOTAL     394                         506
 SINCE 1/1        887                         887
..........................................................

WIND (MPH)
AVERAGE WIND SPEED              6.7
HIGHEST WIND SPEED/DIRECTION    29/300    DATE  06/26
HIGHEST GUST SPEED/DIRECTION    38/300    DATE  06/26

SKY COVER
AVERAGE SKY COVER           0.10

AVERAGE RH (PERCENT)     72

WEATHER CONDITIONS. NUMBER OF DAYS WITH
THUNDERSTORM              0     MIXED PRECIP               0
HEAVY RAIN                4     RAIN                       2
LIGHT RAIN                9     FREEZING RAIN              0
LT FREEZING RAIN          0     HAIL                       0
HEAVY SNOW                0     SNOW                       0
LIGHT SNOW                0     SLEET                      0
FOG                       7     FOG W/VIS <= 1/4 MILE      0
HAZE                      3

-  INDICATES NEGATIVE NUMBERS.
R  INDICATES RECORD WAS SET OR TIED.
MM INDICATES DATA IS MISSING.
T  INDICATES TRACE AMOUNT.

$$
