000
CXUS54 KSJT 011849
CLMABI


CLIMATE REPORT
NATIONAL WEATHER SERVICE SAN ANGELO TX
146 PM CDT FRI APR 1 2016

...................................

...THE ABILENE CLIMATE SUMMARY FOR THE MONTH OF MARCH 2016...

CLIMATE NORMAL PERIOD 1981 TO 2010
CLIMATE RECORD PERIOD 1886 TO 2016

WEATHER         OBSERVED          NORMAL  DEPART  LAST YEAR`S
                 VALUE   DATE(S)  VALUE   FROM    VALUE  DATE(S)
                                          NORMAL
................................................................
TEMPERATURE (F)
RECORD
 HIGH              98   03/21/1916
 LOW                9   03/11/1948
HIGHEST            85   03/23        MM      MM       91  03/29
LOWEST             31   03/20        MM      MM       20  03/05
AVG. MAXIMUM     71.4              68.6     2.8     67.5
AVG. MINIMUM     47.2              44.1     3.1     44.0
MEAN             59.3              56.4     2.9     55.7
DAYS MAX >= 90      0               0.6    -0.6        1
DAYS MAX <= 32      0               0.1    -0.1        1
DAYS MIN <= 32      1               3.6    -2.6        5
DAYS MIN <= 0       0               0.0     0.0        0

PRECIPITATION (INCHES)
RECORD
 MAXIMUM         5.16   1979
 MINIMUM         0.00   1904
TOTALS           2.31              1.74    0.57     1.60
DAILY AVG.       0.07              0.06    0.01     0.05
DAYS >= .01         4               6.0    -2.0        9
DAYS >= .10         2               3.4    -1.4        4
DAYS >= .50         2               1.2     0.8        1
DAYS >= 1.00        1               0.4     0.6        0
GREATEST
 24 HR. TOTAL    1.52   03/08 TO 03/09

SNOWFALL (INCHES)
RECORDS
 TOTAL            7.3   1970
TOTALS            0.0               0.3    -0.3      0.6
SINCE 7/1         5.1               4.4     0.7      3.7
SNOWDEPTH AVG.      0                MM      MM        0
DAYS >= 1.0         0               0.1    -0.1        0
GREATEST
 SNOW DEPTH         0                                  1  03/05
 24 HR TOTAL      0.0   03/31 TO 03/31

DEGREE_DAYS
HEATING TOTAL     187               298    -111      326
 SINCE 7/1       1941              2431    -490     2403
COOLING TOTAL      18                29     -11       47
 SINCE 1/1         32                34      -2       51
.................................................................

WIND (MPH)
AVERAGE WIND SPEED              12.6
HIGHEST WIND SPEED/DIRECTION    41/350    DATE  03/23
HIGHEST GUST SPEED/DIRECTION    51/340    DATE  03/23

SKY COVER
AVERAGE SKY COVER           0.20

AVERAGE RH (PERCENT)     59

WEATHER CONDITIONS. NUMBER OF DAYS WITH
THUNDERSTORM              1     MIXED PRECIP               0
HEAVY RAIN                2     RAIN                       2
LIGHT RAIN                5     FREEZING RAIN              0
LT FREEZING RAIN          0     HAIL                       0
HEAVY SNOW                0     SNOW                       0
LIGHT SNOW                0     SLEET                      0
FOG                       8     FOG W/VIS <= 1/4 MILE      2
HAZE                      1

-  INDICATES NEGATIVE NUMBERS.
R  INDICATES RECORD WAS SET OR TIED.
MM INDICATES DATA IS MISSING.
T  INDICATES TRACE AMOUNT.

$$
