000
CXUS54 KFWD 010901
CLMACT


CLIMATE REPORT
NATIONAL WEATHER SERVICE FORT WORTH TX
400 AM CDT THU SEP 1 2016

...................................

...THE WACO CLIMATE SUMMARY FOR THE MONTH OF AUGUST 2016...

CLIMATE NORMAL PERIOD 1981 TO 2010
CLIMATE RECORD PERIOD 1901 TO 2016

WEATHER         OBSERVED          NORMAL  DEPART  LAST YEAR`S
                 VALUE   DATE(S)  VALUE   FROM    VALUE  DATE(S)
                                          NORMAL
................................................................
TEMPERATURE (F)
RECORD
 HIGH             112   08/11/1969
 LOW               53   08/28/1992
HIGHEST           105   08/12       104       1      106  08/11
                                                          08/10
LOWEST             71   08/29        66       5       67  08/27
                        08/28
                        08/15
AVG. MAXIMUM     94.2              96.8    -2.6     98.2
AVG. MINIMUM     75.2              73.8     1.4     74.3
MEAN             84.7              85.3    -0.6     86.3
DAYS MAX >= 90     25              27.9    -2.9       29
DAYS MAX <= 32      0               0.0     0.0        0
DAYS MAX >= 100    12                                 11
DAYS MIN <= 32      0               0.0     0.0        0
DAYS MIN <= 0       0               0.0     0.0        0
DAYS MIN >= 80      3                                  0

PRECIPITATION (INCHES)
RECORD
 MAXIMUM        10.33   2008
 MINIMUM         0.00   1902
TOTALS           4.61              2.05    2.56     0.86
DAILY AVG.       0.15              0.07    0.08     0.03
DAYS >= .01        10               5.0     5.0        2
DAYS >= .10         7               3.0     4.0        1
DAYS >= .50         4               1.4     2.6        1
DAYS >= 1.00        2               0.6     1.4        0
GREATEST
 24 HR. TOTAL    1.45   08/15 TO 08/16              0.77

DEGREE_DAYS
HEATING TOTAL       0                 0       0        0
 SINCE 7/1          0                 0       0        0
COOLING TOTAL     616               629     -13      667
 SINCE 1/1       2240              2195      45     2255
.................................................................

WIND (MPH)
AVERAGE WIND SPEED              8.7
HIGHEST WIND SPEED/DIRECTION    35/090    DATE  08/26
HIGHEST GUST SPEED/DIRECTION    46/100    DATE  08/26

SKY COVER
POSSIBLE SUNSHINE (PERCENT)   MM
AVERAGE SKY COVER           0.30
NUMBER OF DAYS FAIR           21
NUMBER OF DAYS PC              6
NUMBER OF DAYS CLOUDY          4

AVERAGE RH (PERCENT)     69

WEATHER CONDITIONS. NUMBER OF DAYS WITH
THUNDERSTORM              5     MIXED PRECIP               0
HEAVY RAIN                6     RAIN                       7
LIGHT RAIN               11     FREEZING RAIN              0
LT FREEZING RAIN          0     HAIL                       0
HEAVY SNOW                0     SNOW                       0
LIGHT SNOW                0     SLEET                      0
FOG                      12     FOG W/VIS <= 1/4 MILE      1
HAZE                      1

-  INDICATES NEGATIVE NUMBERS.
R  INDICATES RECORD WAS SET OR TIED.
MM INDICATES DATA IS MISSING.
T  INDICATES TRACE AMOUNT.

$$
