000
CXUS54 KFWD 012315 CCA
CLMACT

CLIMATE REPORT...CORRECTED
NATIONAL WEATHER SERVICE FORT WORTH TX
515 PM CST MON DEC 1 2014

CORRECTED THUNDERSTORM DAYS

...THE WACO CLIMATE SUMMARY FOR THE MONTH OF NOVEMBER 2014...

CLIMATE NORMAL PERIOD 1981 TO 2010
CLIMATE RECORD PERIOD 1901 TO 2014

WEATHER         OBSERVED          NORMAL  DEPART  LAST YEAR`S
                 VALUE   DATE(S)  VALUE   FROM    VALUE  DATE(S)
                                          NORMAL
................................................................
TEMPERATURE (F)
RECORD
 HIGH              92   11/07/1988
                        11/04/1948
 LOW               17   11/29/1976
HIGHEST            80   11/30        85      -5       89  11/17
LOWEST             22   11/18        29      -7       26  11/29
AVG. MAXIMUM     64.3              68.5    -4.2     63.6
AVG. MINIMUM     40.9              46.5    -5.6     42.7
MEAN             52.6              57.5    -4.9     53.2
DAYS MAX >= 90      0               0.1    -0.1        0
DAYS MAX <= 32      0               0.0     0.0        0
DAYS MAX >= 100     0                                  0
DAYS MIN <= 32      6               2.6     3.4        6
DAYS MIN <= 0       0               0.0     0.0        0
DAYS MIN >= 80      0                                  0

PRECIPITATION (INCHES)
RECORD
 MAXIMUM        10.36   1902
 MINIMUM         0.00   1903
TOTALS           2.68              2.82   -0.14     2.39
DAILY AVG.       0.09              0.09    0.00     0.08
DAYS >= .01         4               7.3    -3.3        9
DAYS >= .10         3               4.5    -1.5        5
DAYS >= .50         3               1.8     1.2        3
DAYS >= 1.00        1               0.8     0.2        0
GREATEST
 24 HR. TOTAL    1.62   11/04 TO 11/05              0.77

SNOWFALL (INCHES)
RECORDS
 TOTAL            6.5   1937
 24 HR TOTAL      6.5   11/22/1937 TO 11/22/1937
TOTALS            0.0               0.1    -0.1        T
SINCE 7/1         0.0               0.1    -0.1        T
SNOWDEPTH AVG.      0                MM      MM        0
DAYS >= TRACE       0                                  1
DAYS >= 1.0         0               0.0     0.0        0
GREATEST
 SNOW DEPTH         0   MM                             0  MM
 24 HR TOTAL      0.0   11/30 TO 11/30                 T

DEGREE_DAYS
HEATING TOTAL     370               261     109      365
 SINCE 7/1        382               328      54      414
COOLING TOTAL       7                36     -29       18
 SINCE 1/1       2750              2792     -42     2870
.................................................................

WIND (MPH)
AVERAGE WIND SPEED              10.5
HIGHEST WIND SPEED/DIRECTION    31/180    DATE  11/10
HIGHEST GUST SPEED/DIRECTION    38/200    DATE  11/29

SKY COVER
POSSIBLE SUNSHINE (PERCENT)   MM
AVERAGE SKY COVER           0.30
NUMBER OF DAYS FAIR           20
NUMBER OF DAYS PC              3
NUMBER OF DAYS CLOUDY          7

AVERAGE RH (PERCENT)     66

WEATHER CONDITIONS. NUMBER OF DAYS WITH
THUNDERSTORM              1     MIXED PRECIP               0
HEAVY RAIN                3     RAIN                       3
LIGHT RAIN                6     FREEZING RAIN              0
LT FREEZING RAIN          0     HAIL                       0
HEAVY SNOW                0     SNOW                       0
LIGHT SNOW                0     SLEET                      0
FOG                       8     FOG W/VIS <= 1/4 MILE      1
HAZE                      5

-  INDICATES NEGATIVE NUMBERS.
R  INDICATES RECORD WAS SET OR TIED.
MM INDICATES DATA IS MISSING.
T  INDICATES TRACE AMOUNT.

$$
