000
CXUS42 KFFC 011152
CLMAHN


CLIMATE REPORT
NATIONAL WEATHER SERVICE PEACHTREE CITY GA
752 AM EDT WED OCT 1 2014

...................................

...THE ATHENS CLIMATE SUMMARY FOR THE MONTH OF SEPTEMBER 2014...

CLIMATE NORMAL PERIOD 1981 TO 2010
CLIMATE RECORD PERIOD 1898 TO 2014

WEATHER         OBSERVED          NORMAL  DEPART  LAST YEAR`S
                 VALUE   DATE(S)  VALUE   FROM    VALUE  DATE(S)
                                          NORMAL
................................................................
TEMPERATURE (F)
RECORD
 HIGH             108   09/08/1925
 LOW               30   09/24/1928
HIGHEST            97   09/02        MM      MM       91  09/08
LOWEST             54   09/24        MM      MM       52  09/30
AVG. MAXIMUM     83.8              84.0    -0.2     83.2
AVG. MINIMUM     66.2              62.7     3.5     63.2
MEAN             75.0              73.3     1.7     73.2
DAYS MAX >= 90      9               5.3     3.7        5
DAYS MAX <= 32      0               0.0     0.0        0
DAYS MIN <= 32      0               0.0     0.0        0
DAYS MIN <= 0       0               0.0     0.0        0

PRECIPITATION (INCHES)
RECORD
 MAXIMUM        11.84   2004
 MINIMUM         0.17   2005
TOTALS           4.82              3.94    0.88     2.42
DAILY AVG.       0.16              0.13    0.03     0.08
GREATEST
 24 HR. TOTAL    1.85   09/03 TO 09/04           08/31 TO 09/01
                                                          09/30 TO 09/30
                                                          09/30 TO 09/30

DEGREE_DAYS
HEATING TOTAL       2                10      -8        2
 SINCE 7/1          2                10      -8        5
COOLING TOTAL     310               260      50      255
 SINCE 1/1       1895              1815      80     1582
.................................................

WIND (MPH)
AVERAGE WIND SPEED              3.9
HIGHEST WIND SPEED/DIRECTION    20/090    DATE  09/04
HIGHEST GUST SPEED/DIRECTION    24/050    DATE  09/24

SKY COVER
POSSIBLE SUNSHINE (PERCENT)   MM
AVERAGE SKY COVER           0.50
NUMBER OF DAYS FAIR           12
NUMBER OF DAYS PC             10
NUMBER OF DAYS CLOUDY          8

AVERAGE RH (PERCENT)     76

WEATHER CONDITIONS. NUMBER OF DAYS WITH
THUNDERSTORM              0     MIXED PRECIP               0
HEAVY RAIN                3     RAIN                       3
LIGHT RAIN               15     FREEZING RAIN              0
LT FREEZING RAIN          0     HAIL                       0
HEAVY SNOW                0     SNOW                       0
LIGHT SNOW                0     SLEET                      0
FOG                       1     FOG W/VIS <= 1/4 MILE      1
HAZE                      0

-  INDICATES NEGATIVE NUMBERS.
R  INDICATES RECORD WAS SET OR TIED.
MM INDICATES DATA IS MISSING.
T  INDICATES TRACE AMOUNT.

$$
