000
CXAK57 PAJK 042041 CCA
CLMAJK

CLIMATE REPORT
NATIONAL WEATHER SERVICE JUNEAU, AK
1117 AM AKST MON DEC 4 2017

...................................

...THE JUNEAU CLIMATE SUMMARY FOR THE MONTH OF NOVEMBER 2017...

CLIMATE NORMAL PERIOD 1981 TO 2010
CLIMATE RECORD PERIOD 1936 TO 2017

WEATHER         OBSERVED          NORMAL  DEPART  LAST YEAR`S
                 VALUE   DATE(S)  VALUE   FROM    VALUE
                                          NORMAL
.............................................................
TEMPERATURE (F)
RECORD
 HIGH              56   11/02/1949
 LOW               -5   11/28/2006
                        11/27/2006
                        11/21/1966
HIGHEST            46   11/01        47      -1
LOWEST              7   11/19        14      -7
AVG. MAXIMUM     33.4              37.8    -4.4
AVG. MINIMUM     20.9              29.1    -8.2
MEAN             27.2              33.4    -6.2
DAYS MAX >= 90      0               0.0     0.0
DAYS MAX <= 32     14               4.7     9.3
DAYS MIN <= 32     29              16.5    12.5
DAYS MIN <= 0       0               0.1    -0.1

PRECIPITATION (INCHES)
RECORD
 MAXIMUM        16.10   1936
 MINIMUM         1.15   1983
TOTALS           2.34              5.99   -3.65
DAILY AVG.       0.08              0.20   -0.12
DAYS >= .01        14              20.9    -6.9
DAYS >= .10         8              14.1    -6.1
DAYS >= .50         0               3.6    -3.6
DAYS >= 1.00        0               1.0    -1.0
GREATEST
 24 HR. TOTAL    0.41   11/10 TO 11/10

SNOWFALL (INCHES)
RECORDS
 TOTAL           69.8   1994
 24 HR TOTAL     19.1   11/29/2006 TO 11/29/2006
 SNOW DEPTH        28   11/16/2006
TOTALS           25.5              13.1    12.4
SINCE 7/1        25.5              13.9    11.6
SNOWDEPTH AVG.      5                 1       4
DAYS >= TRACE      19               5.9    13.1
DAYS >= 1.0         7               3.1     3.9        2
GREATEST
 SNOW DEPTH        13   11/25
 24 HR TOTAL      9.0   11/17 TO 11/17

DEGREE_DAYS
HEATING TOTAL    1127               946     181
 SINCE 7/1       2784              2631     153
COOLING TOTAL       0                 0       0
 SINCE 1/1          1                 2      -1

FREEZE DATES
EARLIEST      11/01             10/02
LATEST                          05/06
..............................................................

WIND (MPH)
AVERAGE WIND SPEED              5.4
HIGHEST WIND SPEED/DIRECTION    32/110    DATE  11/29
HIGHEST GUST SPEED/DIRECTION    40/110    DATE  11/29


WEATHER CONDITIONS. NUMBER OF DAYS WITH
THUNDERSTORM              0     MIXED PRECIP               0
HEAVY RAIN                0     RAIN                       1
LIGHT RAIN                4     FREEZING RAIN              0
LT FREEZING RAIN          0     HAIL                       0
HEAVY SNOW                2     SNOW                       8
LIGHT SNOW               17     SLEET                      0
FOG                      20     FOG W/VIS <= 1/4 MILE      0
HAZE                      0

-  INDICATES NEGATIVE NUMBERS.
R  INDICATES RECORD WAS SET OR TIED.
MM INDICATES DATA IS MISSING.
T  INDICATES TRACE AMOUNT.

$$
...BELOW NORMAL TEMPERATURES AND WELL BELOW NORMAL PRECIPITATION FOR
NOVEMBER 2017...

NOVEMBER STARTED OUT  DECIDEDLY COLDER THAN OCTOBER AND GENERALLY
BELOW NORMAL ACROSS ALL OF SOUTHEAST ALASKA. DEPARTURES FROM NORMAL
RANGED FROM LESS THAN A DEGREE TO MORE THAN 6 DEGREES BELOW NORMAL
WITH THE COLDEST VALUES OVER THE NORHTERN PANHANDLE. THIS WAS
LARGELY DUE TO AN EXTENDED OUTFLOW EVENT. HIGH PRESSURE SET UP OVER
WESTERN CANADA EARLY IN THE MONTH AND, WITH THE ROUTINE PRESENCE OF
LOWS IN THE GULF, STRONG NORHTERLY OR NORTHEASTERLY WINDS DOMINATED
THE WIND REGIME OVER THE NORTHERN TWO THIRDS OF THE PANHANDLE FOR
MUCH OF THE MONTH.

WITH COLD SURFACE AIR IN PLACE EARLIER THAN NORMAL, NOVEMBER SNOW
TOTALS WERE GENERALLY ABOVE NORMAL AND, IN SOME CASES, MORE THAN A
FOOT ABOVE NORMAL. IN SPITE OF THE EXCELLENT START TO THE SNOW
SEASON, MOST LOCATIONS REPORTED LOWER THAN NORMAL MONTHLY
PRECIPITATION WITH AT LEAST 11 CLIMATE SITES THAT ARE ROUTINELY
MONITORED WITH REGULAR DAILY DATA REPORTING RECORD LOW PRECIPITATION
TOTALS FOR THE MONTH.

$$
