000
CXUS51 KALY 010806
CLMALB


CLIMATE REPORT
NATIONAL WEATHER SERVICE ALBANY NY
402 AM EDT SUN OCT 1 2017

...................................

...THE ALBANY NY CLIMATE SUMMARY FOR THE MONTH OF SEPTEMBER 2017...

CLIMATE NORMAL PERIOD 1981 TO 2010
CLIMATE RECORD PERIOD 1874 TO 2017

WEATHER         OBSERVED          NORMAL  DEPART  LAST YEAR`S
                 VALUE   DATE(S)  VALUE   FROM    VALUE  DATE(S)
                                          NORMAL
................................................................
TEMPERATURE (F)
RECORD
 HIGH             100   09/03/1953
                        09/02/1953
 LOW               24   09/28/1947
                        09/27/1947
HIGHEST            91   09/25        73      18       89  09/08
LOWEST             38   09/02        49     -11       37  09/26
AVG. MAXIMUM     76.6              72.2     4.4     77.6
AVG. MINIMUM     54.6              51.6     3.0     54.6
MEAN             65.6              61.9     3.7     66.1
DAYS MAX >= 90      3               0.2     2.8        0
DAYS MAX <= 32      0               0.0     0.0        0
DAYS MIN <= 32      0               0.2    -0.2        0
DAYS MIN <= 0       0               0.0     0.0        0

PRECIPITATION (INCHES)
RECORD
 MAXIMUM        11.06   1999
 MINIMUM         0.40   1964
TOTALS           2.73              3.30   -0.57     2.18
DAILY AVG.       0.09              0.11   -0.02     0.07
DAYS >= .01         8               9.8    -1.8        9
DAYS >= .10         5               6.2    -1.2        6
DAYS >= .50         3               2.0     1.0        2
DAYS >= 1.00        0               0.8    -0.8        0
GREATEST
 24 HR. TOTAL    0.96   09/03 TO 09/03

DEGREE_DAYS
HEATING TOTAL      93               144     -51       66
 SINCE 7/1        112               167     -55       67
COOLING TOTAL     120                51      69      108
 SINCE 1/1        695               594     101      896

FREEZE DATES
RECORD
 EARLIEST     09/24/1963
 LATEST       05/27/1969
EARLIEST                        10/10
LATEST                          04/28
.................................................................

WIND (MPH)
AVERAGE WIND SPEED              4.6
HIGHEST WIND SPEED/DIRECTION    31/300    DATE  09/07
HIGHEST GUST SPEED/DIRECTION    36/320    DATE  09/07

SKY COVER
AVERAGE SKY COVER           0.50

AVERAGE RH (PERCENT)     71

WEATHER CONDITIONS. NUMBER OF DAYS WITH
THUNDERSTORM              3     MIXED PRECIP               0
HEAVY RAIN                1     RAIN                       3
LIGHT RAIN                9     FREEZING RAIN              0
LT FREEZING RAIN          0     HAIL                       0
HEAVY SNOW                0     SNOW                       0
LIGHT SNOW                0     SLEET                      0
FOG                      22     FOG W/VIS <= 1/4 MILE      4
HAZE                      2

-  INDICATES NEGATIVE NUMBERS.
R  INDICATES RECORD WAS SET OR TIED.
MM INDICATES DATA IS MISSING.
T  INDICATES TRACE AMOUNT.

$$
