000
CXUS54 KAMA 011919
CLMAMA


CLIMATE REPORT
NATIONAL WEATHER SERVICE AMARILLO TX
119 PM CST SUN MAR 1 2015

...................................

...THE AMARILLO CLIMATE SUMMARY FOR THE MONTH OF FEBRUARY 2015...

CLIMATE NORMAL PERIOD 1981 TO 2010
CLIMATE RECORD PERIOD 1892 TO 2015

WEATHER         OBSERVED          NORMAL  DEPART  LAST YEAR`S
                 VALUE   DATE(S)  VALUE   FROM    VALUE  DATE(S)
                                          NORMAL
................................................................
TEMPERATURE (F)
RECORD
 HIGH              88   02/01/1963
 LOW              -16   02/12/1899
HIGHEST            83   02/07                         77  02/18
                                                          02/16
LOWEST             11   02/28                          1  02/06
                        02/27
                        02/23
AVG. MAXIMUM     55.1              54.2     0.9     52.2
AVG. MINIMUM     25.3              26.4    -1.1     23.2
MEAN             40.2              40.3    -0.1     37.7
DAYS MAX >= 90      0               0.0     0.0        0
DAYS MAX <= 32      3               1.8     1.2        4
DAYS MIN <= 32     21              21.1    -0.1       22
DAYS MIN <= 0       0               0.4    -0.4        0

PRECIPITATION (INCHES)
RECORD
 MAXIMUM         2.93   1903
 MINIMUM         0.00   1930
TOTALS           0.47              0.56   -0.09     0.36
DAILY AVG.       0.02              0.02    0.00     0.01
DAYS >= .01         6               4.3     1.7        5
DAYS >= .10         2               1.4     0.6        2
DAYS >= .50         0               0.3    -0.3        0
DAYS >= 1.00        0               0.0     0.0        0
GREATEST
 24 HR. TOTAL    0.25   02/27 TO 02/28

SNOWFALL (INCHES)
RECORDS
 TOTAL           28.7   1903
TOTALS            6.8               2.9     3.9      4.7
SINCE 7/1        23.8              14.0     9.8     12.1
DAYS >= TRACE      10               2.2     7.8        8
DAYS >= 1.0         2               0.9     1.1        2
GREATEST
 SNOW DEPTH         3   02/23
 24 HR TOTAL      3.5   02/23

DEGREE_DAYS
HEATING TOTAL     685               692      -7      755
 SINCE 7/1       3125              3277    -152     3353
COOLING TOTAL       0                 0       0        0
 SINCE 1/1          0                 0       0        0
.................................................................

WIND (MPH)
AVERAGE WIND SPEED              12.2
HIGHEST WIND SPEED/DIRECTION    38/360    DATE  02/20
HIGHEST GUST SPEED/DIRECTION    52/360    DATE  02/20

SKY COVER
POSSIBLE SUNSHINE (PERCENT)   MM
NUMBER OF DAYS FAIR           17
NUMBER OF DAYS PC              6
NUMBER OF DAYS CLOUDY          5

AVERAGE RH (PERCENT)     61

WEATHER CONDITIONS. NUMBER OF DAYS WITH
THUNDERSTORM              0     MIXED PRECIP               0
HEAVY RAIN                0     RAIN                       0
LIGHT RAIN                2     FREEZING RAIN              0
LT FREEZING RAIN          0     HAIL                       0
HEAVY SNOW                1     SNOW                       2
LIGHT SNOW               10     SLEET                      0
FOG                      10     FOG W/VIS <= 1/4 MILE      2
HAZE                      3

-  INDICATES NEGATIVE NUMBERS.
R  INDICATES RECORD WAS SET OR TIED.
MM INDICATES DATA IS MISSING.
T  INDICATES TRACE AMOUNT.

$$
