393
CXUS54 KAMA 020215
CLMAMA


CLIMATE REPORT
NATIONAL WEATHER SERVICE AMARILLO TX
914 PM CDT THU JUN 1 2017

...................................

...THE AMARILLO CLIMATE SUMMARY FOR THE MONTH OF MAY 2017...

CLIMATE NORMAL PERIOD 1981 TO 2010
CLIMATE RECORD PERIOD 1892 TO 2017

WEATHER         OBSERVED          NORMAL  DEPART  LAST YEAR`S
                 VALUE   DATE(S)  VALUE   FROM    VALUE  DATE(S)
                                          NORMAL
................................................................
TEMPERATURE (F)
RECORD
 HIGH             104   05/29/2011
 LOW               26   05/04/1907
                        05/03/1907
HIGHEST            95   05/25                         90  05/25
                                                          05/24
LOWEST             33   05/01                         34  05/02
AVG. MAXIMUM     79.5              79.5     0.0     77.1
AVG. MINIMUM     48.8              51.8    -3.0     49.2
MEAN             64.2              65.6    -1.4     63.1
DAYS MAX >= 90      2               4.2    -2.2        2
DAYS MAX <= 32      0               0.0     0.0        0
DAYS MIN <= 32      0               0.0     0.0        0
DAYS MIN <= 0       0               0.0     0.0        0

PRECIPITATION (INCHES)
RECORD
 MAXIMUM         9.81   1951
 MINIMUM         0.04   1984
TOTALS           1.15              2.29   -1.14     1.60
DAILY AVG.       0.04              0.07   -0.03     0.05
DAYS >= .01         4               7.7    -3.7       10
DAYS >= .10         2               4.4    -2.4        4
DAYS >= .50         1               1.5    -0.5        1
DAYS >= 1.00        0               0.4    -0.4        0
GREATEST
 24 HR. TOTAL    0.84   05/10 TO 05/10

SNOWFALL (INCHES)
RECORDS
 TOTAL            9.1   1917
TOTALS            0.0               0.2    -0.2        T
SINCE 7/1        10.0              17.8    -7.8     13.4
DAYS >= TRACE       0               0.0     0.0        1
DAYS >= 1.0         0               0.0     0.0        0
GREATEST
 SNOW DEPTH         0   MM
 24 HR TOTAL      0.0   05/31 TO 05/31

DEGREE_DAYS
HEATING TOTAL      94                83      11      126
 SINCE 7/1       3237              4171    -934     3461
COOLING TOTAL      76               104     -28       77
 SINCE 1/1        130               125       5       88
.................................................................

WIND (MPH)
AVERAGE WIND SPEED              13.5
HIGHEST WIND SPEED/DIRECTION    40/240    DATE  05/16
HIGHEST GUST SPEED/DIRECTION    52/230    DATE  05/16

SKY COVER
POSSIBLE SUNSHINE (PERCENT)   MM
NUMBER OF DAYS FAIR           24
NUMBER OF DAYS PC              6
NUMBER OF DAYS CLOUDY          1

AVERAGE RH (PERCENT)     54

WEATHER CONDITIONS. NUMBER OF DAYS WITH
THUNDERSTORM              0     MIXED PRECIP               0
HEAVY RAIN                2     RAIN                       2
LIGHT RAIN                8     FREEZING RAIN              0
LT FREEZING RAIN          0     HAIL                       0
HEAVY SNOW                0     SNOW                       0
LIGHT SNOW                0     SLEET                      0
FOG                       3     FOG W/VIS <= 1/4 MILE      0
HAZE                      0

-  INDICATES NEGATIVE NUMBERS.
R  INDICATES RECORD WAS SET OR TIED.
MM INDICATES DATA IS MISSING.
T  INDICATES TRACE AMOUNT.

$$
