000
CXUS54 KBMX 011441
CLMANB


CLIMATE REPORT
NATIONAL WEATHER SERVICE BIRMINGHAM, AL
840 AM CST SUN MAR 1 2015

...................................

...THE ANNISTON CLIMATE SUMMARY FOR THE MONTH OF FEBRUARY 2015...

CLIMATE NORMAL PERIOD 1981 TO 2010
CLIMATE RECORD PERIOD 1903 TO 2015

WEATHER         OBSERVED          NORMAL  DEPART  LAST YEAR`S
                 VALUE   DATE(S)  VALUE   FROM    VALUE  DATE(S)
                                          NORMAL
................................................................
TEMPERATURE (F)
RECORD
 HIGH              84   02/24/1996
                        02/23/1996
                        02/26/1977
 LOW               -4   02/14/1905
HIGHEST            68   02/08        MM      MM       73  02/23
                                                          02/02
LOWEST             15   02/19        MM      MM       22  02/27
AVG. MAXIMUM     51.3              58.1    -6.8     58.1
AVG. MINIMUM     28.9              36.3    -7.4     34.7
MEAN             40.1                               46.4
DAYS MAX >= 90      0               0.0     0.0        0
DAYS MAX <= 32      1               0.1     0.9        0
DAYS MIN <= 32     22               9.5    12.5       13
DAYS MIN <= 0       0               0.0     0.0        0

PRECIPITATION (INCHES)
RECORD
 MAXIMUM         8.99   1990
 MINIMUM         1.19   1978
TOTALS           2.66              5.08   -2.42     3.95
DAILY AVG.       0.10              0.18   -0.08
DAYS >= .01         8               9.9    -1.9
DAYS >= .10         5               7.0    -2.0
DAYS >= .50         2               3.7    -1.7
DAYS >= 1.00        0               1.6    -1.6

DEGREE_DAYS
HEATING TOTAL     691               499     192      513
 SINCE 7/1       2521              2272     249     2481
.................................................................

WIND (MPH)
AVERAGE WIND SPEED              6.2
HIGHEST WIND SPEED/DIRECTION    25/270    DATE  02/18
HIGHEST GUST SPEED/DIRECTION    34/290    DATE  02/02

AVERAGE RH (PERCENT)     61

WEATHER CONDITIONS. NUMBER OF DAYS WITH
THUNDERSTORM              0     MIXED PRECIP               0
HEAVY RAIN                1     RAIN                       5
LIGHT RAIN                8     FREEZING RAIN              0
LT FREEZING RAIN          1     HAIL                       0
HEAVY SNOW                0     SNOW                       0
LIGHT SNOW                1     SLEET                      0
FOG                      10     FOG W/VIS <= 1/4 MILE      0
HAZE                      6

-  INDICATES NEGATIVE NUMBERS.
R  INDICATES RECORD WAS SET OR TIED.
MM INDICATES DATA IS MISSING.
T  INDICATES TRACE AMOUNT.

$$
