000
CXUS54 KBMX 021805
CLMANB


CLIMATE REPORT
NATIONAL WEATHER SERVICE BIRMINGHAM, AL
103 PM CDT MON MAY 2 2016

...................................

...THE ANNISTON CLIMATE SUMMARY FOR THE MONTH OF APRIL 2016...

CLIMATE NORMAL PERIOD 1981 TO 2010
CLIMATE RECORD PERIOD 1903 TO 2016

WEATHER         OBSERVED          NORMAL  DEPART  LAST YEAR`S
                 VALUE   DATE(S)  VALUE   FROM    VALUE  DATE(S)
                                          NORMAL
................................................................
TEMPERATURE (F)
RECORD
 HIGH              93   04/17/1955
 LOW               26   04/08/2007
                        04/17/1905
                        01/21/1985
HIGHEST            87   04/30        MM      MM       87  04/08
                        04/29
LOWEST             37   04/09        MM      MM       42  04/05
AVG. MAXIMUM     76.1              74.0     2.1     75.6
AVG. MINIMUM     51.0              49.5     1.5     54.8
MEAN             63.5                               65.2
DAYS MAX >= 90      0               0.0     0.0        0
DAYS MAX <= 32      0               0.0     0.0        0
DAYS MIN <= 32      0               0.7    -0.7        0
DAYS MIN <= 0       0               0.0     0.0        0

PRECIPITATION (INCHES)
RECORD
 MAXIMUM        17.30   1979
 MINIMUM         0.17   MM
TOTALS           3.10              4.11   -1.01     8.25
DAILY AVG.       0.10              0.14   -0.04
DAYS >= .01        10               8.6     1.4
DAYS >= .10         5               6.6    -1.6
DAYS >= .50         3               2.9     0.1
DAYS >= 1.00        1               1.1    -0.1

DEGREE_DAYS
HEATING TOTAL      98               146     -48       62
 SINCE 7/1       2030              2754    -724     2829
COOLING TOTAL      61                49      12       74
 SINCE 1/1         89                62      27       82
.................................................................

WIND (MPH)
AVERAGE WIND SPEED              5.6
HIGHEST WIND SPEED/DIRECTION    31/280    DATE  04/06
HIGHEST GUST SPEED/DIRECTION    42/270    DATE  04/06

AVERAGE RH (PERCENT)     61

WEATHER CONDITIONS. NUMBER OF DAYS WITH
THUNDERSTORM              0     MIXED PRECIP               0
HEAVY RAIN                2     RAIN                       4
LIGHT RAIN               11     FREEZING RAIN              0
LT FREEZING RAIN          0     HAIL                       0
HEAVY SNOW                0     SNOW                       0
LIGHT SNOW                0     SLEET                      0
FOG                      11     FOG W/VIS <= 1/4 MILE      3
HAZE                      0

-  INDICATES NEGATIVE NUMBERS.
R  INDICATES RECORD WAS SET OR TIED.
MM INDICATES DATA IS MISSING.
T  INDICATES TRACE AMOUNT.

$$
