000
CXUS54 KBMX 011345
CLMANB


CLIMATE REPORT
NATIONAL WEATHER SERVICE BIRMINGHAM, AL
844 AM CDT TUE SEP 1 2015

...................................

...THE ANNISTON CLIMATE SUMMARY FOR THE MONTH OF AUGUST 2015...

CLIMATE NORMAL PERIOD 1981 TO 2010
CLIMATE RECORD PERIOD 1903 TO 2015

WEATHER         OBSERVED          NORMAL  DEPART  LAST YEAR`S
                 VALUE   DATE(S)  VALUE   FROM    VALUE  DATE(S)
                                          NORMAL
................................................................
TEMPERATURE (F)
RECORD
 HIGH             106   08/21/1983
 LOW               50   08/28/1952
HIGHEST            98   08/05        MM      MM       99  08/07
                        08/04
LOWEST             55   08/26        MM      MM       57  08/14
AVG. MAXIMUM     89.9              89.6     0.3     91.4
AVG. MINIMUM     68.5              69.6    -1.1     67.9
MEAN             79.2                               79.6
DAYS MAX >= 90     17              14.4     2.6       23
DAYS MAX <= 32      0               0.0     0.0        0
DAYS MIN <= 32      0               0.0     0.0        0
DAYS MIN <= 0       0               0.0     0.0        0

PRECIPITATION (INCHES)
RECORD
 MAXIMUM        12.73   1967
 MINIMUM         0.40   2011
TOTALS           5.16              3.29    1.87     3.44
DAILY AVG.       0.17              0.11    0.06
DAYS >= .01        10               8.6     1.4
DAYS >= .10         8               5.4     2.6
DAYS >= .50         5               2.2     2.8
DAYS >= 1.00        2               0.8     1.2

DEGREE_DAYS
COOLING TOTAL     446               453      -7      462
 SINCE 1/1       1705              1517     188     1507
.................................................................

WIND (MPH)
AVERAGE WIND SPEED              4.3
HIGHEST WIND SPEED/DIRECTION    43/360    DATE  08/10
HIGHEST GUST SPEED/DIRECTION    56/010    DATE  08/10

AVERAGE RH (PERCENT)     68

WEATHER CONDITIONS. NUMBER OF DAYS WITH
THUNDERSTORM              0     MIXED PRECIP               0
HEAVY RAIN                6     RAIN                       6
LIGHT RAIN               13     FREEZING RAIN              0
LT FREEZING RAIN          0     HAIL                       0
HEAVY SNOW                0     SNOW                       0
LIGHT SNOW                0     SLEET                      0
FOG                      17     FOG W/VIS <= 1/4 MILE      1
HAZE                      6

-  INDICATES NEGATIVE NUMBERS.
R  INDICATES RECORD WAS SET OR TIED.
MM INDICATES DATA IS MISSING.
T  INDICATES TRACE AMOUNT.

$$
