000
CXUS53 KAPX 010732
CLMANJ


CLIMATE REPORT
NATIONAL WEATHER SERVICE GAYLORD MI
332 AM EDT SUN MAY 1 2016

...................................

...THE SAULT STE MARIE MI CLIMATE SUMMARY FOR THE MONTH OF APRIL 2016...

CLIMATE NORMAL PERIOD 1981 TO 2010
CLIMATE RECORD PERIOD 1888 TO 2016

WEATHER         OBSERVED          NORMAL  DEPART  LAST YEAR`S
                 VALUE   DATE(S)  VALUE   FROM    VALUE  DATE(S)
                                          NORMAL
................................................................
TEMPERATURE (F)
RECORD
 HIGH              85   04/25/1990
 LOW              -13   04/01/1923
HIGHEST            75   04/17        MM      MM       63  04/12
LOWEST             12   04/09        MM      MM       13  04/04
AVG. MAXIMUM     45.1              49.4    -4.3     46.2
AVG. MINIMUM     28.0              31.1    -3.1     30.0
MEAN             36.6              40.2    -3.6     38.1
DAYS MAX >= 90      0               0.0     0.0        0
DAYS MAX <= 32      5               1.4     3.6        3
DAYS MIN <= 32     19              16.0     3.0       16
DAYS MIN <= 0       0               0.0     0.0        0

PRECIPITATION (INCHES)
RECORD
 MAXIMUM           MM   MM
 MINIMUM           MM   MM
TOTALS           2.43              2.39    0.04     1.74
DAILY AVG.       0.08              0.08    0.00     0.06
DAYS >= .01        12              10.9     1.1        9
DAYS >= .10         8               6.1     1.9        5
DAYS >= .50         2               1.4     0.6        1
DAYS >= 1.00        0               0.4    -0.4        0
GREATEST
 24 HR. TOTAL    0.76   04/25 TO 04/26
 STORM TOTAL       MM
 (MM/DD(HH))            MM

SNOWFALL (INCHES)
RECORDS
 TOTAL             MM   MM
TOTALS           17.6               6.7    10.9      2.6
SINCE 7/1        91.9             120.3   -28.4    168.4
SNOWDEPTH AVG.      2                MM      MM        9
DAYS >= TRACE      10               4.6     5.4        8
DAYS >= 1.0         7               2.0     5.0        1
GREATEST
 SNOW DEPTH         7   04/07                         24  04/01
 24 HR TOTAL      7.6   MM                           1.5

DEGREE_DAYS
HEATING TOTAL     846               743     103
 SINCE 7/1       6995              8069   -1074
COOLING TOTAL       0                 0       0
 SINCE 1/1          0                 0       0

FREEZE DATES
RECORD
 EARLIEST     MM
 LATEST       MM
EARLIEST                        MM
LATEST                          MM
.................................................................

WIND (MPH)
AVERAGE WIND SPEED              7.1
HIGHEST WIND SPEED/DIRECTION    28/310    DATE  04/02
HIGHEST GUST SPEED/DIRECTION    38/310    DATE  04/02

SKY COVER
POSSIBLE SUNSHINE (PERCENT)   MM
AVERAGE SKY COVER           0.40
NUMBER OF DAYS FAIR           17
NUMBER OF DAYS PC              3
NUMBER OF DAYS CLOUDY         10

AVERAGE RH (PERCENT)     62

WEATHER CONDITIONS. NUMBER OF DAYS WITH
THUNDERSTORM              0     MIXED PRECIP               0
HEAVY RAIN                0     RAIN                       2
LIGHT RAIN                8     FREEZING RAIN              0
LT FREEZING RAIN          3     HAIL                       0
HEAVY SNOW                0     SNOW                       6
LIGHT SNOW               10     SLEET                      0
FOG                      13     FOG W/VIS <= 1/4 MILE      3
HAZE                      2

-  INDICATES NEGATIVE NUMBERS.
R  INDICATES RECORD WAS SET OR TIED.
MM INDICATES DATA IS MISSING.
T  INDICATES TRACE AMOUNT.

$$
