000
CXUS53 KAPX 010925
CLMAPN


CLIMATE REPORT
NATIONAL WEATHER SERVICE GAYLORD MI
409 AM EST WED FEB 1 2017

...................................

...THE ALPENA MI CLIMATE SUMMARY FOR THE MONTH OF JANUARY 2017...

CLIMATE NORMAL PERIOD 1981 TO 2010
CLIMATE RECORD PERIOD 1916 TO 2017

WEATHER         OBSERVED          NORMAL  DEPART  LAST YEAR`S
                 VALUE   DATE(S)  VALUE   FROM    VALUE  DATE(S)
                                          NORMAL
................................................................
TEMPERATURE (F)
RECORD
 HIGH              62   01/26/1944
 LOW              -28   01/16/1994
                        01/15/1963
HIGHEST            44   01/22        26      18       43  01/31
LOWEST             -7   01/13         9     -16      -10  01/05
AVG. MAXIMUM     31.7              26.8     4.9     29.8
AVG. MINIMUM     18.7              11.5     7.2     15.0
MEAN             25.2              19.1     6.1     22.4
DAYS MAX >= 90      0               0.0     0.0        0
DAYS MAX <= 32     13              21.4    -8.4       19
DAYS MIN <= 32     24              30.0    -6.0       29
DAYS MIN <= 0       4               5.8    -1.8        3

PRECIPITATION (INCHES)
RECORD
 MAXIMUM           MM   MM
 MINIMUM           MM   MM
TOTALS           2.64              1.66    0.98     1.90
DAILY AVG.       0.09              0.05    0.04     0.06
DAYS >= .01        19              14.9     4.1       18
DAYS >= .10        10               4.9     5.1        6
DAYS >= .50         1               0.4     0.6        0
DAYS >= 1.00        0               0.1    -0.1        0
GREATEST
 24 HR. TOTAL    0.53   01/11 TO 01/12
 STORM TOTAL       MM
 (MM/DD(HH))            MM

SNOWFALL (INCHES)
RECORDS
 TOTAL             MM   MM
 SNOW DEPTH        MM   MM
TOTALS           16.0              21.3    -5.3     12.6
SINCE 7/1        43.7              48.6    -4.9     24.6
SNOWDEPTH AVG.      4                 8      -4        6
DAYS >= TRACE      21              15.7     5.3       24
DAYS >= 1.0         6               7.7    -1.7        3
GREATEST
 SNOW DEPTH         8   01/15                          8  01/08
                        01/14                             01/07
                        01/13                             01/06
 24 HR TOTAL      3.4   MM                           2.8

DEGREE_DAYS
HEATING TOTAL    1225              1421    -196     1313
 SINCE 7/1       3600              4482    -882     3561
COOLING TOTAL       0                 0       0        0
 SINCE 1/1          0                 0       0        0

FREEZE DATES
RECORD
 EARLIEST     MM
 LATEST       MM
EARLIEST                        MM
LATEST                          MM
.................................................................

WIND (MPH)
AVERAGE WIND SPEED              6.5
HIGHEST WIND SPEED/DIRECTION    31/260    DATE  01/11
HIGHEST GUST SPEED/DIRECTION    46/230    DATE  01/11

SKY COVER
POSSIBLE SUNSHINE (PERCENT)   MM
AVERAGE SKY COVER           0.80
NUMBER OF DAYS FAIR            4
NUMBER OF DAYS PC              7
NUMBER OF DAYS CLOUDY         20

AVERAGE RH (PERCENT)     78

WEATHER CONDITIONS. NUMBER OF DAYS WITH
THUNDERSTORM              0     MIXED PRECIP               0
HEAVY RAIN                0     RAIN                       2
LIGHT RAIN                7     FREEZING RAIN              1
LT FREEZING RAIN          1     HAIL                       0
HEAVY SNOW                0     SNOW                       5
LIGHT SNOW               19     SLEET                      0
FOG                      22     FOG W/VIS <= 1/4 MILE      6
HAZE                      5

-  INDICATES NEGATIVE NUMBERS.
R  INDICATES RECORD WAS SET OR TIED.
MM INDICATES DATA IS MISSING.
T  INDICATES TRACE AMOUNT.

$$
