000
CXUS53 KAPX 022328
CLMAPN


CLIMATE REPORT
NATIONAL WEATHER SERVICE GAYLORD MI
626 PM EST FRI FEB 2 2018

...................................

...THE ALPENA MI CLIMATE SUMMARY FOR THE MONTH OF JANUARY 2018...

CLIMATE NORMAL PERIOD 1981 TO 2010
CLIMATE RECORD PERIOD 1916 TO 2018

WEATHER         OBSERVED          NORMAL  DEPART  LAST YEAR`S
                 VALUE   DATE(S)  VALUE   FROM    VALUE  DATE(S)
                                          NORMAL
................................................................
TEMPERATURE (F)
RECORD
 HIGH              62   01/26/1944
 LOW              -28   01/16/1994
                        01/15/1963
HIGHEST            51   01/11        26      25       44  01/22
LOWEST            -16   01/06         9     -25       -7  01/13
AVG. MAXIMUM     28.3              26.8     1.5     31.7
AVG. MINIMUM     11.7              11.5     0.2     18.7
MEAN             20.0              19.1     0.9     25.2
DAYS MAX >= 90      0               0.0     0.0        0
DAYS MAX <= 32     19              21.4    -2.4       13
DAYS MIN <= 32     29              30.0    -1.0       24
DAYS MIN <= 0       8               5.8     2.2        4

PRECIPITATION (INCHES)
RECORD
 MAXIMUM           MM   MM
 MINIMUM           MM   MM
TOTALS           2.15              1.66    0.49     2.64
DAILY AVG.       0.07              0.05    0.02     0.09
DAYS >= .01        16              14.9     1.1       19
DAYS >= .10         5               4.9     0.1       10
DAYS >= .50         1               0.4     0.6        1
DAYS >= 1.00        0               0.1    -0.1        0
GREATEST
 24 HR. TOTAL    0.85   01/22 TO 01/22
 STORM TOTAL       MM
 (MM/DD(HH))            MM

SNOWFALL (INCHES)
RECORDS
 TOTAL             MM   MM
 SNOW DEPTH        MM   MM
TOTALS           14.9              21.3    -6.4     16.0
SINCE 7/1        29.1              48.6   -19.5     43.7
SNOWDEPTH AVG.      3                 8      -5        4
DAYS >= TRACE      23              15.7     7.3       21
DAYS >= 1.0         4               7.7    -3.7        6
GREATEST
 SNOW DEPTH         9   01/16                          8  01/15
                                                          01/14
                                                          01/13
 24 HR TOTAL      6.9   01/15 TO 01/15               3.4

DEGREE_DAYS
HEATING TOTAL    1387              1421     -34     1225
 SINCE 7/1       4266              4482    -216     3600
COOLING TOTAL       0                 0       0        0
 SINCE 1/1          0                 0       0        0

FREEZE DATES
RECORD
 EARLIEST     MM
 LATEST       MM
EARLIEST                        MM
LATEST                          MM
.................................................................

WIND (MPH)
AVERAGE WIND SPEED              9.0
HIGHEST WIND SPEED/DIRECTION    28/330    DATE  01/12
HIGHEST GUST SPEED/DIRECTION    37/340    DATE  01/12

SKY COVER
POSSIBLE SUNSHINE (PERCENT)   MM
AVERAGE SKY COVER           0.70
NUMBER OF DAYS FAIR            4
NUMBER OF DAYS PC              8
NUMBER OF DAYS CLOUDY         19

AVERAGE RH (PERCENT)     79

WEATHER CONDITIONS. NUMBER OF DAYS WITH
THUNDERSTORM              0     MIXED PRECIP               0
HEAVY RAIN                1     RAIN                       2
LIGHT RAIN                4     FREEZING RAIN              0
LT FREEZING RAIN          1     HAIL                       0
HEAVY SNOW                2     SNOW                       5
LIGHT SNOW               20     SLEET                      0
FOG                      21     FOG W/VIS <= 1/4 MILE      4
HAZE                     10

-  INDICATES NEGATIVE NUMBERS.
R  INDICATES RECORD WAS SET OR TIED.
MM INDICATES DATA IS MISSING.
T  INDICATES TRACE AMOUNT.

$$
