000
CXUS51 KBUF 011547
CLMART


CLIMATE REPORT
NATIONAL WEATHER SERVICE BUFFALO NY
1135 AM EDT SUN MAY 1 2016

...................................

...THE WATERTOWN NY CLIMATE SUMMARY FOR THE MONTH OF APRIL 2016...

CLIMATE NORMAL PERIOD 1981 TO 2010
CLIMATE RECORD PERIOD 1949 TO 2016

WEATHER         OBSERVED          NORMAL  DEPART  LAST YEAR`S
                 VALUE   DATE(S)  VALUE   FROM    VALUE  DATE(S)
                                          NORMAL
................................................................
TEMPERATURE (F)
RECORD
 HIGH              89   04/28/1990
 LOW                6   04/01/1965
HIGHEST            74   04/21                         81  04/13
LOWEST             12   04/10                         14  04/01
                        04/05
AVG. MAXIMUM     52.0              54.5    -2.5     54.7
AVG. MINIMUM     27.1              33.2    -6.1     33.0
MEAN             39.5              43.9    -4.4     43.8
DAYS MAX >= 90      0               0.0     0.0        0
DAYS MAX <= 32      3               0.3     2.7        0
DAYS MIN <= 32     24              13.9    10.1       14
DAYS MIN <= 0       0               0.0     0.0        0

PRECIPITATION (INCHES)
RECORD
 MAXIMUM         5.42   2011
 MINIMUM         0.61   2001
TOTALS           1.14              2.90   -1.76     1.69
DAYS >= .01        10              12.8    -2.8       13
DAYS >= .10         3               7.2    -4.2        7
DAYS >= .50         0               1.6    -1.6        0
DAYS >= 1.00        0               0.5    -0.5        0
GREATEST
 24 HR. TOTAL    0.89   03/31 TO 04/01           04/20 TO 04/20

DEGREE_DAYS
HEATING TOTAL     757               636     121      627
 SINCE 7/1       6316              7143    -827     7328
COOLING TOTAL       0                 1      -1        0
 SINCE 1/1          0                 1      -1        0
.................................................

WIND (MPH)
AVERAGE WIND SPEED              8.7
HIGHEST WIND SPEED/DIRECTION    30/270
HIGHEST GUST SPEED/DIRECTION    39/280    DATE  04/01

SKY COVER
POSSIBLE SUNSHINE (PERCENT)   MM
AVERAGE SKY COVER           0.40
NUMBER OF DAYS FAIR           16
NUMBER OF DAYS PC              7
NUMBER OF DAYS CLOUDY          7

AVERAGE RH (PERCENT)     60

WEATHER CONDITIONS. NUMBER OF DAYS WITH
THUNDERSTORM              0     MIXED PRECIP               0
HEAVY RAIN                1     RAIN                       4
LIGHT RAIN               12     FREEZING RAIN              0
LT FREEZING RAIN          0     HAIL                       0
HEAVY SNOW                1     SNOW                       2
LIGHT SNOW                7     SLEET                      0
FOG                      12     FOG W/VIS <= 1/4 MILE      1
HAZE                      6

-  INDICATES NEGATIVE NUMBERS.
R  INDICATES RECORD WAS SET OR TIED.
MM INDICATES DATA IS MISSING.
T  INDICATES TRACE AMOUNT.

$$
