173
CXUS54 KEWX 020106
CLMATT

CLIMATE REPORT
NATIONAL WEATHER SERVICE AUSTIN/SAN ANTONIO, TX
806 PM CDT MON AUG 1 2016

...................................

...THE AUSTIN CAMP MABRY CLIMATE SUMMARY FOR THE MONTH OF JULY 2016...

CLIMATE NORMAL PERIOD 1981 TO 2010
CLIMATE RECORD PERIOD 1897 TO 2016

WEATHER         OBSERVED          NORMAL  DEPART  LAST YEAR`S
                 VALUE   DATE(S)  VALUE   FROM    VALUE  DATE(S)
                                          NORMAL
................................................................
TEMPERATURE (F)
HIGHEST           102   07/25                        102  07/31
                        07/22
LOWEST             74   07/29                         70  07/02
                        07/27
                        07/01
AVG. MAXIMUM     98.9              95.6     3.3     95.7
AVG. MINIMUM     77.1              74.4     2.7     75.5
MEAN             88.0              85.0     3.0     85.6
DAYS MAX >= 90     31                                 31
DAYS MAX <= 32      0                                  0
DAYS MIN <= 32      0                                  0
DAYS MIN <= 0       0                                  0

PRECIPITATION (INCHES)
TOTALS           1.94              1.88    0.06        T
DAILY AVG.       0.06              0.06    0.00        T
DAYS >= .01         4                                  0
DAYS >= .10         2                                  0
DAYS >= .50         2                                  0
DAYS >= 1.00        1                                  0
GREATEST
 24 HR. TOTAL    1.14   07/26 TO 07/27

SNOWFALL (INCHES)
TOTALS            0.0               0.0     0.0      0.0
SINCE 7/1         0.0

DEGREE_DAYS
HEATING TOTAL       0                 0       0        0
 SINCE 7/1          0                 0       0        0
COOLING TOTAL     721               620     101      646
 SINCE 1/1       1885              1749     136     1737
.................................................................

WIND (MPH)
AVERAGE WIND SPEED              5.9
HIGHEST WIND SPEED/DIRECTION    22/140    DATE  07/28
HIGHEST GUST SPEED/DIRECTION    33/360    DATE  07/25

SKY COVER
POSSIBLE SUNSHINE (PERCENT)   MM
AVERAGE SKY COVER           0.30
NUMBER OF DAYS FAIR           18
NUMBER OF DAYS PC             13
NUMBER OF DAYS CLOUDY          0

AVERAGE RH (PERCENT)     65

WEATHER CONDITIONS. NUMBER OF DAYS WITH
THUNDERSTORM              0     MIXED PRECIP               0
HEAVY RAIN                3     RAIN                       2
LIGHT RAIN                4     FREEZING RAIN              0
LT FREEZING RAIN          0     HAIL                       0
HEAVY SNOW                0     SNOW                       0
LIGHT SNOW                0     SLEET                      0
FOG                       5     FOG W/VIS <= 1/4 MILE      0
HAZE                      0

-  INDICATES NEGATIVE NUMBERS.
R  INDICATES RECORD WAS SET OR TIED.
MM INDICATES DATA IS MISSING.
T  INDICATES TRACE AMOUNT.

&&

MONTHLY CLIMATE SUMMARY:
JULY 2016 WAS THE 3RD WARMEST AND THE 53RD WETTEST JULY SINCE RECORD
KEEPING BEGAN.

SEA LEVEL PRESSURE DATA:
HIGHEST SLP 30.18 ON 19TH
LOWEST  SLP 29.79 ON 25TH

PRELIMINARY LOCAL CLIMATOLOGICAL DATA (WS FORM: F-6)

                                          STATION:   AUSTIN CAMP MABRY
                                          MONTH:     JULY
                                          YEAR:      2016
                                          LATITUDE:   30 17 N
                                          LONGITUDE:  97 42 W

  TEMPERATURE IN F:       :PCPN:    SNOW:  WIND      :SUNSHINE: SKY     :PK WND
================================================================================
1   2   3   4   5  6A  6B    7    8   9   10  11  12  13   14  15   16   17  18
                                     12Z  AVG MX 2MIN
DY MAX MIN AVG DEP HDD CDD  WTR  SNW DPTH SPD SPD DIR MIN PSBL S-S WX    SPD DR
================================================================================

 1  96  74  85   1   0  20 0.00  0.0    0  4.6 10 140   M    M   0        17 150
 2  98  76  87   3   0  22 0.00  0.0    0  6.5 14 150   M    M   3        23 160
 3  98  78  88   4   0  23 0.00  0.0    0  7.9 15 160   M    M   7        25 160
 4  99  80  90   6   0  25 0.00  0.0    0  8.1 14 150   M    M   4        24 190
 5  99  79  89   5   0  24 0.00  0.0    0  8.3 16 140   M    M   4        26 160
 6 100  79  90   6   0  25 0.00  0.0    0  7.9 16 140   M    M   4        28 140
 7  99  79  89   5   0  24 0.00  0.0    0  8.7 16 140   M    M   4        26 150
 8 100  79  90   6   0  25 0.00  0.0    0  7.6 16 140   M    M   4        26 140
 9  99  78  89   5   0  24 0.00  0.0    0  6.6 13 150   M    M   4        23 160
10  97  77  87   2   0  22 0.04  0.0    0  5.9 14 160   M    M   5 1      25 160
11 100  79  90   5   0  25 0.00  0.0    0  8.9 17 150   M    M   4        31 140
12 100  77  89   4   0  24 0.00  0.0    0  9.0 17 150   M    M   6        28 140
13 101  80  91   6   0  26 0.00  0.0    0  7.8 15 150   M    M   5        25 140
14 101  77  89   4   0  24 0.00  0.0    0  7.5 17 150   M    M   3        24 160
15 101  78  90   5   0  25 0.00  0.0    0  7.0 13 170   M    M   3        22 150
16 100  76  88   3   0  23 0.00  0.0    0  5.1 12 140   M    M   2        20 140
17  99  76  88   3   0  23 0.00  0.0    0  6.7 12 140   M    M   3        20 120
18  99  78  89   4   0  24 0.00  0.0    0  5.4 14 130   M    M   3        23 130
19 100  77  89   4   0  24 0.00  0.0    0  5.3 15 120   M    M   1        24 140
20 101  77  89   4   0  24 0.00  0.0    0  4.8 13 150   M    M   1        22 150
21 101  76  89   4   0  24 0.00  0.0    0  4.1 12 140   M    M   0        20 150
22 102  76  89   4   0  24 0.00  0.0    0  3.9 12 120   M    M   0        17 150
23 101  78  90   4   0  25 0.00  0.0    0  5.7 13 140   M    M   1        21 160
24 101  78  90   4   0  25 0.00  0.0    0  4.8 13 160   M    M   2        21 150
25 102  76  89   3   0  24 0.76  0.0    0  3.2 21 360   M    M   1 13     33 360
26  93  75  84  -2   0  19 0.08  0.0    0  2.0  9 180   M    M   4 13     17 160
27  92  74  83  -3   0  18 1.06  0.0    0  2.8 16 220   M    M   5 13     26 200
28  97  75  86   0   0  21 0.00  0.0    0  3.3 22 140   M    M   3 13     30 150
29  96  74  85  -1   0  20 0.00  0.0    0  3.7  9 170   M    M   3        17 170
30  97  76  87   1   0  22 0.00  0.0    0  4.6 12 150   M    M   2        18 150
31  98  78  88   2   0  23 0.00  0.0    0  6.2 13 160   M    M   2        21 170
================================================================================
SM 3067 2390         0 721  1.94     0.0 183.9          M       93
================================================================================
AV 98.9 77.1                               5.9 FASTST   M    M   3    MAX(MPH)
                                 MISC ---->  # 22 140               # 33  360
================================================================================
NOTES:
# LAST OF SEVERAL OCCURRENCES

COLUMN 17 PEAK WIND IN M.P.H.

SYMBOLS USED IN COLUMN 16
1 = FOG OR MIST
2 = FOG REDUCING VISIBILITY
3 = THUNDER
4 = ICE PELLETS
5 = HAIL
6 = FREEZING RAIN OR DRIZZLE
7 = DUSTSTORM OR SANDSTORM:
8 = SMOKE OR HAZE
9 = BLOWING SNOW
X = TORNADO

$$
