324
CXUS54 KEWX 022029
CLMAUS

SATCLMAUS 000
TTAA00 KEWX 022017


CLIMATE REPORT
NATIONAL WEATHER SERVICE AUSTIN/SAN ANTONIO, TX
328 PM CDT SAT JUL 2 2016

...................................

...THE AUSTIN BERGSTROM CLIMATE SUMMARY FOR THE MONTH OF JUNE 2016...

CLIMATE NORMAL PERIOD 1981 TO 2010
CLIMATE RECORD PERIOD 1943 TO 2016

WEATHER         OBSERVED          NORMAL  DEPART  LAST YEAR`S
                 VALUE   DATE(S)  VALUE   FROM    VALUE  DATE(S)
                                          NORMAL
................................................................
TEMPERATURE (F)
HIGHEST           100   06/28                         94  06/13
                                                          06/09
LOWEST             65   06/06                         60  06/01
                        06/01
AVG. MAXIMUM     92.7              92.2     0.5     89.3
AVG. MINIMUM     71.3              69.9     1.4     68.8
MEAN             82.0              81.0     1.0     79.1
DAYS MAX >= 90     24                                 15
DAYS MAX <= 32      0                                  0
DAYS MIN <= 32      0                                  0
DAYS MIN <= 0       0                                  0

PRECIPITATION (INCHES)
TOTALS           2.63              4.63   -2.00     3.21
DAILY AVG.       0.09              0.15   -0.06     0.11
DAYS >= .01         5                                 11
DAYS >= .10         3                                  8
DAYS >= .50         2                                  2
DAYS >= 1.00        1                                  0
GREATEST
 24 HR. TOTAL    1.57   06/03 TO 06/04

SNOWFALL (INCHES)
TOTALS            0.0                MM      MM      0.0
SINCE 7/1           T                MM      MM        T

DEGREE_DAYS
HEATING TOTAL       0                 0       0        0
 SINCE 7/1       1380              1903    -523     1979
COOLING TOTAL     518               481      37      430
 SINCE 1/1       1022               988      34      923
.................................................................

WIND (MPH)
AVERAGE WIND SPEED              6.9
HIGHEST WIND SPEED/DIRECTION    37/020    DATE  06/04
HIGHEST GUST SPEED/DIRECTION    47/030    DATE  06/04

SKY COVER
POSSIBLE SUNSHINE (PERCENT)   MM
AVERAGE SKY COVER           0.50
NUMBER OF DAYS FAIR           10
NUMBER OF DAYS PC             16
NUMBER OF DAYS CLOUDY          4

AVERAGE RH (PERCENT)     72

WEATHER CONDITIONS. NUMBER OF DAYS WITH
THUNDERSTORM              0     MIXED PRECIP               0
HEAVY RAIN                2     RAIN                       2
LIGHT RAIN                6     FREEZING RAIN              0
LT FREEZING RAIN          0     HAIL                       0
HEAVY SNOW                0     SNOW                       0
LIGHT SNOW                0     SLEET                      0
FOG                      16     FOG W/VIS <= 1/4 MILE      1
HAZE                      1

-  INDICATES NEGATIVE NUMBERS.
R  INDICATES RECORD WAS SET OR TIED.
MM INDICATES DATA IS MISSING.
T  INDICATES TRACE AMOUNT.

&&

MONTHLY CLIMATE SUMMARY:
JUNE 2016 WAS THE 35TH WETTEST AND 29TH WARMEST JUNE SINCE
RECORD KEEPING BEGAN.

SEA LEVEL PRESSURE DATA:
HIGHEST SLP 30.19 INCHES ON THE 20TH
LOWEST  SLP 29.77 INCHES ON THE 29TH

PRELIMINARY LOCAL CLIMATOLOGICAL DATA (WS FORM: F-6)

                                          STATION:   AUSTIN BERGSTROM
                                          MONTH:     JUNE
                                          YEAR:      2016
                                          LATITUDE:   30 13 N
                                          LONGITUDE:  97 40 W

  TEMPERATURE IN F:       :PCPN:    SNOW:  WIND      :SUNSHINE: SKY     :PK WND
================================================================================
1   2   3   4   5  6A  6B    7    8   9   10  11  12  13   14  15   16   17  18
                                     12Z  AVG MX 2MIN
DY MAX MIN AVG DEP HDD CDD  WTR  SNW DPTH SPD SPD DIR MIN PSBL S-S WX    SPD DR
================================================================================

 1  88  65  77  -2   0  12 0.00  0.0    0  4.2 12  70   M    M   7 12     13 100
 2  84  68  76  -3   0  11 0.48  0.0    0  6.9 14 350   M    M   9 13     20 330
 3  85  66  76  -3   0  11 1.54  0.0    0  4.7 16 340   M    M   8 13     19 340
 4  87  67  77  -3   0  12 0.03  0.0    0  9.5 37  20   M    M   8 13     47  30
 5  89  66  78  -2   0  13 0.00  0.0    0 11.0 25  10   M    M   4        30  20
 6  90  65  78  -2   0  13 0.00  0.0    0  7.1 17  10   M    M   3        23  30
 7  91  66  79  -1   0  14 0.00  0.0    0  4.9 13  40   M    M   3        18  70
 8  92  69  81   1   0  16 0.00  0.0    0  3.7 23 180   M    M   5 1      27 180
 9  92  68  80   0   0  15 0.00  0.0    0  4.8 33 140   M    M   3 1      40 120
10  92  66  79  -1   0  14 0.00  0.0    0  4.6 13 140   M    M   4 1      14 130
11  93  74  84   3   0  19 0.00  0.0    0  8.6 16 140   M    M   6 1      22 150
12  94  76  85   4   0  20    T  0.0    0  9.2 20 150   M    M   7 1      25 140
13  94  76  85   4   0  20 0.00  0.0    0 10.2 20 190   M    M   6        23 200
14  94  77  86   5   0  21 0.00  0.0    0 10.6 18 180   M    M   6        23 180
15  96  77  87   6   0  22 0.00  0.0    0 12.1 21 180   M    M   4 18     25 180
16  95  75  85   4   0  20 0.00  0.0    0 10.0 18 170   M    M   3 1      23 150
17  96  74  85   4   0  20 0.00  0.0    0  8.8 15 200   M    M   3 1      19 180
18  97  75  86   4   0  21 0.00  0.0    0  6.4 14 190   M    M   5        19 210
19  93  74  84   2   0  19    T  0.0    0  5.3 15 130   M    M   6 1      19 140
20  95  71  83   1   0  18 0.00  0.0    0  4.8 14 140   M    M   3        16 130
21  95  72  84   2   0  19 0.00  0.0    0  6.2 14 140   M    M   2        19 140
22  95  73  84   2   0  19 0.00  0.0    0  9.1 20 150   M    M   2        23 140
23  94  73  84   2   0  19 0.00  0.0    0  8.0 17 150   M    M   5        23 160
24  94  72  83   1   0  18 0.00  0.0    0  8.0 18 140   M    M   6        23 120
25  88  75  82   0   0  17 0.02  0.0    0  6.3 16 160   M    M   9 13     21 180
26  95  73  84   2   0  19 0.00  0.0    0  6.1 16 140   M    M   7 1      23 150
27  95  70  83   1   0  18 0.00  0.0    0  2.0 12 170   M    M   5        16 190
28 100  73  87   5   0  22 0.56  0.0    0  5.6 33 360   M    M   5 13     41 360
29  94  70  82   0   0  17 0.00  0.0    0  3.9 15  40   M    M   4        19  60
30  95  73  84   2   0  19 0.00  0.0    0  5.1 14  80   M    M   3        19  80
================================================================================
SM 2782 2139         0 518  2.63     0.0 207.7          M      151
================================================================================
AV 92.7 71.3                               6.9 FASTST   M    M   5    MAX(MPH)
                                 MISC ---->  # 37  20               # 47   30
================================================================================

NOTES:
# LAST OF SEVERAL OCCURRENCES

COLUMN 17 PEAK WIND IN M.P.H.

SYMBOLS USED IN COLUMN 16
1 = FOG OR MIST
2 = FOG REDUCING VISIBILITY
3 = THUNDER
4 = ICE PELLETS
5 = HAIL
6 = FREEZING RAIN OR DRIZZLE
7 = DUSTSTORM OR SANDSTORM:
8 = SMOKE OR HAZE
9 = BLOWING SNOW
X = TORNADO

$$
