663
CXUS52 KGSP 011552
CLMAVL

CLIMATE REPORT
NATIONAL WEATHER SERVICE GREENVILLE-SPARTANBURG SC
1047 AM EST THU DEC 1 2016

...................................

...THE ASHEVILLE CLIMATE SUMMARY FOR THE MONTH OF NOVEMBER 2016...

CLIMATE NORMAL PERIOD 1981 TO 2010
CLIMATE RECORD PERIOD 1869 TO 2016

WEATHER         OBSERVED          NORMAL  DEPART  LAST YEAR`S
                 VALUE   DATE(S)  VALUE   FROM    VALUE  DATE(S)
                                          NORMAL
................................................................
TEMPERATURE (F)
RECORD
 HIGH              83   11/01/1950
 LOW                1   11/25/1950
HIGHEST            79   11/01        MM      MM       79  11/06
LOWEST             21   11/27        MM      MM       24  11/24
AVG. MAXIMUM     64.1              58.8     5.3     60.6
AVG. MINIMUM     37.1              35.8     1.3     42.1
MEAN             50.6              47.3     3.3     51.3
DAYS MAX >= 90      0               0.0     0.0        0
DAYS MAX <= 32      0               0.0     0.0        0
DAYS MIN <= 32     10              11.5    -1.5        8
DAYS MIN <= 0       0               0.0     0.0        0

PRECIPITATION (INCHES)
RECORD
 MAXIMUM         7.82   2015
 MINIMUM         0.07   1909
TOTALS           1.54              3.65   -2.11     7.82
DAILY AVG.       0.05              0.12   -0.07     0.26
DAYS >= .01         3               9.7    -6.7       12
DAYS >= .10         2               6.0    -4.0        7
DAYS >= .50         1               2.4    -1.4        5
DAYS >= 1.00        1               1.2    -0.2        3
GREATEST
 24 HR. TOTAL    1.08   11/29 TO 11/29           11/08 TO 11/09
                                                          11/30 TO 11/30
                                                          11/30 TO 11/30
 STORM TOTAL       MM                                 MM
 (MM/DD(HH))            MM                    11/09(00) TO 11/09(00)
                                                 11/30(00) TO 11/30(00)0
                                                 11/30(00) TO 11/30(00)0

SNOWFALL (INCHES)
RECORDS
 TOTAL            9.6   1968
 24 HR TOTAL      5.4   11/11/1968 TO 11/11/1968
 SNOW DEPTH         5   11/12/1968
TOTALS            0.0               0.1    -0.1      0.0
 LIQUID EQUIV    0.00              0.00    0.00     0.00
SINCE 7/1         0.0               0.1    -0.1      0.0
 LIQUID 7/1      0.00              0.00    0.00     0.00
SNOWDEPTH AVG.      0                MM      MM        0
DAYS >= TRACE       0               0.2    -0.2        0
DAYS >= 1.0         0               0.1    -0.1        0
GREATEST
 SNOW DEPTH         0   MM                             0  MM
 24 HR TOTAL      0.0   11/30 TO 11/30           11/30 TO 11/30
                                                          11/30 TO 11/30
                                                          11/30 TO 11/30
 STORM TOTAL       MM                                 MM
 (MM/DD(HH))            MM                    11/30(00) TO 11/30(00)
                                                 11/30(00) TO 11/30(00)0
                                                 11/30(00) TO 11/30(00)0

DEGREE_DAYS
HEATING TOTAL     425               532    -107      406
 SINCE 7/1        571               867    -296      675
COOLING TOTAL       2                 1       1        6
 SINCE 1/1       1317               863     454     1156

FREEZE DATES
RECORD
 EARLIEST     MM
 LATEST       MM
EARLIEST      11/13             MM
LATEST                          MM
.................................................

WIND (MPH)
AVERAGE WIND SPEED              6.6
HIGHEST WIND SPEED/DIRECTION    35/340    DATE  11/19
HIGHEST GUST SPEED/DIRECTION    46/350    DATE  11/19

SKY COVER
POSSIBLE SUNSHINE (PERCENT)   MM
AVERAGE SKY COVER           0.20
NUMBER OF DAYS FAIR           23
NUMBER OF DAYS PC              7
NUMBER OF DAYS CLOUDY          0

AVERAGE RH (PERCENT)     55

WEATHER CONDITIONS. NUMBER OF DAYS WITH
THUNDERSTORM              0     MIXED PRECIP               0
HEAVY RAIN                2     RAIN                       3
LIGHT RAIN                4     FREEZING RAIN              0
LT FREEZING RAIN          0     HAIL                       0
HEAVY SNOW                0     SNOW                       0
LIGHT SNOW                0     SLEET                      0
FOG                      14     FOG W/VIS <= 1/4 MILE      1
HAZE                     21

-  INDICATES NEGATIVE NUMBERS.
R  INDICATES RECORD WAS SET OR TIED.
MM INDICATES DATA IS MISSING.
T  INDICATES TRACE AMOUNT.

$$
