000
CXUS51 KBGM 011609 CCA
CLMAVP

CLIMATE REPORT...CORRECTED
NATIONAL WEATHER SERVICE BINGHAMTON NY
1210 PM EDT WED NOV 1 2017

...................................

...THE AVOCA PA CLIMATE SUMMARY FOR THE MONTH OF OCTOBER 2017...

CLIMATE NORMAL PERIOD 1981 TO 2010
CLIMATE RECORD PERIOD 1901 TO 2017

WEATHER         OBSERVED          NORMAL  DEPART  LAST YEAR`S
                 VALUE   DATE(S)  VALUE   FROM    VALUE  DATE(S)
                                          NORMAL
................................................................
TEMPERATURE (F)
RECORD
 HIGH              87   10/08/2007
 LOW               19   10/20/1972
HIGHEST            81   10/07        61      20       82  10/18
LOWEST             32   10/17        42     -10       30  10/26
AVG. MAXIMUM     69.1              60.7     8.4     63.7
AVG. MINIMUM     48.1              41.1     7.0     44.2
MEAN             58.6              50.9     7.7     54.0
DAYS MAX >= 90      0               0.0     0.0        0
DAYS MAX <= 32      0               0.0     0.0        0
DAYS MIN <= 32      1               4.4    -3.4        3
DAYS MIN <= 0       0               0.0     0.0        0

PRECIPITATION (INCHES)
RECORD
 MAXIMUM         8.12   1976
 MINIMUM         0.03   1963
TOTALS           2.92              3.34   -0.42     2.60
DAILY AVG.       0.09              0.11   -0.02     0.08
DAYS >= .01         7              10.7    -3.7       12
DAYS >= .10         7               5.3     1.7        7
DAYS >= .50         2               2.2    -0.2        2
DAYS >= 1.00        1               1.0     0.0        0
GREATEST
 24 HR. TOTAL    1.33   10/29 TO 10/30

SNOWFALL (INCHES)
RECORDS
 TOTAL            9.1   2011
 24 HR TOTAL      9.1   10/29/2011 TO 10/29/2011
TOTALS            0.0               0.1    -0.1        T
SINCE 7/1         0.0               0.1    -0.1        T
DAYS >= TRACE       0               0.1    -0.1        1
DAYS >= 1.0         0               0.1    -0.1        0
GREATEST
 24 HR TOTAL      0.0   MM

DEGREE_DAYS
HEATING TOTAL     229               441    -212      340
 SINCE 7/1        338               603    -265      400
COOLING TOTAL      37                 4      33        5
 SINCE 1/1        804               580     224      998
.................................................................

WIND (MPH)
AVERAGE WIND SPEED              5.6
RESULTANT WIND SPEED/DIRECTION   2/226
HIGHEST WIND SPEED/DIRECTION    28/290    DATE  10/30
HIGHEST GUST SPEED/DIRECTION    38/290    DATE  10/30

SKY COVER
POSSIBLE SUNSHINE (PERCENT)   MM
AVERAGE SKY COVER           0.40
NUMBER OF DAYS FAIR           15
NUMBER OF DAYS PC             10
NUMBER OF DAYS CLOUDY          6

AVERAGE RH (PERCENT)     69

WEATHER CONDITIONS. NUMBER OF DAYS WITH
THUNDERSTORM              0     MIXED PRECIP               0
HEAVY RAIN                5     RAIN                       4
LIGHT RAIN               11     FREEZING RAIN              0
LT FREEZING RAIN          0     HAIL                       0
HEAVY SNOW                0     SNOW                       0
LIGHT SNOW                0     SLEET                      0
FOG                      10     FOG W/VIS <= 1/4 MILE      0
HAZE                      1

-  INDICATES NEGATIVE NUMBERS.
R  INDICATES RECORD WAS SET OR TIED.
MM INDICATES DATA IS MISSING.
T  INDICATES TRACE AMOUNT.

&&
CORRECTED GREATEST 24 HOUR PRECIPITATION
3RD WARMEST OCTOBER
$$

TAC
