000
CXUS53 KLBF 011206 CCA
CLMBBW

CLIMATE REPORT
NATIONAL WEATHER SERVICE NORTH PLATTE
657 AM CDT SAT JUL 1 2017

...................................

...THE BROKEN BOW NE CLIMATE SUMMARY FOR THE MONTH OF JUNE 2017...

CLIMATE NORMAL PERIOD 1981 TO 2010
CLIMATE RECORD PERIOD 1894 TO 2017

WEATHER         OBSERVED          NORMAL  DEPART  LAST YEAR`S
                 VALUE   DATE(S)  VALUE   FROM    VALUE  DATE(S)
                                          NORMAL
................................................................
TEMPERATURE (F)
RECORD
 HIGH             107   06/15/1946
                        06/23/1937
 LOW               30   06/04/1954
                        06/04/1950
HIGHEST           100   06/21        95       5       95  06/11
LOWEST             43   06/24        40       3       48  06/07
AVG. MAXIMUM     86.8              80.7     6.1     86.5
AVG. MINIMUM     57.4              56.4     1.0     59.9
MEAN             72.1              68.5     3.6     73.2
DAYS MAX >= 90     10               4.7     5.3       11
DAYS MAX <= 32      0               0.0     0.0        0
DAYS MIN <= 32      0               0.0     0.0        0
DAYS MIN <= 0       0               0.0     0.0        0

PRECIPITATION (INCHES)
RECORD
 MAXIMUM        10.33   1975
 MINIMUM         0.13   2012
TOTALS           0.54              4.00   -3.46     2.47
DAILY AVG.       0.02              0.13   -0.11     0.08
DAYS >= .01         3                MM      MM        5
DAYS >= .10         3                MM      MM        4
DAYS >= .50         0                MM      MM        2
DAYS >= 1.00        0                MM      MM        1
GREATEST
 24 HR. TOTAL    0.27   06/30 TO 06/30           06/14 TO 06/14
                                                          06/14 TO 06/14
                                                          06/14 TO 06/14

SNOWFALL (INCHES)
TOTALS             MM

DEGREE_DAYS
HEATING TOTAL       6                46     -40        2
 SINCE 7/1       5783              6651    -868     5556
COOLING TOTAL     226               152      74      255
 SINCE 1/1        238               186      52      272
.....................................................

WIND (MPH)
AVERAGE WIND SPEED              8.8
HIGHEST WIND SPEED/DIRECTION    46/290    DATE  06/27
HIGHEST GUST SPEED/DIRECTION    59/280    DATE  06/27

AVERAGE RH (PERCENT)     58

WEATHER CONDITIONS. NUMBER OF DAYS WITH
THUNDERSTORM              0     MIXED PRECIP               0
HEAVY RAIN                1     RAIN                       2
LIGHT RAIN               10     FREEZING RAIN              0
LT FREEZING RAIN          0     HAIL                       0
HEAVY SNOW                0     SNOW                       0
LIGHT SNOW                0     SLEET                      0
FOG                       0     FOG W/VIS <= 1/4 MILE      0
HAZE                      0

-  INDICATES NEGATIVE NUMBERS.
R  INDICATES RECORD WAS SET OR TIED.
MM INDICATES DATA IS MISSING.
T  INDICATES TRACE AMOUNT.

$$
