000
CXUS51 KBOX 011902
CLMBDL


CLIMATE REPORT
NATIONAL WEATHER SERVICE TAUNTON MA
240 PM EDT SAT APR 1 2017

...................................

...THE HARTFORD CT CLIMATE SUMMARY FOR THE MONTH OF MARCH 2017...

CLIMATE NORMAL PERIOD 1981 TO 2010
CLIMATE RECORD PERIOD 1904 TO 2017

WEATHER         OBSERVED          NORMAL  DEPART
                 VALUE   DATE(S)  VALUE   FROM
                                          NORMAL
................................................
TEMPERATURE (F)
RECORD
 HIGH              89   03/31/1998
 LOW               -6   03/07/2003
                        03/19/1967
HIGHEST            61   03/01
LOWEST              7   03/05
AVG. MAXIMUM     42.3              47.7    -5.4
AVG. MINIMUM     24.1              27.9    -3.8
MEAN             33.2              37.8    -4.6
DAYS MAX >= 90      0               0.0     0.0
DAYS MAX <= 32      6               1.7     4.3
DAYS MIN <= 32     22              21.0     1.0
DAYS MIN <= 0       0               0.0     0.0

PRECIPITATION (INCHES)
RECORD
 MAXIMUM         9.21   1953
 MINIMUM         0.27   1981
TOTALS           3.93              3.62    0.31
DAYS >= .01        12              11.5     0.5
DAYS >= .10         6               7.1    -1.1
DAYS >= .50         2               2.4    -0.4
DAYS >= 1.00        2               0.8     1.2
GREATEST
 24 HR. TOTAL    1.54   03/14 TO 03/14

SNOWFALL (INCHES)
RECORDS
 TOTAL           43.3   1956
 SNOW DEPTH        24   03/04/2015
                        03/02/2015
TOTALS           19.1               6.4    12.7
SINCE 7/1        61.8              39.1    22.7
SNOWDEPTH AVG.      3
GREATEST
 SNOW DEPTH        13   03/15
 24 HR TOTAL     15.8R  03/14 TO 03/14

DEGREE_DAYS
HEATING TOTAL     977               843     134
 SINCE 7/1       4870              5281    -411
COOLING TOTAL       0                 0       0
 SINCE 1/1          0                 0       0
.................................................

WIND (MPH)
AVERAGE WIND SPEED              10.6
RESULTANT WIND SPEED/DIRECTION   7/311
HIGHEST WIND SPEED/DIRECTION    43/260    DATE  03/02
HIGHEST GUST SPEED/DIRECTION    53/260    DATE  03/02

SKY COVER
POSSIBLE SUNSHINE (PERCENT)   MM
AVERAGE SKY COVER           0.60
NUMBER OF DAYS FAIR            7
NUMBER OF DAYS PC             15
NUMBER OF DAYS CLOUDY          9

AVERAGE RH (PERCENT)     58

WEATHER CONDITIONS. NUMBER OF DAYS WITH
THUNDERSTORM              0     MIXED PRECIP               0
HEAVY RAIN                0     RAIN                       5
LIGHT RAIN               12     FREEZING RAIN              0
LT FREEZING RAIN          0     HAIL                       0
HEAVY SNOW                1     SNOW                       2
LIGHT SNOW               12     SLEET                      2
FOG                      10     FOG W/VIS <= 1/4 MILE      3
HAZE                      2

-  INDICATES NEGATIVE NUMBERS.
R  INDICATES RECORD WAS SET OR TIED.
MM INDICATES DATA IS MISSING.
T  INDICATES TRACE AMOUNT.

$$
