000
CXUS46 KHNX 012325
CLMBFL


CLIMATE REPORT
NATIONAL WEATHER SERVICE SAN JOAQUIN VALLEY - HANFORD CA
425 PM PDT WED OCT 1 2014

...................................

...THE BAKERSFIELD CLIMATE SUMMARY FOR THE MONTH OF SEPTEMBER 2014...

CLIMATE NORMAL PERIOD 1981 TO 2010
CLIMATE RECORD PERIOD 1889 TO 2014

WEATHER         OBSERVED          NORMAL  DEPART  LAST YEAR`S
                 VALUE   DATE(S)  VALUE   FROM    VALUE  DATE(S)
                                          NORMAL
................................................................
TEMPERATURE (F)
RECORD
 HIGH             112   09/03/1955
 LOW               30   09/27/1908
HIGHEST           105   09/13        MM      MM      105  09/07
LOWEST             59   09/28        MM      MM       53  09/26
AVG. MAXIMUM     93.3              90.0     3.3     89.2
AVG. MINIMUM     68.5              64.0     4.5     64.5
MEAN             80.9              77.0     3.9     76.9
DAYS MAX >= 90     22              16.7     5.3       17
DAYS MIN <= 32      0               0.0     0.0        0

PRECIPITATION (INCHES)
RECORD
 MAXIMUM         1.15   1908
TOTALS           0.01              0.08   -0.07        T
DAYS >= .01         1               1.0     0.0        0
DAYS >= .10         0               0.3    -0.3        0
DAYS >= .50         0               0.0     0.0        0
DAYS >= 1.00        0               0.0     0.0        0
GREATEST
 24 HR. TOTAL    0.01   09/08 TO 09/08

SNOWFALL (INCHES)
RECORDS
 TOTAL             MM   MM
TOTALS            0.0               0.0

DEGREE_DAYS
HEATING TOTAL       0                 2      -2        2
 SINCE 7/1          0                 2      -2        2
COOLING TOTAL     485               362     123      366
 SINCE 1/1       2766              2130     636     2480
.................................................................

WIND (MPH)
AVERAGE WIND SPEED              5.8
HIGHEST WIND SPEED/DIRECTION    26/330    DATE  09/25
HIGHEST GUST SPEED/DIRECTION    31/330    DATE  09/25

AVERAGE RH (PERCENT)     35

WEATHER CONDITIONS. NUMBER OF DAYS WITH
THUNDERSTORM              0     RAIN                       1
HAIL                      0     FOG                        0
FOG W/VIS <= 1/4 MILE     0     HAZE                       4

-  INDICATES NEGATIVE NUMBERS.
R  INDICATES RECORD WAS SET OR TIED.
MM INDICATES DATA IS MISSING.
T  INDICATES TRACE AMOUNT.

$$

SANGER/OCHS

WEATHER.GOV/HANFORD
