000
CXUS51 KCAR 172008
CLMBGR


CLIMATE REPORT
NATIONAL WEATHER SERVICE CARIBOU, ME
307 PM EST TUE JAN 17 2017

...................................

...THE BANGOR ME CLIMATE SUMMARY FOR THE YEAR OF 2016...

CLIMATE NORMAL PERIOD 1981 TO 2010
CLIMATE RECORD PERIOD 1925 TO 2017

WEATHER         OBSERVED          NORMAL  DEPART  LAST YEAR`S
                 VALUE   DATE(S)  VALUE   FROM    VALUE  DATE(S)
                                          NORMAL
................................................................
TEMPERATURE (F)
RECORD
 HIGH             104   08/19/1935
 LOW              -32   02/10/1948
HIGHEST            91   09/09        MM      MM       90  08/18
                        08/11
LOWEST            -17   02/15        MM      MM      -23  02/14
AVG. MAXIMUM     56.3              54.7     1.6     54.3
AVG. MINIMUM     35.5              34.0     1.5     32.8
MEAN             45.9              44.3     1.6     43.6
DAYS MAX >= 90      2               4.3    -2.3        1
DAYS MAX <= 32     47              55.3    -8.3       68
DAYS MIN <= 32    157             160.2    -3.2      161
DAYS MIN <= 0      12              20.8    -8.8       38

PRECIPITATION (INCHES)
RECORD
 MAXIMUM           MM   MM
 MINIMUM           MM   MM
TOTALS          34.35                     -7.58
DAILY AVG.       0.09              0.11   -0.02     0.10
DAYS >= .01       132             132.5    -0.5      144
DAYS >= .10        73              81.9    -8.9       81
DAYS >= .50        26              26.8    -0.8       18
DAYS >= 1.00        5               8.8    -3.8        4
GREATEST
 24 HR. TOTAL    1.99   MM                       12/31 TO 12/31
                                                          12/31 TO 12/31
                                                          12/31 TO 12/31

SNOWFALL (INCHES)
RECORDS
 TOTAL             MM   MM
TOTALS           50.9              66.1   -15.2    119.7
SINCE 7/1        19.9              16.8     3.1     13.6
SNOWDEPTH AVG.      1                MM      MM        5
DAYS >= 1.0        16              18.6    -2.6       31
GREATEST
 SNOW DEPTH        13   02/10                         50  02/28
                        02/09                             02/26
                                                          02/27
 24 HR TOTAL     10.9   MM                       12/31 TO 12/31
                                                          12/31 TO 12/31
                                                          12/31 TO 12/31

DEGREE_DAYS
HEATING TOTAL    7330              7861    -531     8053
 SINCE 7/1         MM              2921      MM       MM
COOLING TOTAL     448               318     130      406
 SINCE 1/1        448               318     130      406
..................................................

WIND (MPH)
AVERAGE WIND SPEED              7.6
HIGHEST WIND SPEED/DIRECTION    39/150    DATE  02/16
HIGHEST GUST SPEED/DIRECTION    53/150    DATE  02/16

SKY COVER
POSSIBLE SUNSHINE (PERCENT)   MM
AVERAGE SKY COVER           0.60
NUMBER OF DAYS FAIR           76
NUMBER OF DAYS PC            151
NUMBER OF DAYS CLOUDY        139

AVERAGE RH (PERCENT)     69

WEATHER CONDITIONS. NUMBER OF DAYS WITH
THUNDERSTORM              0     MIXED PRECIP               1
HEAVY RAIN               19     RAIN                      52
LIGHT RAIN              136     FREEZING RAIN              1
LT FREEZING RAIN          8     HAIL                       1
HEAVY SNOW                8     SNOW                      21
LIGHT SNOW               60     SLEET                      8
FOG                     202     FOG W/VIS <= 1/4 MILE     37
HAZE                     78

-  INDICATES NEGATIVE NUMBERS.
R  INDICATES RECORD WAS SET OR TIED.
MM INDICATES DATA IS MISSING.
T  INDICATES TRACE AMOUNT.

$$
