000
CXUS55 KVEF 011134
CLMBIH

CLIMATE REPORT
NATIONAL WEATHER SERVICE LAS VEGAS, NV
321 AM PST FRI DEC 1 2017

...................................

...THE BISHOP CA CLIMATE SUMMARY FOR THE MONTH OF NOVEMBER 2017...

CLIMATE NORMAL PERIOD 1981 TO 2010
CLIMATE RECORD PERIOD 1943 TO 2017

WEATHER         OBSERVED          NORMAL  DEPART  LAST YEAR`S
                 VALUE   DATE(S)  VALUE   FROM    VALUE  DATE(S)
                                          NORMAL
................................................................
TEMPERATURE (F)
RECORD
 HIGH              84   11/03/1988
                        11/01/1960
                        11/02/1949
 LOW                5   11/17/1958
HIGHEST            80   11/26        63      17       78  11/08
LOWEST             21   11/11        28      -7       11  11/26
                        11/07
AVG. MAXIMUM     67.3              62.6     4.7     66.7
AVG. MINIMUM     29.3              27.8     1.5     27.3
MEAN             48.3              45.2     3.1     47.0
DAYS MAX >= 90      0               0.0     0.0        0
DAYS MAX <= 32      0               0.0     0.0        0
DAYS MIN <= 32     20              22.8    -2.8       20
DAYS MIN <= 0       0               0.0     0.0        0

PRECIPITATION (INCHES)
RECORD
 MAXIMUM         2.59   1960
 MINIMUM         0.00   2006
                        2000
                        1991
TOTALS           0.16              0.52   -0.36        T
DAILY AVG.       0.01              0.02   -0.01        T
DAYS >= .01         1               2.3    -1.3        0
DAYS >= .10         1               1.3    -0.3        0
DAYS >= .50         0               0.4    -0.4        0
DAYS >= 1.00        0               0.0     0.0        0
GREATEST
 24 HR. TOTAL    0.16   11/17 TO 11/17

SNOWFALL (INCHES)
RECORDS
 TOTAL            3.9   1964
 24 HR TOTAL      3.9
TOTALS            0.0               0.3    -0.3      0.0
SINCE 7/1         0.0
SNOWDEPTH AVG.      0
DAYS >= TRACE       0
DAYS >= 1.0         0
GREATEST
 SNOW DEPTH         0
 24 HR TOTAL      0.0   11/30 TO 11/30
 STORM TOTAL       MM
 (MM/DD(HH))

DEGREE_DAYS
HEATING TOTAL     491               594    -103      534
 SINCE 7/1        800               901    -101      743
COOLING TOTAL       0                 0       0        0
 SINCE 1/1       1407              1104     303     1361

FREEZE DATES
RECORD
 EARLIEST     09/20/1986
 LATEST       06/07/1988
EARLIEST                        10/15
LATEST                          05/03
.................................................................

WIND (MPH)
AVERAGE WIND SPEED              6.3
HIGHEST WIND SPEED/DIRECTION    36/280    DATE  11/26
HIGHEST GUST SPEED/DIRECTION    46/340    DATE  11/27

SKY COVER
POSSIBLE SUNSHINE (PERCENT)   MM
AVERAGE SKY COVER           0.10
NUMBER OF DAYS FAIR           29
NUMBER OF DAYS PC              1
NUMBER OF DAYS CLOUDY          0

AVERAGE RH (PERCENT)     49

WEATHER CONDITIONS. NUMBER OF DAYS WITH
THUNDERSTORM              0     MIXED PRECIP               0
HEAVY RAIN                1     RAIN                       1
LIGHT RAIN                4     FREEZING RAIN              0
LT FREEZING RAIN          0     HAIL                       0
HEAVY SNOW                0     SNOW                       0
LIGHT SNOW                0     SLEET                      0
FOG                       2     FOG W/VIS <= 1/4 MILE      0
HAZE                      4

-  INDICATES NEGATIVE NUMBERS.
R  INDICATES RECORD WAS SET OR TIED.
MM INDICATES DATA IS MISSING.
T  INDICATES TRACE AMOUNT.

$$
