000
CXUS53 KGRR 012331 CCA
CLMBIV

CLIMATE REPORT...WITH NARRATIVE
NATIONAL WEATHER SERVICE GRAND RAPIDS, MI
631 PM EST WED FEB 1 2017

...................................

...THE HOLLAND/TULIP CITY MI CLIMATE SUMMARY FOR THE MONTH OF JANUARY 2017...

CLIMATE NORMAL PERIOD 1981 TO 2010
CLIMATE RECORD PERIOD 1996 TO 2017

WEATHER         OBSERVED          NORMAL  DEPART  LAST YEAR`S
                 VALUE   DATE(S)  VALUE   FROM    VALUE  DATE(S)
                                          NORMAL
................................................................
TEMPERATURE (F)
HIGHEST            62   01/21        MM      MM       48  01/31
LOWEST              9   01/06        MM      MM        6  01/05
AVG. MAXIMUM     34.9              32.0     2.9     32.9
AVG. MINIMUM     25.6              20.2     5.4     21.1
MEAN             30.3              26.1     4.2     27.0
DAYS MAX >= 90      0               0.0     0.0        0
DAYS MAX <= 32     10              15.7    -5.7       15
DAYS MIN <= 32     20              26.4    -6.4       28
DAYS MIN <= 0       0               1.0    -1.0        0

PRECIPITATION (INCHES)
TOTALS           2.72              2.09    0.63     1.62
DAILY AVG.       0.09              0.07    0.02     0.05
DAYS >= .01        21                MM      MM       16
DAYS >= .10         8                MM      MM        6
DAYS >= .50         1                MM      MM        1
DAYS >= 1.00        0                MM      MM        0
GREATEST
 24 HR. TOTAL    0.98   01/16 TO 01/17

DEGREE_DAYS
HEATING TOTAL    1069              1206    -137     1170
 SINCE 7/1       3069              3474    -405     2968
COOLING TOTAL       0                 0       0        0
 SINCE 1/1          0                 0       0        0
.................................................................

WIND (MPH)
AVERAGE WIND SPEED              8.9
RESULTANT WIND SPEED/DIRECTION   3/260
HIGHEST WIND SPEED/DIRECTION    43/210    DATE  01/10
HIGHEST GUST SPEED/DIRECTION    57/220    DATE  01/10

SKY COVER
POSSIBLE SUNSHINE (PERCENT)   MM
AVERAGE SKY COVER           0.80
NUMBER OF DAYS FAIR            4
NUMBER OF DAYS PC              4
NUMBER OF DAYS CLOUDY         23

AVERAGE RH (PERCENT)     80

WEATHER CONDITIONS. NUMBER OF DAYS WITH
THUNDERSTORM              1     MIXED PRECIP               0
HEAVY RAIN                1     RAIN                       5
LIGHT RAIN               11     FREEZING RAIN              0
LT FREEZING RAIN          1     HAIL                       0
HEAVY SNOW                1     SNOW                       3
LIGHT SNOW               15     SLEET                      0
FOG                      15     FOG W/VIS <= 1/4 MILE      1
HAZE                      3

-  INDICATES NEGATIVE NUMBERS.
R  INDICATES RECORD WAS SET OR TIED.
MM INDICATES DATA IS MISSING.
T  INDICATES TRACE AMOUNT.

&&

JANUARY 2017 FEATURED WELL ABOVE NORMAL TEMPERATURES, BELOW NORMAL
SNOWFALL, AND ABOVE NORMAL PRECIPITATION THAT OFTEN CAME IN THE FORM
OF RAIN. SOME PERIODS OF WINTRY MIX WERE ALSO NOTED.

A BRIEF BOUT OF WINTER WAS FEATURED FROM THE 4TH THROUGH THE 9TH
WITH GENERALLY LIGHT LAKE EFFECT SNOW AS WELL AS WET SNOW ASSOCIATED
WITH A WARM PUSH OF AIR INTO THE REGION. FAIRLY SIGNIFICANT RAINFALL
FOLLOWED THIS SNOW AND THAT PUSHED RIVERS HIGHER ACROSS THE AREA.
THIS HELPED BREAK UP ICE ON THE RIVERS AND LED TO SOME MINOR ICE
JAMS ON THE GRAND RIVER. IN ADDITION, AS THE WARM AIR SURGED IN ON
THE 10TH, VERY STRONG WIND GUSTS WERE REPORTED ACROSS THE REGION.
MOST GUSTS WERE IN THE 35 TO 55 MPH RANGE. THUNDERSTORMS WERE
REPORTED ACROSS SOUTHERN LOWER MICHIGAN ON THE 11TH.

ANOTHER ROUND OF SIGNIFICANT RAINFALL STRUCK THE REGION DURING THE
MIDDLE OF THE MONTH, PRODUCING A HALF INCH TO ONE INCH IN GENERAL.
THIS LED TO HIGH RIVER LEVELS, BUT NO SIGNIFICANT FLOODING.
THUNDERSTORMS WERE REPORTED ONCE AGAIN ACROSS SOUTHERN LOWER
MICHIGAN ON THE 17TH. A DRAMATIC WARM UP OCCURRED ON THE 21ST, WITH
SOME LOCATIONS BREAKING OUT INTO THE 60S, LEADING TO ONE OF THE
WARMEST JANUARY DAYS IN YEARS.

A CLIPPER SYSTEM PRODUCED GENERALLY 2" TO 5" OF SNOW ACROSS CENTRAL
AND SOUTHERN LOWER MICHIGAN ON THE 30TH AND 31ST. WHILE THIS WOULD
NORMALLY BE A COMMON OCCURRENCE IN JANUARY, IT ENDED UP BEING THE
EXCEPTION TO THE RULE.

TEMPERATURES AVERAGED WELL ABOVE NORMAL, WITH MOST LOCATIONS AROUND
5 DEGREES ABOVE THE TYPICAL MONTHLY AVERAGE TEMPERATURES. WHILE NOT
TOP TEN WARMTH, IT WAS CLOSE FOR GRAND RAPIDS, LANSING, AND
MUSKEGON. IRONICALLY, THIS JANUARY WAS MUCH WARMER THAN JANUARY 2016
DURING THE STRONG EL NINO PATTERN.

$$

CAS/HOVING
