000
CXUS53 KIND 011510
CLMBMG


CLIMATE REPORT
NATIONAL WEATHER SERVICE INDIANAPOLIS IN
1110 AM EDT TUE AUG 1 2017

...................................

...THE BLOOMINGTON IN CLIMATE SUMMARY FOR THE MONTH OF JULY 2017...

CLIMATE NORMAL PERIOD 1981 TO 2010
CLIMATE RECORD PERIOD 9999 TO 9999

WEATHER         OBSERVED          NORMAL  DEPART  LAST YEAR`S
                 VALUE   DATE(S)  VALUE   FROM    VALUE  DATE(S)
                                          NORMAL
................................................................
TEMPERATURE (F)
HIGHEST            94   07/22                         92  07/23
                        07/21
LOWEST             53   07/30                         50  07/02
AVG. MAXIMUM     85.9              84.1     1.8     84.6
AVG. MINIMUM     65.3              63.6     1.7     66.2
MEAN             75.6              73.9     1.7     75.4
DAYS MAX >= 90      4               3.8     0.2        4
DAYS MAX <= 32      0               0.0     0.0        0
DAYS MIN <= 32      0               0.0     0.0        0
DAYS MIN <= 0       0               0.0     0.0        0

PRECIPITATION (INCHES)
TOTALS           3.53              4.89   -1.36     6.35
DAILY AVG.       0.11              0.16   -0.05     0.20
DAYS >= .01        11                MM      MM       15
DAYS >= .10         7                MM      MM       10
DAYS >= .50         3                MM      MM        5
DAYS >= 1.00        1                MM      MM        3
GREATEST
 24 HR. TOTAL    1.40   07/07 TO 07/07

DEGREE_DAYS
HEATING TOTAL       0                 2      -2        3
 SINCE 7/1          0                 2      -2        3
COOLING TOTAL     337               276      61      332
 SINCE 1/1        690               566     124      710
.................................................................

WIND (MPH)
AVERAGE WIND SPEED              5.0
HIGHEST WIND SPEED/DIRECTION    35/030    DATE  07/07
HIGHEST GUST SPEED/DIRECTION    46/040    DATE  07/07

SKY COVER
POSSIBLE SUNSHINE (PERCENT)   MM
AVERAGE SKY COVER           0.20
NUMBER OF DAYS FAIR           24
NUMBER OF DAYS PC              7
NUMBER OF DAYS CLOUDY          0

AVERAGE RH (PERCENT)     72

WEATHER CONDITIONS. NUMBER OF DAYS WITH
THUNDERSTORM             10     MIXED PRECIP               0
HEAVY RAIN                4     RAIN                       5
LIGHT RAIN               14     FREEZING RAIN              0
LT FREEZING RAIN          0     HAIL                       0
HEAVY SNOW                0     SNOW                       0
LIGHT SNOW                0     SLEET                      0
FOG                      23     FOG W/VIS <= 1/4 MILE      3
HAZE                      7

-  INDICATES NEGATIVE NUMBERS.
R  INDICATES RECORD WAS SET OR TIED.
MM INDICATES DATA IS MISSING.
T  INDICATES TRACE AMOUNT.

$$
