000
CXUS56 KBOI 011728
CLMBNO


CLIMATE REPORT
NATIONAL WEATHER SERVICE BOISE ID
1028 AM MST THU FEB 1 2018

...................................

...THE BURNS OR CLIMATE SUMMARY FOR THE MONTH OF JANUARY 2018...

CLIMATE NORMAL PERIOD 1981 TO 2010
CLIMATE RECORD PERIOD 1938 TO 2018

WEATHER         OBSERVED          NORMAL  DEPART
                 VALUE   DATE(S)  VALUE   FROM
                                          NORMAL
................................................
TEMPERATURE (F)
HIGHEST            50   01/14        MM      MM
LOWEST              5   01/02        MM      MM
AVG. MAXIMUM     41.5              34.8     6.7
AVG. MINIMUM     21.5              14.8     6.7
MEAN             31.5              24.8     6.7
DAYS MAX >= 90      0
DAYS MAX <= 32      0
DAYS MIN <= 32     31
DAYS MIN <= 0       0

PRECIPITATION (INCHES)
RECORD
 MAXIMUM         3.97   1956
TOTALS           1.27              1.19    0.08
DAYS >= .01        11
DAYS >= .10         5
DAYS >= .50         0
DAYS >= 1.00        0
GREATEST
 24 HR. TOTAL    0.35   01/18 TO 01/18

DEGREE_DAYS
HEATING TOTAL    1031              1246    -215
 SINCE 7/1       4279              4513    -234
COOLING TOTAL       0                 0       0
 SINCE 1/1          0                 0       0
.................................................

WIND (MPH)
AVERAGE WIND SPEED              4.4
RESULTANT WIND SPEED/DIRECTION   1/238
HIGHEST WIND SPEED/DIRECTION    28/230    DATE  01/11
HIGHEST GUST SPEED/DIRECTION    35/220    DATE  01/25

AVERAGE RH (PERCENT)     81


-  INDICATES NEGATIVE NUMBERS.
R  INDICATES RECORD WAS SET OR TIED.
MM INDICATES DATA IS MISSING.
T  INDICATES TRACE AMOUNT.

$$
