649
CXUS51 KLWX 021731
CLMBWI

CLIMATE REPORT
NATIONAL WEATHER SERVICE BALTIMORE MD/WASHINGTON DC
1231 PM EST TUE FEB 2 2016

...................................

...THE BALTIMORE MD CLIMATE SUMMARY FOR THE MONTH OF JANUARY 2016...

CLIMATE NORMAL PERIOD 1981 TO 2010
CLIMATE RECORD PERIOD 1870 TO 2016

WEATHER         OBSERVED          NORMAL  DEPART  LAST YEAR`S
                 VALUE   DATE(S)  VALUE   FROM    VALUE
                                          NORMAL
.............................................................
TEMPERATURE (F)
RECORD
 HIGH              79   01/26/1950
                        01/14/1932
 LOW               -7   01/22/1984
                        01/17/1982
                        01/29/1963
HIGHEST            63   01/10        62       1
LOWEST              8   01/25         7       1
AVG. MAXIMUM     41.6              41.4     0.2     38.8
AVG. MINIMUM     22.2              24.4    -2.2     22.8
MEAN             31.9              32.9    -1.0
DAYS MAX >= 90      0               0.0     0.0
DAYS MAX <= 32      6               6.0     0.0
DAYS MIN <= 32     27              24.5     2.5
DAYS MIN <= 0       0               0.3    -0.3

PRECIPITATION (INCHES)
RECORD
 MAXIMUM         7.84   1979
 MINIMUM         0.29   1955
TOTALS           3.50              3.05    0.45     3.89
DAILY AVG.       0.11              0.10    0.01
DAYS >= .01        10              10.2    -0.2
DAYS >= .10         5               5.8    -0.8
DAYS >= .50         2               2.3    -0.3
DAYS >= 1.00        1               0.7     0.3
GREATEST
 24 HR. TOTAL    1.80   01/23 TO 01/23

SNOWFALL (INCHES)
RECORDS
 TOTAL           32.6   1996
TOTALS           30.0               6.8    23.2
SINCE 7/1        30.0              10.2    19.8
SNOWDEPTH AVG.      4
DAYS >= TRACE       7               3.5     3.5
DAYS >= 1.0         2               1.7     0.3
GREATEST
 SNOW DEPTH        26   01/24
 24 HR TOTAL     25.5

DEGREE_DAYS
HEATING TOTAL    1017               995      22     1052
 SINCE 7/1       2226              2776    -550     2713
COOLING TOTAL       0                 0       0        0
 SINCE 1/1          0                 0       0        0
..............................................................

WIND (MPH)
AVERAGE WIND SPEED              7.5
HIGHEST WIND SPEED/DIRECTION    38/300    DATE  01/29
HIGHEST GUST SPEED/DIRECTION    49/310    DATE  01/29

SKY COVER
POSSIBLE SUNSHINE (PERCENT)   MM
AVERAGE SKY COVER           0.50
NUMBER OF DAYS FAIR            9
NUMBER OF DAYS PC             14
NUMBER OF DAYS CLOUDY          8

AVERAGE RH (PERCENT)     64

WEATHER CONDITIONS. NUMBER OF DAYS WITH
THUNDERSTORM              1     MIXED PRECIP               0
HEAVY RAIN                0     RAIN                       2
LIGHT RAIN                9     FREEZING RAIN              0
LT FREEZING RAIN          0     HAIL                       0
HEAVY SNOW                2     SNOW                       3
LIGHT SNOW                8     SLEET                      1
FOG                      13     FOG W/VIS <= 1/4 MILE      2
HAZE                      7

-  INDICATES NEGATIVE NUMBERS.
R  INDICATES RECORD WAS SET OR TIED.
MM INDICATES DATA IS MISSING.
T  INDICATES TRACE AMOUNT.

&&

BALTIMORE MD...BALTIMORE-WASHINGTON INTERNATIONAL AIRPORT...

THE MONTHLY AVERAGE TEMPERATURE WAS BELOW NORMAL. MONTHLY
PRECIPITATION WAS SLIGHTLY ABOVE NORMAL...BUT MONTHLY SNOWFALL WAS
WELL ABOVE NORMAL AND RANKED AS THE 3RD SNOWIEST JANUARY ON RECORD.
THIS IS ONLY THE 7TH TIME ON RECORD THAT THE MONTHLY SNOWFALL OF ANY
MONTH HAS REACHED OR EXCEEDED 30 INCHES.

BALTIMORE MD RECORDED ITS FIRST MEASURABLE SNOWFALL OF THE 2015-16
WINTER SEASON ON THE 17TH. THIS RANKS AS THE 7TH LATEST FIRST
MEASURABLE SNOWFALL ON RECORD.

A PRELIMINARY RECORD DAILY SNOWFALL OF 25.5 INCHES WAS SET ON THE
23RD...BREAKING THE OLD RECORD OF 11.5 SET IN 1935. THIS IS ALSO THE
RECORD HIGHEST ALL-TIME SINGLE DAY SNOWFALL AMOUNT...BREAKING THE
OLD RECORD OF 23.3 INCHES SET ON JANUARY 28TH 1922.

A PRELIMINARY STORM TOTAL SNOWFALL OF 29.2 INCHES ON THE 22ND-23RD
WOULD RANK AS THE LARGEST SNOWSTORM ON RECORD IN BALTIMORE MD.

$$

DH/SMZ
