000
CXUS51 KLWX 012130 RRB
CLMBWI

CLIMATE REPORT
NATIONAL WEATHER SERVICE BALTIMORE MD/WASHINGTON DC
530 PM EDT SUN OCT 1 2017

...................................

...THE BALTIMORE MD CLIMATE SUMMARY FOR THE MONTH OF SEPTEMBER 2017...

CLIMATE NORMAL PERIOD 1981 TO 2010
CLIMATE RECORD PERIOD 1871 TO 2017

WEATHER         OBSERVED          NORMAL  DEPART  LAST YEAR`S
                 VALUE   DATE(S)  VALUE   FROM    VALUE
                                          NORMAL
.............................................................
TEMPERATURE (F)
RECORD
 HIGH             101   09/07/1881
 LOW               35   09/25/1963
HIGHEST            90   09/27        92      -2
                        09/24
LOWEST             49   09/29        43       6
                        09/08
AVG. MAXIMUM     79.1              77.9     1.2       MM
AVG. MINIMUM     59.2              57.6     1.6       MM
MEAN             69.1              67.8     1.3
DAYS MAX >= 90      2               1.7     0.3
DAYS MAX <= 32      0               0.0     0.0
DAYS MIN <= 32      0               0.0     0.0
DAYS MIN <= 0       0               0.0     0.0

PRECIPITATION (INCHES)
RECORD
 MAXIMUM        13.32   2011
 MINIMUM         0.09   1884
TOTALS           1.95              4.03   -2.08       MM
DAILY AVG.       0.07              0.13   -0.06
DAYS >= .01         7               8.5    -1.5
DAYS >= .10         4               5.5    -1.5
DAYS >= .50         2               2.5    -0.5
DAYS >= 1.00        0               1.0    -1.0
GREATEST
 24 HR. TOTAL    0.69   09/02 TO 09/02

DEGREE_DAYS
HEATING TOTAL      28                52     -24       MM
 SINCE 7/1         28                53     -25       MM
COOLING TOTAL     159               135      24       MM
 SINCE 1/1       1251              1145     106       MM
..............................................................

WIND (MPH)
AVERAGE WIND SPEED              5.3
HIGHEST WIND SPEED/DIRECTION    30/300    DATE  09/05
HIGHEST GUST SPEED/DIRECTION    35/300    DATE  09/05

SKY COVER
POSSIBLE SUNSHINE (PERCENT)   MM
AVERAGE SKY COVER           0.50
NUMBER OF DAYS FAIR            7
NUMBER OF DAYS PC             16
NUMBER OF DAYS CLOUDY          7

AVERAGE RH (PERCENT)     74

WEATHER CONDITIONS. NUMBER OF DAYS WITH
THUNDERSTORM              2     MIXED PRECIP               0
HEAVY RAIN                3     RAIN                       3
LIGHT RAIN                9     FREEZING RAIN              0
LT FREEZING RAIN          0     HAIL                       0
HEAVY SNOW                0     SNOW                       0
LIGHT SNOW                0     SLEET                      0
FOG                       9     FOG W/VIS <= 1/4 MILE      0
HAZE                      1

-  INDICATES NEGATIVE NUMBERS.
R  INDICATES RECORD WAS SET OR TIED.
MM INDICATES DATA IS MISSING.
T  INDICATES TRACE AMOUNT.

&&

BALTIMORE MD...BALTIMORE-WASHINGTON INTERNATIONAL THURGOOD
MARSHALL AIRPORT...

THE MONTHLY AVERAGE TEMPERATURE WAS ABOVE NORMAL. MONTHLY
PRECIPITATION WAS WELL BELOW NORMAL.

THE FIRST THIRD OF THE MONTH RANKED AS THE 2ND COOLEST START TO
SEPTEMBER ON RECORD. SEPTEMBER 1-10 1883 WAS THE COOLEST.

A RECORD DAILY COOL HIGH TEMPERATURE OF 63 DEGREES WAS SET ON THE
2ND. THIS BROKE THE PREVIOUS RECORD OF 64 SET IN 1935.

CLIMATE RECORDS FOR THE BALTIMORE MD AREA HAVE BEEN KEPT AT
BALTIMORE-WASHINGTON INTERNATIONAL THURGOOD MARSHALL AIRPORT SINCE
1950. ADDITIONAL TEMPERATURE RECORDS OBSERVED DOWNTOWN EXTEND BACK
TO JULY OF 1872. PRECIPITATION RECORDS EXTEND BACK TO JANUARY OF
1871. SNOWFALL RECORDS BEGAN IN MARCH OF 1892.

ALL CLIMATE DATA ARE CONSIDERED PRELIMINARY UNTIL REVIEWED BY THE
NATIONAL CENTERS FOR ENVIRONMENTAL INFORMATION (NCEI).

$$

DH/HTS
